{"id":4534,"date":"2021-02-11T16:41:09","date_gmt":"2021-02-11T15:41:09","guid":{"rendered":"http:\/\/agora.xtec.cat\/escolapalaudametlla\/?page_id=4534"},"modified":"2026-02-26T10:19:24","modified_gmt":"2026-02-26T09:19:24","slug":"preinscripcio-i-matricula","status":"publish","type":"page","link":"https:\/\/agora.xtec.cat\/escolapalaudametlla\/lescola\/preinscripcio-i-matricula\/","title":{"rendered":"PREINSCRIPCI\u00d3 I MATR\u00cdCULA 26-27"},"content":{"rendered":"<p><a href=\"https:\/\/agora.xtec.cat\/escolapalaudametlla\/wp-content\/uploads\/usu1214\/2026\/02\/Preinscripcio.jpg\"><img loading=\"lazy\" decoding=\"async\" class=\"alignnone size-full wp-image-9227\" src=\"https:\/\/agora.xtec.cat\/escolapalaudametlla\/wp-content\/uploads\/usu1214\/2026\/02\/Preinscripcio.jpg\" alt=\"\" width=\"849\" height=\"485\" srcset=\"https:\/\/agora.xtec.cat\/escolapalaudametlla\/wp-content\/uploads\/usu1214\/2026\/02\/Preinscripcio.jpg 849w, https:\/\/agora.xtec.cat\/escolapalaudametlla\/wp-content\/uploads\/usu1214\/2026\/02\/Preinscripcio-300x171.jpg 300w, https:\/\/agora.xtec.cat\/escolapalaudametlla\/wp-content\/uploads\/usu1214\/2026\/02\/Preinscripcio-768x439.jpg 768w\" sizes=\"auto, (max-width: 849px) 100vw, 849px\" \/><\/a><\/p>\n<p>El proper dia 4 de mar\u00e7 de 2026 comen\u00e7a el per\u00edode de preinscripci\u00f3 als ensenyaments de segon cicle d&#8217;Educaci\u00f3 Infantil i Educaci\u00f3 Prim\u00e0ria als centres sufragats amb fons p\u00fablics.<\/p>\n<p>L\u2019objectiu d\u2019aquestes jornades \u00e9s informar les fam\u00edlies perqu\u00e8 puguin escollir el centre que considerin m\u00e9s adequat per als seus fills i filles. Aquestes jornades tamb\u00e9 s\u00f3n l\u2019inici de la relaci\u00f3 entre la fam\u00edlia i el centre\u00a0i s\u00f3n un el punt de partida de la integraci\u00f3 i la participaci\u00f3 activa en la comunitat educativa dels centres.<\/p>\n<p>M\u00e9s informaci\u00f3 : <a href=\"https:\/\/preinscripcio.gencat.cat\/ca\/inici\">https:\/\/preinscripcio.gencat.cat\/ca\/inici<\/a><\/p>\n<h3><\/h3>\n<p><a href=\"https:\/\/agora.xtec.cat\/escolapalaudametlla\/wp-content\/uploads\/usu1214\/2026\/02\/Anunci-Portes-Obertes-26-27.jpg\"><img loading=\"lazy\" decoding=\"async\" class=\"alignnone size-large wp-image-9228\" src=\"https:\/\/agora.xtec.cat\/escolapalaudametlla\/wp-content\/uploads\/usu1214\/2026\/02\/Anunci-Portes-Obertes-26-27-819x1024.jpg\" alt=\"\" width=\"819\" height=\"1024\" srcset=\"https:\/\/agora.xtec.cat\/escolapalaudametlla\/wp-content\/uploads\/usu1214\/2026\/02\/Anunci-Portes-Obertes-26-27-819x1024.jpg 819w, https:\/\/agora.xtec.cat\/escolapalaudametlla\/wp-content\/uploads\/usu1214\/2026\/02\/Anunci-Portes-Obertes-26-27-240x300.jpg 240w, https:\/\/agora.xtec.cat\/escolapalaudametlla\/wp-content\/uploads\/usu1214\/2026\/02\/Anunci-Portes-Obertes-26-27-768x960.jpg 768w, https:\/\/agora.xtec.cat\/escolapalaudametlla\/wp-content\/uploads\/usu1214\/2026\/02\/Anunci-Portes-Obertes-26-27.jpg 1080w\" sizes=\"auto, (max-width: 819px) 100vw, 819px\" \/><\/a><\/p>\n<p>&nbsp;<\/p>\n<p>&nbsp;<\/p>\n<p>Per poder organitzar millor aquestes visites preguem que truqueu a l&#8217;escola <strong>935682035<\/strong> o b\u00e9 escriviu un correu electr\u00f2nic a <strong>a8068410@xtec.cat<\/strong> indicant les persones que vindreu.<\/p>\n<p>&nbsp;<\/p>\n","protected":false},"excerpt":{"rendered":"<p><a href=\"https:\/\/agora.xtec.cat\/escolapalaudametlla\/wp-content\/uploads\/usu1214\/2026\/02\/Preinscripcio.jpg\"><\/a><br \/>\nEl proper dia 4 de mar\u00e7 de 2026 comen\u00e7a el per\u00edode de preinscripci\u00f3 als ensenyaments de segon cicle d&#8217;Educaci\u00f3 Infantil i Educaci\u00f3 Prim\u00e0ria als centres sufragats amb fons p\u00fablics.<br \/>\nL\u2019objectiu d\u2019aquestes jornades \u00e9s informar les fam\u00edlies perqu\u00e8 puguin escollir el centre que considerin m\u00e9s adequat&hellip;  <a href=\"https:\/\/agora.xtec.cat\/escolapalaudametlla\/lescola\/preinscripcio-i-matricula\/\" title=\"Read PREINSCRIPCI\u00d3 I MATR\u00cdCULA 26-27\">Llegeix m\u00e9s\u00bb<\/a><\/p>\n","protected":false},"author":20,"featured_media":0,"parent":22,"menu_order":7,"comment_status":"closed","ping_status":"closed","template":"page-templates\/side-menu.php","meta":{"_bbp_topic_count":0,"_bbp_reply_count":0,"_bbp_total_topic_count":0,"_bbp_total_reply_count":0,"_bbp_voice_count":0,"_bbp_anonymous_reply_count":0,"_bbp_topic_count_hidden":0,"_bbp_reply_count_hidden":0,"_bbp_forum_subforum_count":0,"footnotes":""},"class_list":["post-4534","page","type-page","status-publish","hentry"],"post_mailing_queue_ids":[],"_links":{"self":[{"href":"https:\/\/agora.xtec.cat\/escolapalaudametlla\/wp-json\/wp\/v2\/pages\/4534","targetHints":{"allow":["GET"]}}],"collection":[{"href":"https:\/\/agora.xtec.cat\/escolapalaudametlla\/wp-json\/wp\/v2\/pages"}],"about":[{"href":"https:\/\/agora.xtec.cat\/escolapalaudametlla\/wp-json\/wp\/v2\/types\/page"}],"author":[{"embeddable":true,"href":"https:\/\/agora.xtec.cat\/escolapalaudametlla\/wp-json\/wp\/v2\/users\/20"}],"replies":[{"embeddable":true,"href":"https:\/\/agora.xtec.cat\/escolapalaudametlla\/wp-json\/wp\/v2\/comments?post=4534"}],"version-history":[{"count":7,"href":"https:\/\/agora.xtec.cat\/escolapalaudametlla\/wp-json\/wp\/v2\/pages\/4534\/revisions"}],"predecessor-version":[{"id":9231,"href":"https:\/\/agora.xtec.cat\/escolapalaudametlla\/wp-json\/wp\/v2\/pages\/4534\/revisions\/9231"}],"up":[{"embeddable":true,"href":"https:\/\/agora.xtec.cat\/escolapalaudametlla\/wp-json\/wp\/v2\/pages\/22"}],"wp:attachment":[{"href":"https:\/\/agora.xtec.cat\/escolapalaudametlla\/wp-json\/wp\/v2\/media?parent=4534"}],"curies":[{"name":"wp","href":"https:\/\/api.w.org\/{rel}","templated":true}]}}