{"id":26,"date":"2014-09-18T12:24:32","date_gmt":"2014-09-18T11:24:32","guid":{"rendered":"http:\/\/agora.xtec.cat\/escolapalaudametlla\/?page_id=26"},"modified":"2026-02-26T11:38:17","modified_gmt":"2026-02-26T10:38:17","slug":"historia","status":"publish","type":"page","link":"https:\/\/agora.xtec.cat\/escolapalaudametlla\/lescola\/historia\/","title":{"rendered":"Hist\u00f2ria"},"content":{"rendered":"<p>L&#8217;<strong>Escola Palau d&#8217;Ametlla<\/strong> neix de la necessitat d&#8217;encabir tot l&#8217;alumnat del municipi, donat que amb les 4 escoles p\u00fabliques existents en aquell moment no hi havia prou espai .<\/p>\n<p>Aix\u00ed el primer curs nom\u00e9s hi convivien els alumnes de P3 i P4 que no havien pogut absorbir la resta d&#8217;escoles. Despr\u00e9s durant els seg\u00fcents 7 cursos el centre va anar creixent fins a completar tota l&#8217;escolaritat l&#8217;any 2016, primer any que surt del Palau la primera promoci\u00f3 d&#8217;alumnes de 6\u00e8 cap als instituts de Montorn\u00e8s .<\/p>\n<p>Des del 2n trimestre del curs 2018-2019 el centre est\u00e0 ubicat al nou edifici del Carrer Can Parera, 1.<\/p>\n<p>Actualment el centre t\u00e9 matriculats<strong> 198 alumnes<\/strong> repartits entre Educaci\u00f3 Infantil i Prim\u00e0ria, a m\u00e9s hi treballa una plantilla de <strong>18 professors\/es, una administrativa, una conserge, una vetlladora i una TEI<\/strong>.<\/p>\n<p>Al centre tamb\u00e9 s&#8217;ofereixen els <strong>serveis d&#8217;acollida matinal i menjador<\/strong> amb un equip format per coordinadora, cuinera, ajudant de cuina, junt amb el grup d&#8217;educadores que s&#8217;encarreguen de les activitats extraescolars que es realitzen cada dia de la setmana.<\/p>\n<p>Tots i totes som els encarregats d&#8217;ensenyar, educar i fer cr\u00e9ixer a tots\/es els alumnes que les seves fam\u00edlies ens han confiat per formar-los com a persones responsables i respectuoses del futur del nostre municipi.<\/p>\n<p>&nbsp;<\/p>\n<p>&nbsp;<\/p>\n","protected":false},"excerpt":{"rendered":"<p>L&#8217;Escola Palau d&#8217;Ametlla neix de la necessitat d&#8217;encabir tot l&#8217;alumnat del municipi, donat que amb les 4 escoles p\u00fabliques existents en aquell moment no hi havia prou espai .<br \/>\nAix\u00ed el primer curs nom\u00e9s hi convivien els alumnes de P3 i P4 que no havien pogut&hellip;  <a href=\"https:\/\/agora.xtec.cat\/escolapalaudametlla\/lescola\/historia\/\" title=\"Read Hist\u00f2ria\">Llegeix m\u00e9s\u00bb<\/a><\/p>\n","protected":false},"author":1,"featured_media":0,"parent":22,"menu_order":20,"comment_status":"closed","ping_status":"closed","template":"page-templates\/side-menu.php","meta":{"_bbp_topic_count":0,"_bbp_reply_count":0,"_bbp_total_topic_count":0,"_bbp_total_reply_count":0,"_bbp_voice_count":0,"_bbp_anonymous_reply_count":0,"_bbp_topic_count_hidden":0,"_bbp_reply_count_hidden":0,"_bbp_forum_subforum_count":0,"footnotes":""},"class_list":["post-26","page","type-page","status-publish","hentry"],"post_mailing_queue_ids":[],"_links":{"self":[{"href":"https:\/\/agora.xtec.cat\/escolapalaudametlla\/wp-json\/wp\/v2\/pages\/26","targetHints":{"allow":["GET"]}}],"collection":[{"href":"https:\/\/agora.xtec.cat\/escolapalaudametlla\/wp-json\/wp\/v2\/pages"}],"about":[{"href":"https:\/\/agora.xtec.cat\/escolapalaudametlla\/wp-json\/wp\/v2\/types\/page"}],"author":[{"embeddable":true,"href":"https:\/\/agora.xtec.cat\/escolapalaudametlla\/wp-json\/wp\/v2\/users\/1"}],"replies":[{"embeddable":true,"href":"https:\/\/agora.xtec.cat\/escolapalaudametlla\/wp-json\/wp\/v2\/comments?post=26"}],"version-history":[{"count":6,"href":"https:\/\/agora.xtec.cat\/escolapalaudametlla\/wp-json\/wp\/v2\/pages\/26\/revisions"}],"predecessor-version":[{"id":9256,"href":"https:\/\/agora.xtec.cat\/escolapalaudametlla\/wp-json\/wp\/v2\/pages\/26\/revisions\/9256"}],"up":[{"embeddable":true,"href":"https:\/\/agora.xtec.cat\/escolapalaudametlla\/wp-json\/wp\/v2\/pages\/22"}],"wp:attachment":[{"href":"https:\/\/agora.xtec.cat\/escolapalaudametlla\/wp-json\/wp\/v2\/media?parent=26"}],"curies":[{"name":"wp","href":"https:\/\/api.w.org\/{rel}","templated":true}]}}