{"id":571,"date":"2017-02-10T09:46:36","date_gmt":"2017-02-10T08:46:36","guid":{"rendered":"http:\/\/agora.xtec.cat\/ceippalau\/?page_id=571"},"modified":"2023-07-21T11:12:20","modified_gmt":"2023-07-21T09:12:20","slug":"pla-lector","status":"publish","type":"page","link":"https:\/\/agora.xtec.cat\/escolapalau\/projectes-pedagogics\/pla-lector\/","title":{"rendered":"Pla lector"},"content":{"rendered":"<p>Una de les activitats dins el Pla lector que realitza l\u2019escola \u00e9s la visita d\u2019 autor. L\u2019objectiu \u00e9s fomentar la lectura, millorar la comprensi\u00f3, estimular i potenciar l\u2019activitat lectora i per tant el coneixement de la llengua.<\/p>\n<p>A final de cicle, es proposa a tot el grup classe la lectura d\u2019un llibre. A partir d\u2019aquesta es fan diferents activitats. Un cop treballat el llibre, es convida l\u2019autor a compartir una sessi\u00f3 amb el grup d\u2019alumnes.<\/p>\n<p>Aquestes visites brinden una oportunitat de posar en contacte els nens\/es amb els escriptors i con\u00e8ixer el m\u00f3n de la creaci\u00f3 liter\u00e0ria de primera m\u00e0. Es tracta que els alumnes puguin con\u00e8ixer de prop els creadors i el seu m\u00f3n, la qual cosa afavoreix el di\u00e0leg i l\u2019intercanvi d\u2019idees. Aquesta experi\u00e8ncia \u00e9s molt enriquidora ja que poden parlar i fer preguntes a l\u2019 autor de l\u2019obra que han llegit, aix\u00f2 els aporta una visi\u00f3 m\u00e9s \u00e0mplia i completa del llibre i d\u2019altra banda, l\u2019escriptor t\u00e9 l\u2019oportunitat de descobrir les reaccions dels seus lectors davant la seva obra.<\/p>\n<p><iframe loading=\"lazy\" src=\"\/\/www.slideshare.net\/slideshow\/embed_code\/key\/AZa9RNgobtBmds\" width=\"446\" height=\"363\" frameborder=\"0\"> <\/iframe><\/p>\n<p>Una altra de les activitats que es fan dins del Pla lector \u00e9s l\u2019<strong>Apadrinament<\/strong> entre els alumnes de cinqu\u00e8 i els alumnes de primer: els nois\/es m\u00e9s grans s\u00f3n els padrins lectors dels nois\/es m\u00e9s petits, que s\u00f3n els fillols.<\/p>\n<p>L\u2019apadrinament lector es porta a terme un dia al mes i l\u2019activitat consisteix en fomentar la lectura per grans i petits&#8230; Per aquest motiu, el padr\u00ed es prepara una lectura d\u2019un conte, poema, c\u00f2mic&#8230; amb el seu tutor\/a, posant especial inter\u00e8s en la lectura expressiva en veu alta. Per altra banda, el fillol \u00a0escolta al seu padr\u00ed i a mida que millora el seu proc\u00e9s lector, tamb\u00e9 llegir\u00e0 una part del text al seu padr\u00ed.<\/p>\n<p><iframe loading=\"lazy\" src=\"\/\/www.slideshare.net\/slideshow\/embed_code\/key\/cyHytadXB1C9iw\" width=\"446\" height=\"363\" frameborder=\"0\"> <\/iframe><\/p>\n<p>&nbsp;<\/p>\n<h2 style=\"text-align: left;\">Pel curs 2023-24 llegim tots junts\u2026\u200b<\/h2>\n<p>&nbsp;<\/p>\n<table style=\"width: 1003px; height: 1217px;\">\n<tbody>\n<tr style=\"height: 31px;\">\n<td style=\"height: 31px; width: 997px;\">\n<h1 style=\"text-align: center;\">2n<\/h1>\n<\/td>\n<\/tr>\n<tr style=\"height: 342px;\">\n<td style=\"height: 371px; width: 997px;\">\u00a0 \u00a0 \u00a0 <a href=\"https:\/\/agora.xtec.cat\/escolapalau\/wp-content\/uploads\/usu367\/2019\/09\/contesb_1r.jpg\">\u00a0 \u00a0 \u00a0 \u00a0 \u00a0 \u00a0\u00a0<\/a><\/p>\n<p><img loading=\"lazy\" decoding=\"async\" class=\"aligncenter\" src=\"https:\/\/imagessl2.casadellibro.com\/a\/l\/t5\/12\/9788447919512.jpg\" alt=\"el petit sant jordi-joan francesc delgado-9788447919512\" width=\"264\" height=\"412\" \/><\/p>\n<p>&nbsp;<\/p>\n<p>&nbsp;<\/p>\n<table style=\"border-collapse: collapse; width: 102.443%; height: 429px;\" border=\"1\">\n<tbody>\n<tr style=\"height: 74px;\">\n<td style=\"width: 111.671%; text-align: center; height: 74px;\">\n<h1 style=\"text-align: center;\">3r<\/h1>\n<\/td>\n<td style=\"width: 1.00301%; height: 74px;\">\n<h1 style=\"text-align: center;\"><\/h1>\n<\/td>\n<\/tr>\n<tr>\n<td style=\"width: 111.671%; text-align: left;\"><a href=\"https:\/\/agora.xtec.cat\/escolapalau\/wp-content\/uploads\/usu367\/2019\/09\/Com-seda-blava.jpg\">\u00a0 \u00a0 \u00a0 \u00a0 \u00a0 \u00a0 \u00a0 \u00a0 <\/a><a href=\"https:\/\/agora.xtec.cat\/escolapalau\/wp-content\/uploads\/usu367\/2019\/09\/En-Quim.jpg\"> \u00a0<\/a><\/td>\n<td style=\"width: 1.00301%;\">\n<h1 style=\"text-align: center;\"><\/h1>\n<\/td>\n<\/tr>\n<\/tbody>\n<\/table>\n<\/td>\n<\/tr>\n<tr style=\"height: 31px;\">\n<td style=\"height: 31px; width: 997px;\"><\/td>\n<\/tr>\n<tr style=\"height: 31px;\">\n<td style=\"height: 31px; width: 997px;\"><\/td>\n<\/tr>\n<tr>\n<td style=\"width: 997px; text-align: center;\">\n<h1 style=\"text-align: center;\">4t<\/h1>\n<\/td>\n<\/tr>\n<tr>\n<td style=\"width: 997px; text-align: center;\">\n<h1 style=\"text-align: center;\"><a href=\"https:\/\/agora.xtec.cat\/escolapalau\/wp-content\/uploads\/usu367\/2017\/02\/mascotes_extraordinaries.jpg\"><img loading=\"lazy\" decoding=\"async\" class=\"alignnone wp-image-8942\" src=\"https:\/\/agora.xtec.cat\/escolapalau\/wp-content\/uploads\/usu367\/2017\/02\/mascotes_extraordinaries-661x1024.jpg\" alt=\"\" width=\"310\" height=\"480\" srcset=\"https:\/\/agora.xtec.cat\/escolapalau\/wp-content\/uploads\/usu367\/2017\/02\/mascotes_extraordinaries-661x1024.jpg 661w, https:\/\/agora.xtec.cat\/escolapalau\/wp-content\/uploads\/usu367\/2017\/02\/mascotes_extraordinaries-194x300.jpg 194w, https:\/\/agora.xtec.cat\/escolapalau\/wp-content\/uploads\/usu367\/2017\/02\/mascotes_extraordinaries-768x1190.jpg 768w, https:\/\/agora.xtec.cat\/escolapalau\/wp-content\/uploads\/usu367\/2017\/02\/mascotes_extraordinaries.jpg 1000w\" sizes=\"auto, (max-width: 310px) 100vw, 310px\" \/><\/a><\/h1>\n<\/td>\n<\/tr>\n<tr style=\"height: 31px;\">\n<td style=\"height: 31px; width: 997px;\">\n<h1 style=\"text-align: center;\">5\u00e8<\/h1>\n<\/td>\n<\/tr>\n<tr style=\"height: 31px;\">\n<td style=\"height: 31px; width: 997px;\">\u00a0<a href=\"http:\/\/agora.xtec.cat\/escolapalau\/wp-content\/uploads\/usu367\/2017\/02\/5\u00e8b.jpg\"><img loading=\"lazy\" decoding=\"async\" class=\"wp-image-8945 aligncenter\" src=\"http:\/\/agora.xtec.cat\/escolapalau\/wp-content\/uploads\/usu367\/2017\/02\/5\u00e8b-649x1024.jpg\" alt=\"\" width=\"300\" height=\"473\" srcset=\"https:\/\/agora.xtec.cat\/escolapalau\/wp-content\/uploads\/usu367\/2017\/02\/5\u00e8b-649x1024.jpg 649w, https:\/\/agora.xtec.cat\/escolapalau\/wp-content\/uploads\/usu367\/2017\/02\/5\u00e8b-190x300.jpg 190w, https:\/\/agora.xtec.cat\/escolapalau\/wp-content\/uploads\/usu367\/2017\/02\/5\u00e8b.jpg 748w\" sizes=\"auto, (max-width: 300px) 100vw, 300px\" \/><\/a><\/p>\n<p>&nbsp;<\/td>\n<\/tr>\n<tr style=\"height: 52px;\">\n<td style=\"width: 997px; height: 52px;\">\n<h1 style=\"text-align: center;\">6\u00e8<\/h1>\n<\/td>\n<\/tr>\n<tr style=\"height: 639px;\">\n<td style=\"width: 997px; height: 639px;\"><a href=\"https:\/\/agora.xtec.cat\/escolapalau\/wp-content\/uploads\/usu367\/2019\/09\/contes-numerics.jpg\">\u00a0 \u00a0 \u00a0 \u00a0 <\/a>\u00a0 \u00a0 \u00a0 \u00a0 \u00a0 <img loading=\"lazy\" decoding=\"async\" class=\"aligncenter\" src=\"https:\/\/promo.ara.cat\/images\/especial\/palacio\/Wonder.png?hash=1sd13\" alt=\"undefined\" width=\"703\" height=\"517\" \/><\/p>\n<h1 style=\"text-align: left;\"><\/h1>\n<\/td>\n<\/tr>\n<\/tbody>\n<\/table>\n","protected":false},"excerpt":{"rendered":"<p>Una de les activitats dins el Pla lector que realitza l\u2019escola \u00e9s la visita d\u2019 autor. L\u2019objectiu \u00e9s fomentar la lectura, millorar la comprensi\u00f3, estimular i potenciar l\u2019activitat lectora i per tant el coneixement de la llengua.<br \/>\nA final de cicle, es proposa a tot el&hellip;  <a href=\"https:\/\/agora.xtec.cat\/escolapalau\/projectes-pedagogics\/pla-lector\/\" title=\"Read Pla lector\">Llegeix m\u00e9s\u00bb<\/a><\/p>\n","protected":false},"author":1,"featured_media":0,"parent":591,"menu_order":3,"comment_status":"closed","ping_status":"closed","template":"page-templates\/side-menu.php","meta":{"_bbp_topic_count":0,"_bbp_reply_count":0,"_bbp_total_topic_count":0,"_bbp_total_reply_count":0,"_bbp_voice_count":0,"_bbp_anonymous_reply_count":0,"_bbp_topic_count_hidden":0,"_bbp_reply_count_hidden":0,"_bbp_forum_subforum_count":0,"footnotes":""},"class_list":["post-571","page","type-page","status-publish","hentry"],"post_mailing_queue_ids":[],"_links":{"self":[{"href":"https:\/\/agora.xtec.cat\/escolapalau\/wp-json\/wp\/v2\/pages\/571","targetHints":{"allow":["GET"]}}],"collection":[{"href":"https:\/\/agora.xtec.cat\/escolapalau\/wp-json\/wp\/v2\/pages"}],"about":[{"href":"https:\/\/agora.xtec.cat\/escolapalau\/wp-json\/wp\/v2\/types\/page"}],"author":[{"embeddable":true,"href":"https:\/\/agora.xtec.cat\/escolapalau\/wp-json\/wp\/v2\/users\/1"}],"replies":[{"embeddable":true,"href":"https:\/\/agora.xtec.cat\/escolapalau\/wp-json\/wp\/v2\/comments?post=571"}],"version-history":[{"count":4,"href":"https:\/\/agora.xtec.cat\/escolapalau\/wp-json\/wp\/v2\/pages\/571\/revisions"}],"predecessor-version":[{"id":12231,"href":"https:\/\/agora.xtec.cat\/escolapalau\/wp-json\/wp\/v2\/pages\/571\/revisions\/12231"}],"up":[{"embeddable":true,"href":"https:\/\/agora.xtec.cat\/escolapalau\/wp-json\/wp\/v2\/pages\/591"}],"wp:attachment":[{"href":"https:\/\/agora.xtec.cat\/escolapalau\/wp-json\/wp\/v2\/media?parent=571"}],"curies":[{"name":"wp","href":"https:\/\/api.w.org\/{rel}","templated":true}]}}