{"id":8482,"date":"2019-06-15T20:37:00","date_gmt":"2019-06-15T18:37:00","guid":{"rendered":"http:\/\/agora.xtec.cat\/escolapaisoscatalans\/?page_id=8482"},"modified":"2020-08-03T11:24:15","modified_gmt":"2020-08-03T09:24:15","slug":"dret-dimatge","status":"publish","type":"page","link":"https:\/\/agora.xtec.cat\/escolapaisoscatalans\/documents-descola\/circulars-families\/dret-dimatge\/","title":{"rendered":"Dret d&#8217;imatge"},"content":{"rendered":"<p style=\"text-align: justify;\"><span style=\"color: #008080;\">El centre disposa d&#8217;espais de comunicaci\u00f3 i difusi\u00f3, inclosos els espais web, on informa i fa la difusi\u00f3 de les activitats escolars lectives, complement\u00e0ries i extraescolars.<\/span><\/p>\n<p style=\"text-align: justify;\"><span style=\"color: #008080;\">En aquests espais es poden publicar imatges en qu\u00e8 apareguin, individualment o en grup, alumnes que fan les activitats esmentades.<\/span><\/p>\n<p style=\"text-align: justify;\"><span style=\"color: #008080;\">At\u00e8s que el dret a la pr\u00f2pia imatge \u00e9s reconegut en l&#8217;article 18.1 de la Constituci\u00f3 espanyola i est\u00e0 regulat per la Llei org\u00e0nica 1\/1982, de 5 de maig, sobre dret a l&#8217;honor, a la intimitat i a la pr\u00f2pia imatge, la direcci\u00f3 del centre ha de demanar el consentiment als pares, mares o tutors legals per publicar fotografies i v\u00eddeos on apareguin els seus fills i filles i hi siguin clarament identificables.<\/span><\/p>\n<p><a href=\"https:\/\/agora.xtec.cat\/escolapaisoscatalans\/wp-content\/uploads\/usu491\/2020\/08\/AUTORITZACI\u00d3-IMATGE-20-21.pdf\"><img loading=\"lazy\" decoding=\"async\" class=\"wp-image-14647 size-full alignleft\" src=\"https:\/\/agora.xtec.cat\/escolapaisoscatalans\/wp-content\/uploads\/usu491\/2020\/07\/Imatge.jpg\" alt=\"\" width=\"664\" height=\"117\" srcset=\"https:\/\/agora.xtec.cat\/escolapaisoscatalans\/wp-content\/uploads\/usu491\/2020\/07\/Imatge.jpg 664w, https:\/\/agora.xtec.cat\/escolapaisoscatalans\/wp-content\/uploads\/usu491\/2020\/07\/Imatge-300x53.jpg 300w\" sizes=\"auto, (max-width: 664px) 100vw, 664px\" \/><\/a><\/p>\n<p>&nbsp;<\/p>\n<p>&nbsp;<\/p>\n<p>&nbsp;<\/p>\n","protected":false},"excerpt":{"rendered":"<p>El centre disposa d&#8217;espais de comunicaci\u00f3 i difusi\u00f3, inclosos els espais web, on informa i fa la difusi\u00f3 de les activitats escolars lectives, complement\u00e0ries i extraescolars.<br \/>\nEn aquests espais es poden publicar imatges en qu\u00e8 apareguin, individualment o en grup, alumnes que fan les activitats esmentades.<br \/>\nAt\u00e8s&hellip;  <a href=\"https:\/\/agora.xtec.cat\/escolapaisoscatalans\/documents-descola\/circulars-families\/dret-dimatge\/\" title=\"Read Dret d&#8217;imatge\">Llegeix m\u00e9s\u00bb<\/a><\/p>\n","protected":false},"author":1,"featured_media":0,"parent":8507,"menu_order":24,"comment_status":"closed","ping_status":"closed","template":"page-templates\/side-menu.php","meta":{"_bbp_topic_count":0,"_bbp_reply_count":0,"_bbp_total_topic_count":0,"_bbp_total_reply_count":0,"_bbp_voice_count":0,"_bbp_anonymous_reply_count":0,"_bbp_topic_count_hidden":0,"_bbp_reply_count_hidden":0,"_bbp_forum_subforum_count":0,"footnotes":""},"class_list":["post-8482","page","type-page","status-publish","hentry"],"post_mailing_queue_ids":[],"_links":{"self":[{"href":"https:\/\/agora.xtec.cat\/escolapaisoscatalans\/wp-json\/wp\/v2\/pages\/8482","targetHints":{"allow":["GET"]}}],"collection":[{"href":"https:\/\/agora.xtec.cat\/escolapaisoscatalans\/wp-json\/wp\/v2\/pages"}],"about":[{"href":"https:\/\/agora.xtec.cat\/escolapaisoscatalans\/wp-json\/wp\/v2\/types\/page"}],"author":[{"embeddable":true,"href":"https:\/\/agora.xtec.cat\/escolapaisoscatalans\/wp-json\/wp\/v2\/users\/1"}],"replies":[{"embeddable":true,"href":"https:\/\/agora.xtec.cat\/escolapaisoscatalans\/wp-json\/wp\/v2\/comments?post=8482"}],"version-history":[{"count":3,"href":"https:\/\/agora.xtec.cat\/escolapaisoscatalans\/wp-json\/wp\/v2\/pages\/8482\/revisions"}],"predecessor-version":[{"id":14923,"href":"https:\/\/agora.xtec.cat\/escolapaisoscatalans\/wp-json\/wp\/v2\/pages\/8482\/revisions\/14923"}],"up":[{"embeddable":true,"href":"https:\/\/agora.xtec.cat\/escolapaisoscatalans\/wp-json\/wp\/v2\/pages\/8507"}],"wp:attachment":[{"href":"https:\/\/agora.xtec.cat\/escolapaisoscatalans\/wp-json\/wp\/v2\/media?parent=8482"}],"curies":[{"name":"wp","href":"https:\/\/api.w.org\/{rel}","templated":true}]}}