{"id":28,"date":"2014-09-18T12:29:35","date_gmt":"2014-09-18T12:29:35","guid":{"rendered":"http:\/\/agora.xtec.cat\/escolapaisoscatalans\/?page_id=28"},"modified":"2026-06-04T10:53:49","modified_gmt":"2026-06-04T08:53:49","slug":"consell-escolar","status":"publish","type":"page","link":"https:\/\/agora.xtec.cat\/escolapaisoscatalans\/lescola\/consell-escolar\/","title":{"rendered":"Consell escolar"},"content":{"rendered":"<p style=\"text-align: justify;\">El consell escolar del centre \u00e9s l&#8217;<strong>\u00f2rgan col\u00b7legiat de participaci\u00f3<\/strong> de la comunitat escolar en el govern del centre, on hi ha representats tots els col\u00b7lectius que intervenen en la comunitat educativa.<\/p>\n<p style=\"text-align: justify;\">La funci\u00f3 principal del consell escolar \u00e9s participar en la presa de decisions en relaci\u00f3 amb aquells temes importants per al funcionament i l&#8217;organitzaci\u00f3 del centre: el projecte educatiu, la programaci\u00f3 general, la gesti\u00f3 econ\u00f2mica, etc.<\/p>\n<p style=\"text-align: justify;\">Els membres del consell escolar s\u00f3n elegits per un per\u00edode de quatre anys i es renoven per meitats cada dos anys.<\/p>\n<p style=\"text-align: justify;\"><span style=\"font-family: inherit; font-size: 1em;\">Actualment els membres del nostre consell escolar s\u00f3n:<\/span><\/p>\n<div class=\"entry-content\" style=\"text-align: justify;\">\n<p><strong>Direcci\u00f3:<\/strong><\/p>\n<p>Adri\u00e0 L. (Director)<\/p>\n<p>Al\u00edcia C. (Cap d\u2019estudis)<\/p>\n<p>Raquel G. (Secret\u00e0ria)<\/p>\n<p><strong>Sector Mares i Pares\u00a0<\/strong><\/p>\n<p>Pilar R.<\/p>\n<p>Eduard F.<\/p>\n<p>Raquel C.<\/p>\n<p>Gl\u00f2ria L.<\/p>\n<p>Ramon R.<\/p>\n<p><strong>Representant de la junta de l\u2019AFA:<br \/>\n<\/strong><\/p>\n<p>Anabel N.<\/p>\n<p><strong>Sector Mestres<\/strong><\/p>\n<p>Chus G.<\/p>\n<p>Neus C.<\/p>\n<p>Maria B.<\/p>\n<p>N\u00faria D.<\/p>\n<p>Ram\u00f3n F.<\/p>\n<p><strong style=\"font-family: inherit; font-size: 1em;\">PAS i PAE<\/strong><\/p>\n<p>Pili L.<\/p>\n<p>Maripi R.<\/p>\n<p><strong>Representant de l\u2019Ajuntament<\/strong><\/p>\n<p>Carme V.<\/p>\n<p><strong>Acords del consell escolar presos durant el curs 25\/26:<\/strong><\/p>\n<p>Consell Escolar de 13 d&#8217;octubre de 2025<\/p>\n<ol>\n<li>S\u2019aprova l\u2019acta de la sessi\u00f3 anterior.<\/li>\n<li>S\u2019aprova el Pla Anual previst per al curs 2025-26<\/li>\n<\/ol>\n<p>Consell Escolar de 4 de desembre de 2025<\/p>\n<ol>\n<li>S\u2019aprova l\u2019acta de la sessi\u00f3 anterior.<\/li>\n<li>Es constitueix el Consell en Comissions<\/li>\n<\/ol>\n<p>Consell Escolar de 29 de gener de 2026<\/p>\n<ol>\n<li>S\u2019aprova l\u2019acta de la sessi\u00f3 anterior.<\/li>\n<li>S\u2019aprova la Liquidaci\u00f3 corresponents a l\u2019exercici 2025<\/li>\n<li>S\u2019aprova el pressupost previst per al 2026<\/li>\n<\/ol>\n<p>Consell Escolar de 25 de maig de 2026<\/p>\n<ol>\n<li>S&#8217;aprova la mem\u00f2ria del curs escolar 2025-26<\/li>\n<li>S&#8217;aprova l&#8217;horari, la jornada continua, els dies de lliure disposici\u00f3 i l&#8217;entrada esglaonada per I3.<\/li>\n<\/ol>\n<p>&nbsp;<\/p>\n<\/div>\n<p style=\"text-align: justify;\">\n","protected":false},"excerpt":{"rendered":"<p>El consell escolar del centre \u00e9s l&#8217;\u00f2rgan col\u00b7legiat de participaci\u00f3 de la comunitat escolar en el govern del centre, on hi ha representats tots els col\u00b7lectius que intervenen en la comunitat educativa. La funci\u00f3 principal del consell escolar \u00e9s participar en la presa de decisions en relaci\u00f3 amb aquells temes importants per al funcionament i [&hellip;]<\/p>\n","protected":false},"author":2,"featured_media":0,"parent":22,"menu_order":30,"comment_status":"closed","ping_status":"closed","template":"page-templates\/side-menu.php","meta":{"_bbp_topic_count":0,"_bbp_reply_count":0,"_bbp_total_topic_count":0,"_bbp_total_reply_count":0,"_bbp_voice_count":0,"_bbp_anonymous_reply_count":0,"_bbp_topic_count_hidden":0,"_bbp_reply_count_hidden":0,"_bbp_forum_subforum_count":0,"site-sidebar-layout":"default","site-content-layout":"","ast-site-content-layout":"","site-content-style":"default","site-sidebar-style":"default","ast-global-header-display":"","ast-banner-title-visibility":"","ast-main-header-display":"","ast-hfb-above-header-display":"","ast-hfb-below-header-display":"","ast-hfb-mobile-header-display":"","site-post-title":"","ast-breadcrumbs-content":"","ast-featured-img":"","footer-sml-layout":"","theme-transparent-header-meta":"","adv-header-id-meta":"","stick-header-meta":"","header-above-stick-meta":"","header-main-stick-meta":"","header-below-stick-meta":"","astra-migrate-meta-layouts":"default","ast-page-background-enabled":"default","ast-page-background-meta":{"desktop":{"background-color":"var(--ast-global-color-4)","background-image":"","background-repeat":"repeat","background-position":"center center","background-size":"auto","background-attachment":"scroll","background-type":"","background-media":"","overlay-type":"","overlay-color":"","overlay-opacity":"","overlay-gradient":""},"tablet":{"background-color":"","background-image":"","background-repeat":"repeat","background-position":"center center","background-size":"auto","background-attachment":"scroll","background-type":"","background-media":"","overlay-type":"","overlay-color":"","overlay-opacity":"","overlay-gradient":""},"mobile":{"background-color":"","background-image":"","background-repeat":"repeat","background-position":"center center","background-size":"auto","background-attachment":"scroll","background-type":"","background-media":"","overlay-type":"","overlay-color":"","overlay-opacity":"","overlay-gradient":""}},"ast-content-background-meta":{"desktop":{"background-color":"var(--ast-global-color-5)","background-image":"","background-repeat":"repeat","background-position":"center center","background-size":"auto","background-attachment":"scroll","background-type":"","background-media":"","overlay-type":"","overlay-color":"","overlay-opacity":"","overlay-gradient":""},"tablet":{"background-color":"var(--ast-global-color-5)","background-image":"","background-repeat":"repeat","background-position":"center center","background-size":"auto","background-attachment":"scroll","background-type":"","background-media":"","overlay-type":"","overlay-color":"","overlay-opacity":"","overlay-gradient":""},"mobile":{"background-color":"var(--ast-global-color-5)","background-image":"","background-repeat":"repeat","background-position":"center center","background-size":"auto","background-attachment":"scroll","background-type":"","background-media":"","overlay-type":"","overlay-color":"","overlay-opacity":"","overlay-gradient":""}},"footnotes":""},"class_list":["post-28","page","type-page","status-publish","hentry"],"post_mailing_queue_ids":[],"_links":{"self":[{"href":"https:\/\/agora.xtec.cat\/escolapaisoscatalans\/wp-json\/wp\/v2\/pages\/28","targetHints":{"allow":["GET"]}}],"collection":[{"href":"https:\/\/agora.xtec.cat\/escolapaisoscatalans\/wp-json\/wp\/v2\/pages"}],"about":[{"href":"https:\/\/agora.xtec.cat\/escolapaisoscatalans\/wp-json\/wp\/v2\/types\/page"}],"author":[{"embeddable":true,"href":"https:\/\/agora.xtec.cat\/escolapaisoscatalans\/wp-json\/wp\/v2\/users\/2"}],"replies":[{"embeddable":true,"href":"https:\/\/agora.xtec.cat\/escolapaisoscatalans\/wp-json\/wp\/v2\/comments?post=28"}],"version-history":[{"count":6,"href":"https:\/\/agora.xtec.cat\/escolapaisoscatalans\/wp-json\/wp\/v2\/pages\/28\/revisions"}],"predecessor-version":[{"id":41237,"href":"https:\/\/agora.xtec.cat\/escolapaisoscatalans\/wp-json\/wp\/v2\/pages\/28\/revisions\/41237"}],"up":[{"embeddable":true,"href":"https:\/\/agora.xtec.cat\/escolapaisoscatalans\/wp-json\/wp\/v2\/pages\/22"}],"wp:attachment":[{"href":"https:\/\/agora.xtec.cat\/escolapaisoscatalans\/wp-json\/wp\/v2\/media?parent=28"}],"curies":[{"name":"wp","href":"https:\/\/api.w.org\/{rel}","templated":true}]}}

<p style="text-align: justify;">El consell escolar del centre és l&#8217;<strong>òrgan col·legiat de participació</strong> de la comunitat escolar en el govern del centre, on hi ha representats tots els col·lectius que intervenen en la comunitat educativa.</p>
<p style="text-align: justify;">La funció principal del consell escolar és participar en la presa de decisions en relació amb aquells temes importants per al funcionament i l&#8217;organització del centre: el projecte educatiu, la programació general, la gestió econòmica, etc.</p>
<p style="text-align: justify;">Els membres del consell escolar són elegits per un període de quatre anys i es renoven per meitats cada dos anys.</p>
<p style="text-align: justify;"><span style="font-family: inherit; font-size: 1em;">Actualment els membres del nostre consell escolar són:</span></p>
<div class="entry-content" style="text-align: justify;">
<p><strong>Direcció:</strong></p>
<p>Adrià L. (Director)</p>
<p>Alícia C. (Cap d’estudis)</p>
<p>Raquel G. (Secretària)</p>
<p><strong>Sector Mares i Pares </strong></p>
<p>Pilar R.</p>
<p>Eduard F.</p>
<p>Raquel C.</p>
<p>Glòria L.</p>
<p>Ramon R.</p>
<p><strong>Representant de la junta de l’AFA:<br />
</strong></p>
<p>Anabel N.</p>
<p><strong>Sector Mestres</strong></p>
<p>Chus G.</p>
<p>Neus C.</p>
<p>Maria B.</p>
<p>Núria D.</p>
<p>Ramón F.</p>
<p><strong style="font-family: inherit; font-size: 1em;">PAS i PAE</strong></p>
<p>Pili L.</p>
<p>Maripi R.</p>
<p><strong>Representant de l’Ajuntament</strong></p>
<p>Carme V.</p>
<p><strong>Acords del consell escolar presos durant el curs 25/26:</strong></p>
<p>Consell Escolar de 13 d&#8217;octubre de 2025</p>
<ol>
<li>S’aprova l’acta de la sessió anterior.</li>
<li>S’aprova el Pla Anual previst per al curs 2025-26</li>
</ol>
<p>Consell Escolar de 4 de desembre de 2025</p>
<ol>
<li>S’aprova l’acta de la sessió anterior.</li>
<li>Es constitueix el Consell en Comissions</li>
</ol>
<p>Consell Escolar de 29 de gener de 2026</p>
<ol>
<li>S’aprova l’acta de la sessió anterior.</li>
<li>S’aprova la Liquidació corresponents a l’exercici 2025</li>
<li>S’aprova el pressupost previst per al 2026</li>
</ol>
<p>Consell Escolar de 25 de maig de 2026</p>
<ol>
<li>S&#8217;aprova la memòria del curs escolar 2025-26</li>
<li>S&#8217;aprova l&#8217;horari, la jornada continua, els dies de lliure disposició i l&#8217;entrada esglaonada per I3.</li>
</ol>
<p>&nbsp;</p>
</div>
<p style="text-align: justify;">

<p>El consell escolar del centre és l&#8217;òrgan col·legiat de participació de la comunitat escolar en el govern del centre, on hi ha representats tots els col·lectius que intervenen en la comunitat educativa. La funció principal del consell escolar és participar en la presa de decisions en relació amb aquells temes importants per al funcionament i [&hellip;]</p>
