{"id":14940,"date":"2020-08-03T12:47:27","date_gmt":"2020-08-03T10:47:27","guid":{"rendered":"http:\/\/agora.xtec.cat\/escolapaisoscatalans\/?page_id=14940"},"modified":"2020-08-03T13:04:55","modified_gmt":"2020-08-03T11:04:55","slug":"autoritzacio-sortides-a-lleida-ciutat","status":"publish","type":"page","link":"https:\/\/agora.xtec.cat\/escolapaisoscatalans\/documents-descola\/circulars-families\/autoritzacio-sortides-a-lleida-ciutat\/","title":{"rendered":"Autoritzaci\u00f3 sortides a Lleida ciutat"},"content":{"rendered":"<p style=\"text-align: justify;\"><span style=\"color: #008080;\">Al llarg del curs escolar es realitzen diferents sortides a Lleida ciutat (equipaments culturals), al barri, a la Mitjana, etc. S\u00f3n sortides locals amb una durada de mig dia (mat\u00ed o tarda) que pr\u00e8viament han estat aprovades pel Consell Escolar.<\/span><\/p>\n<p style=\"text-align: justify;\"><span style=\"color: #008080;\">A inici de curs es signa una autoritzaci\u00f3 general per aquest tipus de sortides que s\u00f3n properes i de curta durada.<\/span><\/p>\n<p style=\"text-align: justify;\"><span style=\"color: #008080;\">La resta de sortides de recorregut m\u00e9s llarg i de m\u00e9s durada seran autoritzades, cadascuna d&#8217; elles, de forma individualitzada i per escrit.<\/span><\/p>\n<p><a href=\"https:\/\/agora.xtec.cat\/escolapaisoscatalans\/wp-content\/uploads\/usu491\/2020\/08\/AUTORITZACI\u00d3-DE-LES-SORTIDES-DE-MIG-DIA.pdf\"><img loading=\"lazy\" decoding=\"async\" class=\"alignnone wp-image-14936 size-full\" src=\"https:\/\/agora.xtec.cat\/escolapaisoscatalans\/wp-content\/uploads\/usu491\/2020\/08\/IMATGE-AUTORITZACI\u00d3-DE-LES-SORTIDES-A-LLEIDA.jpg\" alt=\"\" width=\"641\" height=\"126\" srcset=\"https:\/\/agora.xtec.cat\/escolapaisoscatalans\/wp-content\/uploads\/usu491\/2020\/08\/IMATGE-AUTORITZACI\u00d3-DE-LES-SORTIDES-A-LLEIDA.jpg 641w, https:\/\/agora.xtec.cat\/escolapaisoscatalans\/wp-content\/uploads\/usu491\/2020\/08\/IMATGE-AUTORITZACI\u00d3-DE-LES-SORTIDES-A-LLEIDA-300x59.jpg 300w\" sizes=\"auto, (max-width: 641px) 100vw, 641px\" \/><\/a><\/p>\n","protected":false},"excerpt":{"rendered":"<p>Al llarg del curs escolar es realitzen diferents sortides a Lleida ciutat (equipaments culturals), al barri, a la Mitjana, etc. S\u00f3n sortides locals amb una durada de mig dia (mat\u00ed o tarda) que pr\u00e8viament han estat aprovades pel Consell Escolar.<br \/>\nA inici de curs es signa&hellip;  <a href=\"https:\/\/agora.xtec.cat\/escolapaisoscatalans\/documents-descola\/circulars-families\/autoritzacio-sortides-a-lleida-ciutat\/\" title=\"Read Autoritzaci\u00f3 sortides a Lleida ciutat\">Llegeix m\u00e9s\u00bb<\/a><\/p>\n","protected":false},"author":1,"featured_media":0,"parent":8507,"menu_order":28,"comment_status":"closed","ping_status":"closed","template":"page-templates\/side-menu.php","meta":{"_bbp_topic_count":0,"_bbp_reply_count":0,"_bbp_total_topic_count":0,"_bbp_total_reply_count":0,"_bbp_voice_count":0,"_bbp_anonymous_reply_count":0,"_bbp_topic_count_hidden":0,"_bbp_reply_count_hidden":0,"_bbp_forum_subforum_count":0,"footnotes":""},"class_list":["post-14940","page","type-page","status-publish","hentry"],"post_mailing_queue_ids":[],"_links":{"self":[{"href":"https:\/\/agora.xtec.cat\/escolapaisoscatalans\/wp-json\/wp\/v2\/pages\/14940","targetHints":{"allow":["GET"]}}],"collection":[{"href":"https:\/\/agora.xtec.cat\/escolapaisoscatalans\/wp-json\/wp\/v2\/pages"}],"about":[{"href":"https:\/\/agora.xtec.cat\/escolapaisoscatalans\/wp-json\/wp\/v2\/types\/page"}],"author":[{"embeddable":true,"href":"https:\/\/agora.xtec.cat\/escolapaisoscatalans\/wp-json\/wp\/v2\/users\/1"}],"replies":[{"embeddable":true,"href":"https:\/\/agora.xtec.cat\/escolapaisoscatalans\/wp-json\/wp\/v2\/comments?post=14940"}],"version-history":[{"count":3,"href":"https:\/\/agora.xtec.cat\/escolapaisoscatalans\/wp-json\/wp\/v2\/pages\/14940\/revisions"}],"predecessor-version":[{"id":14955,"href":"https:\/\/agora.xtec.cat\/escolapaisoscatalans\/wp-json\/wp\/v2\/pages\/14940\/revisions\/14955"}],"up":[{"embeddable":true,"href":"https:\/\/agora.xtec.cat\/escolapaisoscatalans\/wp-json\/wp\/v2\/pages\/8507"}],"wp:attachment":[{"href":"https:\/\/agora.xtec.cat\/escolapaisoscatalans\/wp-json\/wp\/v2\/media?parent=14940"}],"curies":[{"name":"wp","href":"https:\/\/api.w.org\/{rel}","templated":true}]}}

Autorització sortides a Lleida ciutat

<p style="text-align: justify;"><span style="color: #008080;">Al llarg del curs escolar es realitzen diferents sortides a Lleida ciutat (equipaments culturals), al barri, a la Mitjana, etc. Són sortides locals amb una durada de mig dia (matí o tarda) que prèviament han estat aprovades pel Consell Escolar.</span></p>
<p style="text-align: justify;"><span style="color: #008080;">A inici de curs es signa una autorització general per aquest tipus de sortides que són properes i de curta durada.</span></p>
<p style="text-align: justify;"><span style="color: #008080;">La resta de sortides de recorregut més llarg i de més durada seran autoritzades, cadascuna d&#8217; elles, de forma individualitzada i per escrit.</span></p>
<p><a href="https://agora.xtec.cat/escolapaisoscatalans/wp-content/uploads/usu491/2020/08/AUTORITZACIÓ-DE-LES-SORTIDES-DE-MIG-DIA.pdf"><img loading="lazy" decoding="async" class="alignnone wp-image-14936 size-full" src="https://agora.xtec.cat/escolapaisoscatalans/wp-content/uploads/usu491/2020/08/IMATGE-AUTORITZACIÓ-DE-LES-SORTIDES-A-LLEIDA.jpg" alt="" width="641" height="126" srcset="https://agora.xtec.cat/escolapaisoscatalans/wp-content/uploads/usu491/2020/08/IMATGE-AUTORITZACIÓ-DE-LES-SORTIDES-A-LLEIDA.jpg 641w, https://agora.xtec.cat/escolapaisoscatalans/wp-content/uploads/usu491/2020/08/IMATGE-AUTORITZACIÓ-DE-LES-SORTIDES-A-LLEIDA-300x59.jpg 300w" sizes="auto, (max-width: 641px) 100vw, 641px" /></a></p>

<p>Al llarg del curs escolar es realitzen diferents sortides a Lleida ciutat (equipaments culturals), al barri, a la Mitjana, etc. Són sortides locals amb una durada de mig dia (matí o tarda) que prèviament han estat aprovades pel Consell Escolar.<br />
A inici de curs es signa&hellip;  <a href="https://agora.xtec.cat/escolapaisoscatalans/documents-descola/circulars-families/autoritzacio-sortides-a-lleida-ciutat/" title="Read Autorització sortides a Lleida ciutat">Llegeix més»</a></p>
