{"id":891,"date":"2020-01-24T10:17:59","date_gmt":"2020-01-24T09:17:59","guid":{"rendered":"http:\/\/agora.xtec.cat\/escolapacocandel\/?page_id=891"},"modified":"2025-10-20T09:42:28","modified_gmt":"2025-10-20T07:42:28","slug":"setmana-dart","status":"publish","type":"page","link":"https:\/\/agora.xtec.cat\/escolapacocandel\/projecte-educatiu\/setmana-dart\/","title":{"rendered":"L&#8217;art a l&#8217;escola"},"content":{"rendered":"<p style=\"text-align: justify;\">A l\u2019escola Paco Candel entenem l\u2019art com mitj\u00e0 d\u2019expressi\u00f3 de manera transversal i multidisciplinari que ens permet obrir finestres, entreveure forats i gaudir dels horitzons. L\u2019art \u00e9s expressar, comunicar i sentir una manera de viure. I amb aquesta vida pr\u00f2pia que t\u00e9, batega, ressona i es connecta amb la natura. Creiem que l\u2019art \u00e9s el que vertebra el recorregut art\u00edstic de l\u2019escola. Pinzells, aquarel\u00b7les, argila, pintura s\u00f3n materials presents en el dia a dia a l\u2019escola.<br \/>\nUna de les propostes que forma part del treball art\u00edstic \u00e9s la <strong>SETMANA D\u2019ART<\/strong>, una setmana de propostes, tallers, visites a museus que l\u2019apropen a l\u2019art contemporani on una exposici\u00f3 amb totes les instal\u00b7lacions i obres realitzades \u00e9s la cloenda final on tots els grups comparteixen els seus processos art\u00edstics.<\/p>\n<p style=\"text-align: justify;\">Durant el proc\u00e9s de creixement de l\u2019escola, hem pogut gaudir de diverses setmanes d\u2019art entomant des d\u2019artistes concrets, corrents art\u00edstics o t\u00e8cniques concretes. Cada setmana d\u2019art han estat un punt d\u2019uni\u00f3, reflexi\u00f3 i acompanyament en les din\u00e0miques de l\u2019escola afavorint la relaci\u00f3 entre petits i grans.<\/p>\n<p>2018-19 <strong>Joan Brossa<\/strong><\/p>\n<p>2019-20 <strong>El modernisme<\/strong><\/p>\n<p>2020-21 <strong>Art Urb\u00e0<\/strong><\/p>\n<p>2021-22 <strong>Lligams, fils i cordes<\/strong><\/p>\n<p>2022-23 <a href=\"https:\/\/agora.xtec.cat\/escolapacocandel\/portada\/setmana-dart-pablo-picasso\/\"><strong>Picasso<\/strong><\/a><\/p>\n<p>2023-24 <strong><a href=\"https:\/\/agora.xtec.cat\/escolapacocandel\/portada\/setmana-dart-art-natura-i-escola\/\">L&#8217;art a la natura<\/a><\/strong><\/p>\n<p>2024-25 <strong><a href=\"https:\/\/agora.xtec.cat\/escolapacocandel\/comunitat-de-mitjans\/setmana-de-lart-els-camins-en-lart\/\">Els camins en l&#8217;art<\/a><\/strong><\/p>\n<p><img loading=\"lazy\" decoding=\"async\" class=\" wp-image-8772 alignleft\" src=\"https:\/\/agora.xtec.cat\/escolapacocandel\/wp-content\/uploads\/usu332\/2024\/02\/IMG-20240220-WA0004-1024x576.jpg\" alt=\"\" width=\"331\" height=\"186\" srcset=\"https:\/\/agora.xtec.cat\/escolapacocandel\/wp-content\/uploads\/usu332\/2024\/02\/IMG-20240220-WA0004-1024x576.jpg 1024w, https:\/\/agora.xtec.cat\/escolapacocandel\/wp-content\/uploads\/usu332\/2024\/02\/IMG-20240220-WA0004-300x169.jpg 300w, https:\/\/agora.xtec.cat\/escolapacocandel\/wp-content\/uploads\/usu332\/2024\/02\/IMG-20240220-WA0004-768x432.jpg 768w, https:\/\/agora.xtec.cat\/escolapacocandel\/wp-content\/uploads\/usu332\/2024\/02\/IMG-20240220-WA0004-1536x864.jpg 1536w, https:\/\/agora.xtec.cat\/escolapacocandel\/wp-content\/uploads\/usu332\/2024\/02\/IMG-20240220-WA0004.jpg 1600w\" sizes=\"auto, (max-width: 331px) 100vw, 331px\" \/><\/p>\n","protected":false},"excerpt":{"rendered":"<p>A l\u2019escola Paco Candel entenem l\u2019art com mitj\u00e0 d\u2019expressi\u00f3 de manera transversal i multidisciplinari que ens permet obrir finestres, entreveure forats i gaudir dels horitzons. L\u2019art \u00e9s expressar, comunicar i sentir una manera de viure. I amb aquesta vida pr\u00f2pia que t\u00e9, batega, ressona i&hellip;  <a href=\"https:\/\/agora.xtec.cat\/escolapacocandel\/projecte-educatiu\/setmana-dart\/\" title=\"Read L&#8217;art a l&#8217;escola\">Llegeix m\u00e9s\u00bb<\/a><\/p>\n","protected":false},"author":1,"featured_media":0,"parent":64,"menu_order":0,"comment_status":"closed","ping_status":"closed","template":"","meta":{"_bbp_topic_count":0,"_bbp_reply_count":0,"_bbp_total_topic_count":0,"_bbp_total_reply_count":0,"_bbp_voice_count":0,"_bbp_anonymous_reply_count":0,"_bbp_topic_count_hidden":0,"_bbp_reply_count_hidden":0,"_bbp_forum_subforum_count":0,"footnotes":""},"class_list":["post-891","page","type-page","status-publish","hentry"],"post_mailing_queue_ids":[],"_links":{"self":[{"href":"https:\/\/agora.xtec.cat\/escolapacocandel\/wp-json\/wp\/v2\/pages\/891","targetHints":{"allow":["GET"]}}],"collection":[{"href":"https:\/\/agora.xtec.cat\/escolapacocandel\/wp-json\/wp\/v2\/pages"}],"about":[{"href":"https:\/\/agora.xtec.cat\/escolapacocandel\/wp-json\/wp\/v2\/types\/page"}],"author":[{"embeddable":true,"href":"https:\/\/agora.xtec.cat\/escolapacocandel\/wp-json\/wp\/v2\/users\/1"}],"replies":[{"embeddable":true,"href":"https:\/\/agora.xtec.cat\/escolapacocandel\/wp-json\/wp\/v2\/comments?post=891"}],"version-history":[{"count":6,"href":"https:\/\/agora.xtec.cat\/escolapacocandel\/wp-json\/wp\/v2\/pages\/891\/revisions"}],"predecessor-version":[{"id":10275,"href":"https:\/\/agora.xtec.cat\/escolapacocandel\/wp-json\/wp\/v2\/pages\/891\/revisions\/10275"}],"up":[{"embeddable":true,"href":"https:\/\/agora.xtec.cat\/escolapacocandel\/wp-json\/wp\/v2\/pages\/64"}],"wp:attachment":[{"href":"https:\/\/agora.xtec.cat\/escolapacocandel\/wp-json\/wp\/v2\/media?parent=891"}],"curies":[{"name":"wp","href":"https:\/\/api.w.org\/{rel}","templated":true}]}}

<p style="text-align: justify;">A l’escola Paco Candel entenem l’art com mitjà d’expressió de manera transversal i multidisciplinari que ens permet obrir finestres, entreveure forats i gaudir dels horitzons. L’art és expressar, comunicar i sentir una manera de viure. I amb aquesta vida pròpia que té, batega, ressona i es connecta amb la natura. Creiem que l’art és el que vertebra el recorregut artístic de l’escola. Pinzells, aquarel·les, argila, pintura són materials presents en el dia a dia a l’escola.<br />
Una de les propostes que forma part del treball artístic és la <strong>SETMANA D’ART</strong>, una setmana de propostes, tallers, visites a museus que l’apropen a l’art contemporani on una exposició amb totes les instal·lacions i obres realitzades és la cloenda final on tots els grups comparteixen els seus processos artístics.</p>
<p style="text-align: justify;">Durant el procés de creixement de l’escola, hem pogut gaudir de diverses setmanes d’art entomant des d’artistes concrets, corrents artístics o tècniques concretes. Cada setmana d’art han estat un punt d’unió, reflexió i acompanyament en les dinàmiques de l’escola afavorint la relació entre petits i grans.</p>
<p>2018-19 <strong>Joan Brossa</strong></p>
<p>2019-20 <strong>El modernisme</strong></p>
<p>2020-21 <strong>Art Urbà</strong></p>
<p>2021-22 <strong>Lligams, fils i cordes</strong></p>
<p>2022-23 <a href="https://agora.xtec.cat/escolapacocandel/portada/setmana-dart-pablo-picasso/"><strong>Picasso</strong></a></p>
<p>2023-24 <strong><a href="https://agora.xtec.cat/escolapacocandel/portada/setmana-dart-art-natura-i-escola/">L&#8217;art a la natura</a></strong></p>
<p>2024-25 <strong><a href="https://agora.xtec.cat/escolapacocandel/comunitat-de-mitjans/setmana-de-lart-els-camins-en-lart/">Els camins en l&#8217;art</a></strong></p>
<p><img loading="lazy" decoding="async" class=" wp-image-8772 alignleft" src="https://agora.xtec.cat/escolapacocandel/wp-content/uploads/usu332/2024/02/IMG-20240220-WA0004-1024x576.jpg" alt="" width="331" height="186" srcset="https://agora.xtec.cat/escolapacocandel/wp-content/uploads/usu332/2024/02/IMG-20240220-WA0004-1024x576.jpg 1024w, https://agora.xtec.cat/escolapacocandel/wp-content/uploads/usu332/2024/02/IMG-20240220-WA0004-300x169.jpg 300w, https://agora.xtec.cat/escolapacocandel/wp-content/uploads/usu332/2024/02/IMG-20240220-WA0004-768x432.jpg 768w, https://agora.xtec.cat/escolapacocandel/wp-content/uploads/usu332/2024/02/IMG-20240220-WA0004-1536x864.jpg 1536w, https://agora.xtec.cat/escolapacocandel/wp-content/uploads/usu332/2024/02/IMG-20240220-WA0004.jpg 1600w" sizes="auto, (max-width: 331px) 100vw, 331px" /></p>

<p>A l’escola Paco Candel entenem l’art com mitjà d’expressió de manera transversal i multidisciplinari que ens permet obrir finestres, entreveure forats i gaudir dels horitzons. L’art és expressar, comunicar i sentir una manera de viure. I amb aquesta vida pròpia que té, batega, ressona i&hellip;  <a href="https://agora.xtec.cat/escolapacocandel/projecte-educatiu/setmana-dart/" title="Read L&#8217;art a l&#8217;escola">Llegeix més»</a></p>
