{"id":8843,"date":"2024-02-22T14:30:42","date_gmt":"2024-02-22T13:30:42","guid":{"rendered":"https:\/\/agora.xtec.cat\/escolapacocandel\/?page_id=8843"},"modified":"2024-03-05T10:44:08","modified_gmt":"2024-03-05T09:44:08","slug":"ambient-de-moviment","status":"publish","type":"page","link":"https:\/\/agora.xtec.cat\/escolapacocandel\/projecte-educatiu\/ambients-daprenentatge\/ambients-comunitat-de-petits\/ambient-de-moviment\/","title":{"rendered":"Ambient de moviment"},"content":{"rendered":"<blockquote>\n<p style=\"text-align: justify;\"><em>&#8220;El mestre no &#8220;ensenya&#8221; moviments als infants, perqu\u00e8 els infants es mouen i es desenvolupen regits per la seva pr\u00f2pia iniciativa. Els infants actuen i mentre ho fan tenen present la pres\u00e8ncia de l&#8217;adult i dels altres&#8221;.<\/em> Curr\u00edculum d&#8217;Educaci\u00f3 Infantil<\/p>\n<\/blockquote>\n<p style=\"text-align: justify;\">Les sessions d&#8217;Ambients esdevenen una gran oportunitat de tenir un contacte i iniciar noves relacions amb altres companys i companyes. A difer\u00e8ncia de la sessi\u00f3 de Psicomotricitat, on aquests vincles es\u00a0creen entre els infants del mateix grup, l&#8217;Ambient de Moviment permet anar-los establint tamb\u00e9 amb infants d&#8217;altres grups i nivells de la comunitat de Petits. Enriquiment personal i col\u00b7lectiu a\u00a0trav\u00e9s de les experi\u00e8ncies compartides.<\/p>\n<p style=\"text-align: justify;\">S\u00f3n moments de diversi\u00f3 i rialles, de desc\u00e0rrega motriu, de deixar-se anar i alliberar tot all\u00f2 que tenen dins, fent tot un exercici d&#8217;autocontrol i regulaci\u00f3 per respectar les normes de conviv\u00e8ncia amb els altres i sent cada vegada m\u00e9s conscients dels perills.<\/p>\n<p style=\"text-align: justify;\">Dos infants gaudeixen desenvolupant jocs d&#8217;oposici\u00f3, com en aquest cas, que fan com si lluitessin mesurant les seves forces amb els coixins de la sala. Altres dos\u00a0tamb\u00e9 ho porten a terme de forma molt delicada, explorant les possibilitats que els ofereixen els xurros. Sense intercanviar paraules, altres dos s&#8217;entenen, amb\u00a0mirades de complicitat i diversi\u00f3, fent jocs d&#8217;equilibris i desequilibris, experimentant el plaer de la caiguda.<\/p>\n<p style=\"text-align: justify;\">En aquest cas, una nena es mostra relaxada en un moviment d&#8217;anar i\u00a0tornar en l&#8217;espai amb el pont, immersa en les sensacions que li produeixen aquests balancejos.<\/p>\n<p style=\"text-align: justify;\">Una altra nena troba espais per ficar-se i connectar amb si mateixa, on se sent segura i recollida, en aquest atreviment de desapar\u00e8ixer de la mirada de l&#8217;altre sense perdre&#8217;s. Els infants experimenten el plaer d&#8217;entrar i de sortir, d&#8217;apar\u00e8ixer i desapar\u00e8ixer, d&#8217;amagar-se i sortir del seu amagatall, buscant de nou la mirada de l&#8217;altre.<\/p>\n<blockquote>\n<p style=\"text-align: justify;\"><em>&#8220;Un ni\u00f1o que juega solo no est\u00e1 solo: est\u00e1 con sus pensamientos, con su imaginario, con el otro que est\u00e1 ausente. En el juego, el ni\u00f1o trae al presente una experiencia anterior vivida en la relaci\u00f3n con sus padres y con el entorno.&#8221;\u00a0<\/em>Bernard Aucouturier<\/p>\n<\/blockquote>\n<p style=\"text-align: justify;\">En un altre moment, tres infants comparteixen hist\u00f2ries carregades d&#8217;emoci\u00f3, jocs on imiten viv\u00e8ncies del seu entorn m\u00e9s proper o del m\u00f3n imaginari, on cadasc\u00fa representa un personatge i hi juga un rol. Amb gran delicadesa i tendresa, van col\u00b7locant els ninos en un espai perqu\u00e8 dormin, cobrint-los amb<br \/>\nrobes, o els passegen en bra\u00e7os. El joc simb\u00f2lic esdev\u00e9 una gran oportunitat per a la socialitzaci\u00f3 dels infants, per establir o consolidar els vincles ja creats.<\/p>\n<h4>Del plaer de fer al plaer de pensar<\/h4>\n<blockquote>\n<p style=\"text-align: justify;\">&#8220;<em>Per contribuir al desenvolupament global de l&#8217;infant, \u00e9s imprescindible que, despr\u00e9s de la viv\u00e8ncia, es faciliti un temps, un espai i uns materials per connectar la sensoriomotricitat amb la cognici\u00f3, on puguin emergir emocions i sentiments<\/em>&#8220;.\u00a0Psicomotricitat, escola i curr\u00edculum<\/p>\n<\/blockquote>\n<p><img loading=\"lazy\" decoding=\"async\" class=\"wp-image-8952 alignleft\" style=\"text-align: justify;\" src=\"https:\/\/agora.xtec.cat\/escolapacocandel\/wp-content\/uploads\/usu332\/2024\/03\/Captura.jpg\" alt=\"\" width=\"235\" height=\"211\" srcset=\"https:\/\/agora.xtec.cat\/escolapacocandel\/wp-content\/uploads\/usu332\/2024\/03\/Captura.jpg 599w, https:\/\/agora.xtec.cat\/escolapacocandel\/wp-content\/uploads\/usu332\/2024\/03\/Captura-300x269.jpg 300w\" sizes=\"auto, (max-width: 235px) 100vw, 235px\" \/><\/p>\n<p style=\"text-align: justify;\">\u00c9s per aix\u00f2 que, a l&#8217;Ambient de Moviment, es fa un tancament de cada sessi\u00f3 amb diferents propostes de representaci\u00f3, on els infants tenen oportunitat de relatar les seves viv\u00e8ncies a trav\u00e9s de la parla o representar-les mitjan\u00e7ant el dibuix, a trav\u00e9s del modelatge amb plastilina, construint amb peces de fusta\u2026<\/p>\n<blockquote>\n<p style=\"text-align: justify;\">Aquesta interioritzaci\u00f3 de l&#8217;experi\u00e8ncia corporal i motriu &#8220;comporta\u00a0afavorir el distanciament per donar significat al que s&#8217;ha viscut passant de l&#8217;acci\u00f3 al pensament&#8221; Wallon, 1974<\/p>\n<p style=\"text-align: justify;\">&#8220;En este momento la utilizaci\u00f3n del lenguaje es fundamental, porque pone distancia respecto al movimiento y las emociones imprescindibles para que se puedan luego &#8220;pensar&#8221;. La psicomotricidad en la escuela: una pr\u00e1ctica preventiva y educativa.<\/p>\n<\/blockquote>\n<p><img loading=\"lazy\" decoding=\"async\" class=\"wp-image-8950 aligncenter\" src=\"https:\/\/agora.xtec.cat\/escolapacocandel\/wp-content\/uploads\/usu332\/2024\/03\/20240228_154209-1024x577.jpg\" alt=\"\" width=\"563\" height=\"317\" srcset=\"https:\/\/agora.xtec.cat\/escolapacocandel\/wp-content\/uploads\/usu332\/2024\/03\/20240228_154209-1024x577.jpg 1024w, https:\/\/agora.xtec.cat\/escolapacocandel\/wp-content\/uploads\/usu332\/2024\/03\/20240228_154209-300x169.jpg 300w, https:\/\/agora.xtec.cat\/escolapacocandel\/wp-content\/uploads\/usu332\/2024\/03\/20240228_154209-768x432.jpg 768w, https:\/\/agora.xtec.cat\/escolapacocandel\/wp-content\/uploads\/usu332\/2024\/03\/20240228_154209-1536x865.jpg 1536w, https:\/\/agora.xtec.cat\/escolapacocandel\/wp-content\/uploads\/usu332\/2024\/03\/20240228_154209-2048x1153.jpg 2048w\" sizes=\"auto, (max-width: 563px) 100vw, 563px\" \/><\/p>\n","protected":false},"excerpt":{"rendered":"<p>&#8220;El mestre no &#8220;ensenya&#8221; moviments als infants, perqu\u00e8 els infants es mouen i es desenvolupen regits per la seva pr\u00f2pia iniciativa. Els infants actuen i mentre ho fan tenen present la pres\u00e8ncia de l&#8217;adult i dels altres&#8221;. Curr\u00edculum d&#8217;Educaci\u00f3 Infantil<\/p>\n<p>Les sessions d&#8217;Ambients esdevenen una gran&hellip;  <a href=\"https:\/\/agora.xtec.cat\/escolapacocandel\/projecte-educatiu\/ambients-daprenentatge\/ambients-comunitat-de-petits\/ambient-de-moviment\/\" title=\"Read Ambient de moviment\">Llegeix m\u00e9s\u00bb<\/a><\/p>\n","protected":false},"author":1,"featured_media":0,"parent":190,"menu_order":0,"comment_status":"closed","ping_status":"closed","template":"","meta":{"_bbp_topic_count":0,"_bbp_reply_count":0,"_bbp_total_topic_count":0,"_bbp_total_reply_count":0,"_bbp_voice_count":0,"_bbp_anonymous_reply_count":0,"_bbp_topic_count_hidden":0,"_bbp_reply_count_hidden":0,"_bbp_forum_subforum_count":0,"footnotes":""},"class_list":["post-8843","page","type-page","status-publish","hentry"],"post_mailing_queue_ids":[],"_links":{"self":[{"href":"https:\/\/agora.xtec.cat\/escolapacocandel\/wp-json\/wp\/v2\/pages\/8843","targetHints":{"allow":["GET"]}}],"collection":[{"href":"https:\/\/agora.xtec.cat\/escolapacocandel\/wp-json\/wp\/v2\/pages"}],"about":[{"href":"https:\/\/agora.xtec.cat\/escolapacocandel\/wp-json\/wp\/v2\/types\/page"}],"author":[{"embeddable":true,"href":"https:\/\/agora.xtec.cat\/escolapacocandel\/wp-json\/wp\/v2\/users\/1"}],"replies":[{"embeddable":true,"href":"https:\/\/agora.xtec.cat\/escolapacocandel\/wp-json\/wp\/v2\/comments?post=8843"}],"version-history":[{"count":6,"href":"https:\/\/agora.xtec.cat\/escolapacocandel\/wp-json\/wp\/v2\/pages\/8843\/revisions"}],"predecessor-version":[{"id":8991,"href":"https:\/\/agora.xtec.cat\/escolapacocandel\/wp-json\/wp\/v2\/pages\/8843\/revisions\/8991"}],"up":[{"embeddable":true,"href":"https:\/\/agora.xtec.cat\/escolapacocandel\/wp-json\/wp\/v2\/pages\/190"}],"wp:attachment":[{"href":"https:\/\/agora.xtec.cat\/escolapacocandel\/wp-json\/wp\/v2\/media?parent=8843"}],"curies":[{"name":"wp","href":"https:\/\/api.w.org\/{rel}","templated":true}]}}

<blockquote>
<p style="text-align: justify;"><em>&#8220;El mestre no &#8220;ensenya&#8221; moviments als infants, perquè els infants es mouen i es desenvolupen regits per la seva pròpia iniciativa. Els infants actuen i mentre ho fan tenen present la presència de l&#8217;adult i dels altres&#8221;.</em> Currículum d&#8217;Educació Infantil</p>
</blockquote>
<p style="text-align: justify;">Les sessions d&#8217;Ambients esdevenen una gran oportunitat de tenir un contacte i iniciar noves relacions amb altres companys i companyes. A diferència de la sessió de Psicomotricitat, on aquests vincles es creen entre els infants del mateix grup, l&#8217;Ambient de Moviment permet anar-los establint també amb infants d&#8217;altres grups i nivells de la comunitat de Petits. Enriquiment personal i col·lectiu a través de les experiències compartides.</p>
<p style="text-align: justify;">Són moments de diversió i rialles, de descàrrega motriu, de deixar-se anar i alliberar tot allò que tenen dins, fent tot un exercici d&#8217;autocontrol i regulació per respectar les normes de convivència amb els altres i sent cada vegada més conscients dels perills.</p>
<p style="text-align: justify;">Dos infants gaudeixen desenvolupant jocs d&#8217;oposició, com en aquest cas, que fan com si lluitessin mesurant les seves forces amb els coixins de la sala. Altres dos també ho porten a terme de forma molt delicada, explorant les possibilitats que els ofereixen els xurros. Sense intercanviar paraules, altres dos s&#8217;entenen, amb mirades de complicitat i diversió, fent jocs d&#8217;equilibris i desequilibris, experimentant el plaer de la caiguda.</p>
<p style="text-align: justify;">En aquest cas, una nena es mostra relaxada en un moviment d&#8217;anar i tornar en l&#8217;espai amb el pont, immersa en les sensacions que li produeixen aquests balancejos.</p>
<p style="text-align: justify;">Una altra nena troba espais per ficar-se i connectar amb si mateixa, on se sent segura i recollida, en aquest atreviment de desaparèixer de la mirada de l&#8217;altre sense perdre&#8217;s. Els infants experimenten el plaer d&#8217;entrar i de sortir, d&#8217;aparèixer i desaparèixer, d&#8217;amagar-se i sortir del seu amagatall, buscant de nou la mirada de l&#8217;altre.</p>
<blockquote>
<p style="text-align: justify;"><em>&#8220;Un niño que juega solo no está solo: está con sus pensamientos, con su imaginario, con el otro que está ausente. En el juego, el niño trae al presente una experiencia anterior vivida en la relación con sus padres y con el entorno.&#8221; </em>Bernard Aucouturier</p>
</blockquote>
<p style="text-align: justify;">En un altre moment, tres infants comparteixen històries carregades d&#8217;emoció, jocs on imiten vivències del seu entorn més proper o del món imaginari, on cadascú representa un personatge i hi juga un rol. Amb gran delicadesa i tendresa, van col·locant els ninos en un espai perquè dormin, cobrint-los amb<br />
robes, o els passegen en braços. El joc simbòlic esdevé una gran oportunitat per a la socialització dels infants, per establir o consolidar els vincles ja creats.</p>
<h4>Del plaer de fer al plaer de pensar</h4>
<blockquote>
<p style="text-align: justify;">&#8220;<em>Per contribuir al desenvolupament global de l&#8217;infant, és imprescindible que, després de la vivència, es faciliti un temps, un espai i uns materials per connectar la sensoriomotricitat amb la cognició, on puguin emergir emocions i sentiments</em>&#8220;. Psicomotricitat, escola i currículum</p>
</blockquote>
<p><img loading="lazy" decoding="async" class="wp-image-8952 alignleft" style="text-align: justify;" src="https://agora.xtec.cat/escolapacocandel/wp-content/uploads/usu332/2024/03/Captura.jpg" alt="" width="235" height="211" srcset="https://agora.xtec.cat/escolapacocandel/wp-content/uploads/usu332/2024/03/Captura.jpg 599w, https://agora.xtec.cat/escolapacocandel/wp-content/uploads/usu332/2024/03/Captura-300x269.jpg 300w" sizes="auto, (max-width: 235px) 100vw, 235px" /></p>
<p style="text-align: justify;">És per això que, a l&#8217;Ambient de Moviment, es fa un tancament de cada sessió amb diferents propostes de representació, on els infants tenen oportunitat de relatar les seves vivències a través de la parla o representar-les mitjançant el dibuix, a través del modelatge amb plastilina, construint amb peces de fusta…</p>
<blockquote>
<p style="text-align: justify;">Aquesta interiorització de l&#8217;experiència corporal i motriu &#8220;comporta afavorir el distanciament per donar significat al que s&#8217;ha viscut passant de l&#8217;acció al pensament&#8221; Wallon, 1974</p>
<p style="text-align: justify;">&#8220;En este momento la utilización del lenguaje es fundamental, porque pone distancia respecto al movimiento y las emociones imprescindibles para que se puedan luego &#8220;pensar&#8221;. La psicomotricidad en la escuela: una práctica preventiva y educativa.</p>
</blockquote>
<p><img loading="lazy" decoding="async" class="wp-image-8950 aligncenter" src="https://agora.xtec.cat/escolapacocandel/wp-content/uploads/usu332/2024/03/20240228_154209-1024x577.jpg" alt="" width="563" height="317" srcset="https://agora.xtec.cat/escolapacocandel/wp-content/uploads/usu332/2024/03/20240228_154209-1024x577.jpg 1024w, https://agora.xtec.cat/escolapacocandel/wp-content/uploads/usu332/2024/03/20240228_154209-300x169.jpg 300w, https://agora.xtec.cat/escolapacocandel/wp-content/uploads/usu332/2024/03/20240228_154209-768x432.jpg 768w, https://agora.xtec.cat/escolapacocandel/wp-content/uploads/usu332/2024/03/20240228_154209-1536x865.jpg 1536w, https://agora.xtec.cat/escolapacocandel/wp-content/uploads/usu332/2024/03/20240228_154209-2048x1153.jpg 2048w" sizes="auto, (max-width: 563px) 100vw, 563px" /></p>

<p>&#8220;El mestre no &#8220;ensenya&#8221; moviments als infants, perquè els infants es mouen i es desenvolupen regits per la seva pròpia iniciativa. Els infants actuen i mentre ho fan tenen present la presència de l&#8217;adult i dels altres&#8221;. Currículum d&#8217;Educació Infantil</p>
<p>Les sessions d&#8217;Ambients esdevenen una gran&hellip;  <a href="https://agora.xtec.cat/escolapacocandel/projecte-educatiu/ambients-daprenentatge/ambients-comunitat-de-petits/ambient-de-moviment/" title="Read Ambient de moviment">Llegeix més»</a></p>
