{"id":8841,"date":"2024-02-22T14:30:08","date_gmt":"2024-02-22T13:30:08","guid":{"rendered":"https:\/\/agora.xtec.cat\/escolapacocandel\/?page_id=8841"},"modified":"2024-02-28T14:00:22","modified_gmt":"2024-02-28T13:00:22","slug":"ambient-de-construccions","status":"publish","type":"page","link":"https:\/\/agora.xtec.cat\/escolapacocandel\/projecte-educatiu\/ambients-daprenentatge\/ambients-comunitat-de-petits\/ambient-de-construccions\/","title":{"rendered":"Ambient de construccions"},"content":{"rendered":"<p style=\"text-align: justify;\"><span style=\"font-weight: 400;\">L&#8217;ambient de construccions convida l&#8217;infant a crear, a explorar nous reptes i aprendre de l&#8217;error, a donar forma a les seves idees i representar les situacions de la vida real com imaginades.<\/span><\/p>\n<p><img loading=\"lazy\" decoding=\"async\" class=\"wp-image-8932 alignleft\" src=\"https:\/\/agora.xtec.cat\/escolapacocandel\/wp-content\/uploads\/usu332\/2024\/02\/PXL_20240116_144333456-771x1024.jpg\" alt=\"\" width=\"230\" height=\"306\" srcset=\"https:\/\/agora.xtec.cat\/escolapacocandel\/wp-content\/uploads\/usu332\/2024\/02\/PXL_20240116_144333456-771x1024.jpg 771w, https:\/\/agora.xtec.cat\/escolapacocandel\/wp-content\/uploads\/usu332\/2024\/02\/PXL_20240116_144333456-226x300.jpg 226w, https:\/\/agora.xtec.cat\/escolapacocandel\/wp-content\/uploads\/usu332\/2024\/02\/PXL_20240116_144333456-768x1020.jpg 768w, https:\/\/agora.xtec.cat\/escolapacocandel\/wp-content\/uploads\/usu332\/2024\/02\/PXL_20240116_144333456-1157x1536.jpg 1157w, https:\/\/agora.xtec.cat\/escolapacocandel\/wp-content\/uploads\/usu332\/2024\/02\/PXL_20240116_144333456-1542x2048.jpg 1542w, https:\/\/agora.xtec.cat\/escolapacocandel\/wp-content\/uploads\/usu332\/2024\/02\/PXL_20240116_144333456-scaled.jpg 1928w\" sizes=\"auto, (max-width: 230px) 100vw, 230px\" \/><\/p>\n<p style=\"text-align: justify;\"><span style=\"font-weight: 400;\">Jugar a construir-destruir, apilar, explorar l&#8217;al\u00e7ada mentre evolucionen cap a la conquesta de les tres dimensions, possibilita als infants una aproximaci\u00f3 als sabers de manera vivencial i significativa, tot desenvolupant habilitats motores, sensorials i cognitives.\u00a0<\/span><\/p>\n<p style=\"text-align: justify;\"><span style=\"font-weight: 400;\">\u00c9s un espai on un mateix material t\u00e9 m\u00faltiples possibilitats. Cada persona, a cada moment pot crear un escenari diferent. D&#8217;aquesta manera, el joc es va construint entre converses i hist\u00f2ries inventades, treballant en equip, cooperant i unint les diferents aportacions de cada infant.\u00a0<\/span><\/p>\n<p><img loading=\"lazy\" decoding=\"async\" class=\"wp-image-8931 alignright\" style=\"text-align: justify;\" src=\"https:\/\/agora.xtec.cat\/escolapacocandel\/wp-content\/uploads\/usu332\/2024\/02\/PXL_20240130_143827431-1024x771.jpg\" alt=\"\" width=\"367\" height=\"276\" srcset=\"https:\/\/agora.xtec.cat\/escolapacocandel\/wp-content\/uploads\/usu332\/2024\/02\/PXL_20240130_143827431-1024x771.jpg 1024w, https:\/\/agora.xtec.cat\/escolapacocandel\/wp-content\/uploads\/usu332\/2024\/02\/PXL_20240130_143827431-300x226.jpg 300w, https:\/\/agora.xtec.cat\/escolapacocandel\/wp-content\/uploads\/usu332\/2024\/02\/PXL_20240130_143827431-768x578.jpg 768w, https:\/\/agora.xtec.cat\/escolapacocandel\/wp-content\/uploads\/usu332\/2024\/02\/PXL_20240130_143827431-1536x1157.jpg 1536w, https:\/\/agora.xtec.cat\/escolapacocandel\/wp-content\/uploads\/usu332\/2024\/02\/PXL_20240130_143827431-2048x1542.jpg 2048w, https:\/\/agora.xtec.cat\/escolapacocandel\/wp-content\/uploads\/usu332\/2024\/02\/PXL_20240130_143827431-200x150.jpg 200w\" sizes=\"auto, (max-width: 367px) 100vw, 367px\" \/><\/p>\n<p style=\"text-align: justify;\"><span style=\"font-weight: 400;\">Dos infants comencen a construir. Agafen quatre varetes, les insereixen en els orificis del cub i proven d&#8217;unir-les entre si, per\u00f2 es troben un impediment, una no arriba, \u00e9s m\u00e9s curta. Van agafant varetes de diferents mides i les van comparant fins que troben una igual a les altres tres. Ara s\u00ed, aconsegueixen fer la primera part de la seva casa. Es miren i riuen satisfets. Un altre infant<\/span><span style=\"font-weight: 400;\">, que els ha observat, s&#8217;uneix al joc i li diu <\/span><em>&#8220;Es una casa donde cabemos.&#8221;<\/em> <span style=\"font-weight: 400;\">Entre tots tres es van ajudant per construir la casa. Un d&#8217;ells<\/span><span style=\"font-weight: 400;\">\u00a0veu que al costat hi ha teles plegades i pregunta <\/span><em>&#8220;\u00bfAra ponemos paredes?&#8221; <\/em><span style=\"font-weight: 400;\">Els sembla una bona idea i ho incorporen a la construcci\u00f3.<\/span><\/p>\n<p style=\"text-align: justify;\"><span style=\"font-weight: 400;\"><img loading=\"lazy\" decoding=\"async\" class=\"wp-image-8848 alignright\" src=\"https:\/\/agora.xtec.cat\/escolapacocandel\/wp-content\/uploads\/usu332\/2024\/02\/Captura-de-pantalla-2024-02-22-143927.png\" alt=\"\" width=\"262\" height=\"205\" srcset=\"https:\/\/agora.xtec.cat\/escolapacocandel\/wp-content\/uploads\/usu332\/2024\/02\/Captura-de-pantalla-2024-02-22-143927.png 634w, https:\/\/agora.xtec.cat\/escolapacocandel\/wp-content\/uploads\/usu332\/2024\/02\/Captura-de-pantalla-2024-02-22-143927-300x235.png 300w\" sizes=\"auto, (max-width: 262px) 100vw, 262px\" \/>La <\/span><b>representaci\u00f3 <\/b><span style=\"font-weight: 400;\">que fa un infant de la seva construcci\u00f3 esdev\u00e9 m\u00e9s que un dibuix. \u00c9s el resultat d&#8217;un proc\u00e9s d&#8217;<\/span><b>interpretaci\u00f3 <\/b><span style=\"font-weight: 400;\">d&#8217;una realitat i de pensar en com pot plasmar una figura en volum en pla. \u00c9s el resultat de fixar-se en els petits detalls, en observar els colors, comptar quants elements ha utilitzat i com estan disposats en l&#8217;espai.<\/span><\/p>\n<blockquote>\n<p style=\"text-align: justify;\"><em>\u201cL\u2019experi\u00e8ncia ens confirma que els infants necessiten molta llibertat per indagar,\u00a0<\/em><em>provar, equivocar-se i corregir. Per triar on i amb qui volen invertir la seva curiositat, les seves emocions; per\u00a0<\/em><em>apreciar els infinits recursos de les mans, de la vista, <\/em><em>de l\u2019o\u00efda, de les formes, dels sons i dels colors.\u201d\u00a0 <\/em>Loris Malaguzzi<\/p>\n<\/blockquote>\n<p><img loading=\"lazy\" decoding=\"async\" class=\"wp-image-8934 aligncenter\" src=\"https:\/\/agora.xtec.cat\/escolapacocandel\/wp-content\/uploads\/usu332\/2024\/02\/PXL_20240123_143934211.MP_-1024x771.jpg\" alt=\"\" width=\"449\" height=\"338\" srcset=\"https:\/\/agora.xtec.cat\/escolapacocandel\/wp-content\/uploads\/usu332\/2024\/02\/PXL_20240123_143934211.MP_-1024x771.jpg 1024w, https:\/\/agora.xtec.cat\/escolapacocandel\/wp-content\/uploads\/usu332\/2024\/02\/PXL_20240123_143934211.MP_-300x226.jpg 300w, https:\/\/agora.xtec.cat\/escolapacocandel\/wp-content\/uploads\/usu332\/2024\/02\/PXL_20240123_143934211.MP_-768x578.jpg 768w, https:\/\/agora.xtec.cat\/escolapacocandel\/wp-content\/uploads\/usu332\/2024\/02\/PXL_20240123_143934211.MP_-1536x1157.jpg 1536w, https:\/\/agora.xtec.cat\/escolapacocandel\/wp-content\/uploads\/usu332\/2024\/02\/PXL_20240123_143934211.MP_-2048x1542.jpg 2048w, https:\/\/agora.xtec.cat\/escolapacocandel\/wp-content\/uploads\/usu332\/2024\/02\/PXL_20240123_143934211.MP_-200x150.jpg 200w\" sizes=\"auto, (max-width: 449px) 100vw, 449px\" \/><\/p>\n","protected":false},"excerpt":{"rendered":"<p>L&#8217;ambient de construccions convida l&#8217;infant a crear, a explorar nous reptes i aprendre de l&#8217;error, a donar forma a les seves idees i representar les situacions de la vida real com imaginades.<\/p>\n<p>Jugar a construir-destruir, apilar, explorar l&#8217;al\u00e7ada mentre evolucionen cap a la conquesta de les&hellip;  <a href=\"https:\/\/agora.xtec.cat\/escolapacocandel\/projecte-educatiu\/ambients-daprenentatge\/ambients-comunitat-de-petits\/ambient-de-construccions\/\" title=\"Read Ambient de construccions\">Llegeix m\u00e9s\u00bb<\/a><\/p>\n","protected":false},"author":1,"featured_media":0,"parent":190,"menu_order":0,"comment_status":"closed","ping_status":"closed","template":"","meta":{"_bbp_topic_count":0,"_bbp_reply_count":0,"_bbp_total_topic_count":0,"_bbp_total_reply_count":0,"_bbp_voice_count":0,"_bbp_anonymous_reply_count":0,"_bbp_topic_count_hidden":0,"_bbp_reply_count_hidden":0,"_bbp_forum_subforum_count":0,"footnotes":""},"class_list":["post-8841","page","type-page","status-publish","hentry"],"post_mailing_queue_ids":[],"_links":{"self":[{"href":"https:\/\/agora.xtec.cat\/escolapacocandel\/wp-json\/wp\/v2\/pages\/8841","targetHints":{"allow":["GET"]}}],"collection":[{"href":"https:\/\/agora.xtec.cat\/escolapacocandel\/wp-json\/wp\/v2\/pages"}],"about":[{"href":"https:\/\/agora.xtec.cat\/escolapacocandel\/wp-json\/wp\/v2\/types\/page"}],"author":[{"embeddable":true,"href":"https:\/\/agora.xtec.cat\/escolapacocandel\/wp-json\/wp\/v2\/users\/1"}],"replies":[{"embeddable":true,"href":"https:\/\/agora.xtec.cat\/escolapacocandel\/wp-json\/wp\/v2\/comments?post=8841"}],"version-history":[{"count":6,"href":"https:\/\/agora.xtec.cat\/escolapacocandel\/wp-json\/wp\/v2\/pages\/8841\/revisions"}],"predecessor-version":[{"id":8936,"href":"https:\/\/agora.xtec.cat\/escolapacocandel\/wp-json\/wp\/v2\/pages\/8841\/revisions\/8936"}],"up":[{"embeddable":true,"href":"https:\/\/agora.xtec.cat\/escolapacocandel\/wp-json\/wp\/v2\/pages\/190"}],"wp:attachment":[{"href":"https:\/\/agora.xtec.cat\/escolapacocandel\/wp-json\/wp\/v2\/media?parent=8841"}],"curies":[{"name":"wp","href":"https:\/\/api.w.org\/{rel}","templated":true}]}}

<p style="text-align: justify;"><span style="font-weight: 400;">L&#8217;ambient de construccions convida l&#8217;infant a crear, a explorar nous reptes i aprendre de l&#8217;error, a donar forma a les seves idees i representar les situacions de la vida real com imaginades.</span></p>
<p><img loading="lazy" decoding="async" class="wp-image-8932 alignleft" src="https://agora.xtec.cat/escolapacocandel/wp-content/uploads/usu332/2024/02/PXL_20240116_144333456-771x1024.jpg" alt="" width="230" height="306" srcset="https://agora.xtec.cat/escolapacocandel/wp-content/uploads/usu332/2024/02/PXL_20240116_144333456-771x1024.jpg 771w, https://agora.xtec.cat/escolapacocandel/wp-content/uploads/usu332/2024/02/PXL_20240116_144333456-226x300.jpg 226w, https://agora.xtec.cat/escolapacocandel/wp-content/uploads/usu332/2024/02/PXL_20240116_144333456-768x1020.jpg 768w, https://agora.xtec.cat/escolapacocandel/wp-content/uploads/usu332/2024/02/PXL_20240116_144333456-1157x1536.jpg 1157w, https://agora.xtec.cat/escolapacocandel/wp-content/uploads/usu332/2024/02/PXL_20240116_144333456-1542x2048.jpg 1542w, https://agora.xtec.cat/escolapacocandel/wp-content/uploads/usu332/2024/02/PXL_20240116_144333456-scaled.jpg 1928w" sizes="auto, (max-width: 230px) 100vw, 230px" /></p>
<p style="text-align: justify;"><span style="font-weight: 400;">Jugar a construir-destruir, apilar, explorar l&#8217;alçada mentre evolucionen cap a la conquesta de les tres dimensions, possibilita als infants una aproximació als sabers de manera vivencial i significativa, tot desenvolupant habilitats motores, sensorials i cognitives. </span></p>
<p style="text-align: justify;"><span style="font-weight: 400;">És un espai on un mateix material té múltiples possibilitats. Cada persona, a cada moment pot crear un escenari diferent. D&#8217;aquesta manera, el joc es va construint entre converses i històries inventades, treballant en equip, cooperant i unint les diferents aportacions de cada infant. </span></p>
<p><img loading="lazy" decoding="async" class="wp-image-8931 alignright" style="text-align: justify;" src="https://agora.xtec.cat/escolapacocandel/wp-content/uploads/usu332/2024/02/PXL_20240130_143827431-1024x771.jpg" alt="" width="367" height="276" srcset="https://agora.xtec.cat/escolapacocandel/wp-content/uploads/usu332/2024/02/PXL_20240130_143827431-1024x771.jpg 1024w, https://agora.xtec.cat/escolapacocandel/wp-content/uploads/usu332/2024/02/PXL_20240130_143827431-300x226.jpg 300w, https://agora.xtec.cat/escolapacocandel/wp-content/uploads/usu332/2024/02/PXL_20240130_143827431-768x578.jpg 768w, https://agora.xtec.cat/escolapacocandel/wp-content/uploads/usu332/2024/02/PXL_20240130_143827431-1536x1157.jpg 1536w, https://agora.xtec.cat/escolapacocandel/wp-content/uploads/usu332/2024/02/PXL_20240130_143827431-2048x1542.jpg 2048w, https://agora.xtec.cat/escolapacocandel/wp-content/uploads/usu332/2024/02/PXL_20240130_143827431-200x150.jpg 200w" sizes="auto, (max-width: 367px) 100vw, 367px" /></p>
<p style="text-align: justify;"><span style="font-weight: 400;">Dos infants comencen a construir. Agafen quatre varetes, les insereixen en els orificis del cub i proven d&#8217;unir-les entre si, però es troben un impediment, una no arriba, és més curta. Van agafant varetes de diferents mides i les van comparant fins que troben una igual a les altres tres. Ara sí, aconsegueixen fer la primera part de la seva casa. Es miren i riuen satisfets. Un altre infant</span><span style="font-weight: 400;">, que els ha observat, s&#8217;uneix al joc i li diu </span><em>&#8220;Es una casa donde cabemos.&#8221;</em> <span style="font-weight: 400;">Entre tots tres es van ajudant per construir la casa. Un d&#8217;ells</span><span style="font-weight: 400;"> veu que al costat hi ha teles plegades i pregunta </span><em>&#8220;¿Ara ponemos paredes?&#8221; </em><span style="font-weight: 400;">Els sembla una bona idea i ho incorporen a la construcció.</span></p>
<p style="text-align: justify;"><span style="font-weight: 400;"><img loading="lazy" decoding="async" class="wp-image-8848 alignright" src="https://agora.xtec.cat/escolapacocandel/wp-content/uploads/usu332/2024/02/Captura-de-pantalla-2024-02-22-143927.png" alt="" width="262" height="205" srcset="https://agora.xtec.cat/escolapacocandel/wp-content/uploads/usu332/2024/02/Captura-de-pantalla-2024-02-22-143927.png 634w, https://agora.xtec.cat/escolapacocandel/wp-content/uploads/usu332/2024/02/Captura-de-pantalla-2024-02-22-143927-300x235.png 300w" sizes="auto, (max-width: 262px) 100vw, 262px" />La </span><b>representació </b><span style="font-weight: 400;">que fa un infant de la seva construcció esdevé més que un dibuix. És el resultat d&#8217;un procés d&#8217;</span><b>interpretació </b><span style="font-weight: 400;">d&#8217;una realitat i de pensar en com pot plasmar una figura en volum en pla. És el resultat de fixar-se en els petits detalls, en observar els colors, comptar quants elements ha utilitzat i com estan disposats en l&#8217;espai.</span></p>
<blockquote>
<p style="text-align: justify;"><em>“L’experiència ens confirma que els infants necessiten molta llibertat per indagar, </em><em>provar, equivocar-se i corregir. Per triar on i amb qui volen invertir la seva curiositat, les seves emocions; per </em><em>apreciar els infinits recursos de les mans, de la vista, </em><em>de l’oïda, de les formes, dels sons i dels colors.”  </em>Loris Malaguzzi</p>
</blockquote>
<p><img loading="lazy" decoding="async" class="wp-image-8934 aligncenter" src="https://agora.xtec.cat/escolapacocandel/wp-content/uploads/usu332/2024/02/PXL_20240123_143934211.MP_-1024x771.jpg" alt="" width="449" height="338" srcset="https://agora.xtec.cat/escolapacocandel/wp-content/uploads/usu332/2024/02/PXL_20240123_143934211.MP_-1024x771.jpg 1024w, https://agora.xtec.cat/escolapacocandel/wp-content/uploads/usu332/2024/02/PXL_20240123_143934211.MP_-300x226.jpg 300w, https://agora.xtec.cat/escolapacocandel/wp-content/uploads/usu332/2024/02/PXL_20240123_143934211.MP_-768x578.jpg 768w, https://agora.xtec.cat/escolapacocandel/wp-content/uploads/usu332/2024/02/PXL_20240123_143934211.MP_-1536x1157.jpg 1536w, https://agora.xtec.cat/escolapacocandel/wp-content/uploads/usu332/2024/02/PXL_20240123_143934211.MP_-2048x1542.jpg 2048w, https://agora.xtec.cat/escolapacocandel/wp-content/uploads/usu332/2024/02/PXL_20240123_143934211.MP_-200x150.jpg 200w" sizes="auto, (max-width: 449px) 100vw, 449px" /></p>

<p>L&#8217;ambient de construccions convida l&#8217;infant a crear, a explorar nous reptes i aprendre de l&#8217;error, a donar forma a les seves idees i representar les situacions de la vida real com imaginades.</p>
<p>Jugar a construir-destruir, apilar, explorar l&#8217;alçada mentre evolucionen cap a la conquesta de les&hellip;  <a href="https://agora.xtec.cat/escolapacocandel/projecte-educatiu/ambients-daprenentatge/ambients-comunitat-de-petits/ambient-de-construccions/" title="Read Ambient de construccions">Llegeix més»</a></p>
