{"id":8832,"date":"2024-02-22T14:24:17","date_gmt":"2024-02-22T13:24:17","guid":{"rendered":"https:\/\/agora.xtec.cat\/escolapacocandel\/?page_id=8832"},"modified":"2024-03-11T10:34:09","modified_gmt":"2024-03-11T09:34:09","slug":"ambient-dart","status":"publish","type":"page","link":"https:\/\/agora.xtec.cat\/escolapacocandel\/projecte-educatiu\/ambients-daprenentatge\/ambients-comunitat-de-petits\/ambient-dart\/","title":{"rendered":"Ambient d&#8217;ART"},"content":{"rendered":"<p><img loading=\"lazy\" decoding=\"async\" class=\"wp-image-9012 alignleft\" src=\"https:\/\/agora.xtec.cat\/escolapacocandel\/wp-content\/uploads\/usu332\/2024\/03\/IMG_2932-768x1024.jpg\" alt=\"\" width=\"239\" height=\"319\" srcset=\"https:\/\/agora.xtec.cat\/escolapacocandel\/wp-content\/uploads\/usu332\/2024\/03\/IMG_2932-768x1024.jpg 768w, https:\/\/agora.xtec.cat\/escolapacocandel\/wp-content\/uploads\/usu332\/2024\/03\/IMG_2932-225x300.jpg 225w, https:\/\/agora.xtec.cat\/escolapacocandel\/wp-content\/uploads\/usu332\/2024\/03\/IMG_2932-1152x1536.jpg 1152w, https:\/\/agora.xtec.cat\/escolapacocandel\/wp-content\/uploads\/usu332\/2024\/03\/IMG_2932-1536x2048.jpg 1536w, https:\/\/agora.xtec.cat\/escolapacocandel\/wp-content\/uploads\/usu332\/2024\/03\/IMG_2932-scaled.jpg 1920w\" sizes=\"auto, (max-width: 239px) 100vw, 239px\" \/>El llenguatge pl\u00e0stic \u00e9s un dels mitjans de comunicaci\u00f3 del que disposen els infants per expressar tot all\u00f2 que van coneixent del seu entorn i del seu m\u00f3n intern. Entenem l\u2019art com a un mitj\u00e0 per experimentar i expressar sensacions, emocions i pensaments. Moments compartits, on podem observar mirades de complicitat alhora que es creen nous vincles.<\/p>\n<p style=\"text-align: left;\">A partir de pintors com Kandinski o llibres art\u00edstics com els d\u2019Herv\u00e9 Tullet, els infants tenen a l\u2019abast material i t\u00e8cniques diverses. Aix\u00f2 els permet seleccionar, interpretar, compondre i representar.<\/p>\n<p style=\"text-align: left;\">\u00c9s aix\u00ed com queden plasmades les seves manifestacions pl\u00e0stiques, les quals s\u00f3n una forma d\u2019expressi\u00f3 personal i \u00fanica. On ells mateixos i mateixes posen nom a aquesta producci\u00f3.<\/p>\n<p style=\"text-align: left;\">ENFANGAR-SE tot experimentant les sensacions que provoca aquest material humit, modelable i suau. A poc a poc comencen a manipular amb els dits i les mans, a donar-li forma i modelar amb el suport dels diferents estris.<\/p>\n<blockquote><p><em>\u201cLo que la mano hace, la mente lo recuerda\u201d.<\/em>\u00a0Maria Montessori<\/p><\/blockquote>\n<p><img loading=\"lazy\" decoding=\"async\" class=\"wp-image-9013 alignleft\" src=\"https:\/\/agora.xtec.cat\/escolapacocandel\/wp-content\/uploads\/usu332\/2024\/03\/IMG_2651-1024x768.jpg\" alt=\"\" width=\"438\" height=\"328\" srcset=\"https:\/\/agora.xtec.cat\/escolapacocandel\/wp-content\/uploads\/usu332\/2024\/03\/IMG_2651-1024x768.jpg 1024w, https:\/\/agora.xtec.cat\/escolapacocandel\/wp-content\/uploads\/usu332\/2024\/03\/IMG_2651-300x225.jpg 300w, https:\/\/agora.xtec.cat\/escolapacocandel\/wp-content\/uploads\/usu332\/2024\/03\/IMG_2651-768x576.jpg 768w, https:\/\/agora.xtec.cat\/escolapacocandel\/wp-content\/uploads\/usu332\/2024\/03\/IMG_2651-1536x1152.jpg 1536w, https:\/\/agora.xtec.cat\/escolapacocandel\/wp-content\/uploads\/usu332\/2024\/03\/IMG_2651-2048x1536.jpg 2048w, https:\/\/agora.xtec.cat\/escolapacocandel\/wp-content\/uploads\/usu332\/2024\/03\/IMG_2651-200x150.jpg 200w\" sizes=\"auto, (max-width: 438px) 100vw, 438px\" \/><\/p>\n","protected":false},"excerpt":{"rendered":"<p>El llenguatge pl\u00e0stic \u00e9s un dels mitjans de comunicaci\u00f3 del que disposen els infants per expressar tot all\u00f2 que van coneixent del seu entorn i del seu m\u00f3n intern. Entenem l\u2019art com a un mitj\u00e0 per experimentar i expressar sensacions, emocions i pensaments. Moments compartits,&hellip;  <a href=\"https:\/\/agora.xtec.cat\/escolapacocandel\/projecte-educatiu\/ambients-daprenentatge\/ambients-comunitat-de-petits\/ambient-dart\/\" title=\"Read Ambient d&#8217;ART\">Llegeix m\u00e9s\u00bb<\/a><\/p>\n","protected":false},"author":1,"featured_media":0,"parent":190,"menu_order":0,"comment_status":"closed","ping_status":"closed","template":"","meta":{"_bbp_topic_count":0,"_bbp_reply_count":0,"_bbp_total_topic_count":0,"_bbp_total_reply_count":0,"_bbp_voice_count":0,"_bbp_anonymous_reply_count":0,"_bbp_topic_count_hidden":0,"_bbp_reply_count_hidden":0,"_bbp_forum_subforum_count":0,"footnotes":""},"class_list":["post-8832","page","type-page","status-publish","hentry"],"post_mailing_queue_ids":[],"_links":{"self":[{"href":"https:\/\/agora.xtec.cat\/escolapacocandel\/wp-json\/wp\/v2\/pages\/8832","targetHints":{"allow":["GET"]}}],"collection":[{"href":"https:\/\/agora.xtec.cat\/escolapacocandel\/wp-json\/wp\/v2\/pages"}],"about":[{"href":"https:\/\/agora.xtec.cat\/escolapacocandel\/wp-json\/wp\/v2\/types\/page"}],"author":[{"embeddable":true,"href":"https:\/\/agora.xtec.cat\/escolapacocandel\/wp-json\/wp\/v2\/users\/1"}],"replies":[{"embeddable":true,"href":"https:\/\/agora.xtec.cat\/escolapacocandel\/wp-json\/wp\/v2\/comments?post=8832"}],"version-history":[{"count":5,"href":"https:\/\/agora.xtec.cat\/escolapacocandel\/wp-json\/wp\/v2\/pages\/8832\/revisions"}],"predecessor-version":[{"id":9104,"href":"https:\/\/agora.xtec.cat\/escolapacocandel\/wp-json\/wp\/v2\/pages\/8832\/revisions\/9104"}],"up":[{"embeddable":true,"href":"https:\/\/agora.xtec.cat\/escolapacocandel\/wp-json\/wp\/v2\/pages\/190"}],"wp:attachment":[{"href":"https:\/\/agora.xtec.cat\/escolapacocandel\/wp-json\/wp\/v2\/media?parent=8832"}],"curies":[{"name":"wp","href":"https:\/\/api.w.org\/{rel}","templated":true}]}}

<p><img loading="lazy" decoding="async" class="wp-image-9012 alignleft" src="https://agora.xtec.cat/escolapacocandel/wp-content/uploads/usu332/2024/03/IMG_2932-768x1024.jpg" alt="" width="239" height="319" srcset="https://agora.xtec.cat/escolapacocandel/wp-content/uploads/usu332/2024/03/IMG_2932-768x1024.jpg 768w, https://agora.xtec.cat/escolapacocandel/wp-content/uploads/usu332/2024/03/IMG_2932-225x300.jpg 225w, https://agora.xtec.cat/escolapacocandel/wp-content/uploads/usu332/2024/03/IMG_2932-1152x1536.jpg 1152w, https://agora.xtec.cat/escolapacocandel/wp-content/uploads/usu332/2024/03/IMG_2932-1536x2048.jpg 1536w, https://agora.xtec.cat/escolapacocandel/wp-content/uploads/usu332/2024/03/IMG_2932-scaled.jpg 1920w" sizes="auto, (max-width: 239px) 100vw, 239px" />El llenguatge plàstic és un dels mitjans de comunicació del que disposen els infants per expressar tot allò que van coneixent del seu entorn i del seu món intern. Entenem l’art com a un mitjà per experimentar i expressar sensacions, emocions i pensaments. Moments compartits, on podem observar mirades de complicitat alhora que es creen nous vincles.</p>
<p style="text-align: left;">A partir de pintors com Kandinski o llibres artístics com els d’Hervé Tullet, els infants tenen a l’abast material i tècniques diverses. Això els permet seleccionar, interpretar, compondre i representar.</p>
<p style="text-align: left;">És així com queden plasmades les seves manifestacions plàstiques, les quals són una forma d’expressió personal i única. On ells mateixos i mateixes posen nom a aquesta producció.</p>
<p style="text-align: left;">ENFANGAR-SE tot experimentant les sensacions que provoca aquest material humit, modelable i suau. A poc a poc comencen a manipular amb els dits i les mans, a donar-li forma i modelar amb el suport dels diferents estris.</p>
<blockquote><p><em>“Lo que la mano hace, la mente lo recuerda”.</em> Maria Montessori</p></blockquote>
<p><img loading="lazy" decoding="async" class="wp-image-9013 alignleft" src="https://agora.xtec.cat/escolapacocandel/wp-content/uploads/usu332/2024/03/IMG_2651-1024x768.jpg" alt="" width="438" height="328" srcset="https://agora.xtec.cat/escolapacocandel/wp-content/uploads/usu332/2024/03/IMG_2651-1024x768.jpg 1024w, https://agora.xtec.cat/escolapacocandel/wp-content/uploads/usu332/2024/03/IMG_2651-300x225.jpg 300w, https://agora.xtec.cat/escolapacocandel/wp-content/uploads/usu332/2024/03/IMG_2651-768x576.jpg 768w, https://agora.xtec.cat/escolapacocandel/wp-content/uploads/usu332/2024/03/IMG_2651-1536x1152.jpg 1536w, https://agora.xtec.cat/escolapacocandel/wp-content/uploads/usu332/2024/03/IMG_2651-2048x1536.jpg 2048w, https://agora.xtec.cat/escolapacocandel/wp-content/uploads/usu332/2024/03/IMG_2651-200x150.jpg 200w" sizes="auto, (max-width: 438px) 100vw, 438px" /></p>

<p>El llenguatge plàstic és un dels mitjans de comunicació del que disposen els infants per expressar tot allò que van coneixent del seu entorn i del seu món intern. Entenem l’art com a un mitjà per experimentar i expressar sensacions, emocions i pensaments. Moments compartits,&hellip;  <a href="https://agora.xtec.cat/escolapacocandel/projecte-educatiu/ambients-daprenentatge/ambients-comunitat-de-petits/ambient-dart/" title="Read Ambient d&#8217;ART">Llegeix més»</a></p>
