{"id":7316,"date":"2023-02-02T13:35:53","date_gmt":"2023-02-02T12:35:53","guid":{"rendered":"https:\/\/agora.xtec.cat\/escolapacocandel\/?page_id=7316"},"modified":"2025-10-20T09:27:21","modified_gmt":"2025-10-20T07:27:21","slug":"suport-intensiu-escolaritzacio-inclusiva-siei","status":"publish","type":"page","link":"https:\/\/agora.xtec.cat\/escolapacocandel\/projecte-educatiu\/suport-intensiu-escolaritzacio-inclusiva-siei\/","title":{"rendered":"Suport intensiu escolaritzaci\u00f3 inclusiva (SIEI i SIEI +)"},"content":{"rendered":"<p style=\"text-align: justify;\">A l&#8217;escola Paco\u00a0<span class=\"hiddenSpellError\">Candel<\/span>\u00a0comptem amb el Suport intensiu a l&#8217;escolaritzaci\u00f3 inclusiva (SIEI).<\/p>\n<p style=\"text-align: justify;\">Aquest recurs consisteix en una dotaci\u00f3 de professionals que formen part de l&#8217;escola per atendre els i les alumnes amb necessitats educatives especials que ho necessiten. Aquest recurs \u00e9s un m\u00e9s dels que t\u00e9 l&#8217;escola Paco\u00a0<span class=\"hiddenSpellError\">Candel<\/span>\u00a0per a la inclusi\u00f3 de tot el seu alumnat (juntament amb els suports universals i addicionals).<\/p>\n<p style=\"text-align: justify;\">El recurs SIEI va adre\u00e7at als i les alumnes amb necessitats educatives especials derivades de limitacions molt significatives, tant en el funcionament intel\u00b7lectual com en la conducta adaptativa, i que requereixen, al llarg de tota l&#8217;escolaritat, mesures i suports intensius per poder relacionar-se, participar i aprendre.<\/p>\n<p style=\"text-align: justify;\">L&#8217;atenci\u00f3 dels infants destinataris del suport SIEI \u00e9s responsabilitat de tot l&#8217;equip docent i en concret del docent tutor del grup de refer\u00e8ncia. L&#8217;alumnat que rep aquest suport, van al seu grup de refer\u00e8ncia, sent aquest espai el que s&#8217;ha d&#8217;adaptar a la necessitat de l&#8217;infant.<br \/>El funcionament del SIEI a la nostra escola s&#8217;emmarca en el plantejament global de centre per l&#8217;educaci\u00f3 inclusiva de l&#8217;alumnat. Actualment, aquest funcionament es fa a trav\u00e9s de dues estrat\u00e8gies:<\/p>\n<ul>\n<li style=\"text-align: justify;\">A l&#8217;aula de refer\u00e8ncia de l&#8217;alumne: El docent tutor de l&#8217;alumnat i el professional SIEI treballen de forma coordinada per adaptar les activitats a les necessitats de l&#8217;infant. Les activitats es porten a terme a l&#8217;aula de refer\u00e8ncia juntament amb la resta d&#8217;alumnes del seu grup<\/li>\n<li style=\"text-align: justify;\">A l&#8217;aula espec\u00edfica. La nostra escola compta amb una aula espec\u00edfica, on els i les alumnes destinataris del recurs SIEI poden rebre, en cas que ho necessitin, una atenci\u00f3 m\u00e9s individualitzada en el seu proc\u00e9s de desenvolupament i aprenentatge. En aquest espai, el mestre especialista porta a terme activitats adaptades de manera individualitzada a l&#8217;infant, amb l&#8217;objectiu de progressar en el seu proc\u00e9s individual.<\/li>\n<\/ul>\n<p><a href=\"https:\/\/agora.xtec.cat\/escolapacocandel\/wp-content\/uploads\/usu332\/2023\/02\/20230119_160603.jpg\"><img loading=\"lazy\" decoding=\"async\" class=\"wp-image-7317 aligncenter\" src=\"https:\/\/agora.xtec.cat\/escolapacocandel\/wp-content\/uploads\/usu332\/2023\/02\/20230119_160603-1024x615.jpg\" alt=\"\" width=\"403\" height=\"242\" srcset=\"https:\/\/agora.xtec.cat\/escolapacocandel\/wp-content\/uploads\/usu332\/2023\/02\/20230119_160603-1024x615.jpg 1024w, https:\/\/agora.xtec.cat\/escolapacocandel\/wp-content\/uploads\/usu332\/2023\/02\/20230119_160603-300x180.jpg 300w, https:\/\/agora.xtec.cat\/escolapacocandel\/wp-content\/uploads\/usu332\/2023\/02\/20230119_160603-768x461.jpg 768w, https:\/\/agora.xtec.cat\/escolapacocandel\/wp-content\/uploads\/usu332\/2023\/02\/20230119_160603-1536x923.jpg 1536w, https:\/\/agora.xtec.cat\/escolapacocandel\/wp-content\/uploads\/usu332\/2023\/02\/20230119_160603.jpg 1868w\" sizes=\"auto, (max-width: 403px) 100vw, 403px\" \/><\/a><\/p>\n\n\n<p><\/p>\n\n\n\n<p>A l\u2019escola Paco Candel tamb\u00e9 comptem amb el <strong>Suport intensiu d\u2019escolaritzaci\u00f3 inclusiva plus (SIEI+)<\/strong>, una ampliaci\u00f3 del model SIEI que permet oferir <strong>una resposta educativa encara m\u00e9s personalitzada i intensiva<\/strong> a l\u2019alumnat que ho requereix.<\/p>\n\n\n\n<p>Aquest recurs s\u2019adre\u00e7a a infants amb necessitats educatives especials que necessiten un acompanyament continu i espec\u00edfic per avan\u00e7ar tant en els aprenentatges com en el seu desenvolupament personal, social i emocional.<\/p>\n\n\n\n<p>El SIEI+ <strong>disposa de m\u00e9s hores de suport especialitzat<\/strong> i d\u2019un equip educatiu m\u00e9s ampli i multidisciplinari, que pot incloure professionals de diferents \u00e0mbits, com ara educaci\u00f3 especial, logop\u00e8dia o educaci\u00f3 emocional. Aquesta estructura permet una atenci\u00f3 m\u00e9s flexible, adaptant-se a les necessitats concretes de cada alumne en cada moment.<\/p>\n\n\n\n<p>L\u2019enfocament del SIEI+ \u00e9s m\u00e9s global i integral, posant \u00e8mfasi no nom\u00e9s en els aprenentatges acad\u00e8mics, sin\u00f3 tamb\u00e9 en la participaci\u00f3, la conducta, la comunicaci\u00f3 i el benestar emocional dels infants. Amb aquest recurs, l\u2019escola continua avan\u00e7ant cap a un model inclusiu i equitatiu, que garanteix que tots els nens i nenes tinguin les mateixes oportunitats d\u2019aprendre i de formar part activa de la vida del centre.<\/p>\n\n\n\n<p><\/p>\n","protected":false},"excerpt":{"rendered":"<p>A l&#8217;escola Paco\u00a0Candel\u00a0comptem amb el Suport intensiu a l&#8217;escolaritzaci\u00f3 inclusiva (SIEI).<br \/>\nAquest recurs consisteix en una dotaci\u00f3 de professionals que formen part de l&#8217;escola per atendre els i les alumnes amb necessitats educatives especials que ho necessiten. Aquest recurs \u00e9s un m\u00e9s dels que t\u00e9 l&#8217;escola&hellip;  <a href=\"https:\/\/agora.xtec.cat\/escolapacocandel\/projecte-educatiu\/suport-intensiu-escolaritzacio-inclusiva-siei\/\" title=\"Read Suport intensiu escolaritzaci\u00f3 inclusiva (SIEI i SIEI +)\">Llegeix m\u00e9s\u00bb<\/a><\/p>\n","protected":false},"author":1,"featured_media":0,"parent":64,"menu_order":0,"comment_status":"closed","ping_status":"closed","template":"","meta":{"_bbp_topic_count":0,"_bbp_reply_count":0,"_bbp_total_topic_count":0,"_bbp_total_reply_count":0,"_bbp_voice_count":0,"_bbp_anonymous_reply_count":0,"_bbp_topic_count_hidden":0,"_bbp_reply_count_hidden":0,"_bbp_forum_subforum_count":0,"footnotes":""},"class_list":["post-7316","page","type-page","status-publish","hentry"],"post_mailing_queue_ids":[],"_links":{"self":[{"href":"https:\/\/agora.xtec.cat\/escolapacocandel\/wp-json\/wp\/v2\/pages\/7316","targetHints":{"allow":["GET"]}}],"collection":[{"href":"https:\/\/agora.xtec.cat\/escolapacocandel\/wp-json\/wp\/v2\/pages"}],"about":[{"href":"https:\/\/agora.xtec.cat\/escolapacocandel\/wp-json\/wp\/v2\/types\/page"}],"author":[{"embeddable":true,"href":"https:\/\/agora.xtec.cat\/escolapacocandel\/wp-json\/wp\/v2\/users\/1"}],"replies":[{"embeddable":true,"href":"https:\/\/agora.xtec.cat\/escolapacocandel\/wp-json\/wp\/v2\/comments?post=7316"}],"version-history":[{"count":4,"href":"https:\/\/agora.xtec.cat\/escolapacocandel\/wp-json\/wp\/v2\/pages\/7316\/revisions"}],"predecessor-version":[{"id":10268,"href":"https:\/\/agora.xtec.cat\/escolapacocandel\/wp-json\/wp\/v2\/pages\/7316\/revisions\/10268"}],"up":[{"embeddable":true,"href":"https:\/\/agora.xtec.cat\/escolapacocandel\/wp-json\/wp\/v2\/pages\/64"}],"wp:attachment":[{"href":"https:\/\/agora.xtec.cat\/escolapacocandel\/wp-json\/wp\/v2\/media?parent=7316"}],"curies":[{"name":"wp","href":"https:\/\/api.w.org\/{rel}","templated":true}]}}

Suport intensiu escolarització inclusiva (SIEI i SIEI +)

<p style="text-align: justify;">A l&#8217;escola Paco <span class="hiddenSpellError">Candel</span> comptem amb el Suport intensiu a l&#8217;escolarització inclusiva (SIEI).</p>
<p style="text-align: justify;">Aquest recurs consisteix en una dotació de professionals que formen part de l&#8217;escola per atendre els i les alumnes amb necessitats educatives especials que ho necessiten. Aquest recurs és un més dels que té l&#8217;escola Paco <span class="hiddenSpellError">Candel</span> per a la inclusió de tot el seu alumnat (juntament amb els suports universals i addicionals).</p>
<p style="text-align: justify;">El recurs SIEI va adreçat als i les alumnes amb necessitats educatives especials derivades de limitacions molt significatives, tant en el funcionament intel·lectual com en la conducta adaptativa, i que requereixen, al llarg de tota l&#8217;escolaritat, mesures i suports intensius per poder relacionar-se, participar i aprendre.</p>
<p style="text-align: justify;">L&#8217;atenció dels infants destinataris del suport SIEI és responsabilitat de tot l&#8217;equip docent i en concret del docent tutor del grup de referència. L&#8217;alumnat que rep aquest suport, van al seu grup de referència, sent aquest espai el que s&#8217;ha d&#8217;adaptar a la necessitat de l&#8217;infant.<br />El funcionament del SIEI a la nostra escola s&#8217;emmarca en el plantejament global de centre per l&#8217;educació inclusiva de l&#8217;alumnat. Actualment, aquest funcionament es fa a través de dues estratègies:</p>
<ul>
<li style="text-align: justify;">A l&#8217;aula de referència de l&#8217;alumne: El docent tutor de l&#8217;alumnat i el professional SIEI treballen de forma coordinada per adaptar les activitats a les necessitats de l&#8217;infant. Les activitats es porten a terme a l&#8217;aula de referència juntament amb la resta d&#8217;alumnes del seu grup</li>
<li style="text-align: justify;">A l&#8217;aula específica. La nostra escola compta amb una aula específica, on els i les alumnes destinataris del recurs SIEI poden rebre, en cas que ho necessitin, una atenció més individualitzada en el seu procés de desenvolupament i aprenentatge. En aquest espai, el mestre especialista porta a terme activitats adaptades de manera individualitzada a l&#8217;infant, amb l&#8217;objectiu de progressar en el seu procés individual.</li>
</ul>
<p><a href="https://agora.xtec.cat/escolapacocandel/wp-content/uploads/usu332/2023/02/20230119_160603.jpg"><img loading="lazy" decoding="async" class="wp-image-7317 aligncenter" src="https://agora.xtec.cat/escolapacocandel/wp-content/uploads/usu332/2023/02/20230119_160603-1024x615.jpg" alt="" width="403" height="242" srcset="https://agora.xtec.cat/escolapacocandel/wp-content/uploads/usu332/2023/02/20230119_160603-1024x615.jpg 1024w, https://agora.xtec.cat/escolapacocandel/wp-content/uploads/usu332/2023/02/20230119_160603-300x180.jpg 300w, https://agora.xtec.cat/escolapacocandel/wp-content/uploads/usu332/2023/02/20230119_160603-768x461.jpg 768w, https://agora.xtec.cat/escolapacocandel/wp-content/uploads/usu332/2023/02/20230119_160603-1536x923.jpg 1536w, https://agora.xtec.cat/escolapacocandel/wp-content/uploads/usu332/2023/02/20230119_160603.jpg 1868w" sizes="auto, (max-width: 403px) 100vw, 403px" /></a></p>


<p></p>



<p>A l’escola Paco Candel també comptem amb el <strong>Suport intensiu d’escolarització inclusiva plus (SIEI+)</strong>, una ampliació del model SIEI que permet oferir <strong>una resposta educativa encara més personalitzada i intensiva</strong> a l’alumnat que ho requereix.</p>



<p>Aquest recurs s’adreça a infants amb necessitats educatives especials que necessiten un acompanyament continu i específic per avançar tant en els aprenentatges com en el seu desenvolupament personal, social i emocional.</p>



<p>El SIEI+ <strong>disposa de més hores de suport especialitzat</strong> i d’un equip educatiu més ampli i multidisciplinari, que pot incloure professionals de diferents àmbits, com ara educació especial, logopèdia o educació emocional. Aquesta estructura permet una atenció més flexible, adaptant-se a les necessitats concretes de cada alumne en cada moment.</p>



<p>L’enfocament del SIEI+ és més global i integral, posant èmfasi no només en els aprenentatges acadèmics, sinó també en la participació, la conducta, la comunicació i el benestar emocional dels infants. Amb aquest recurs, l’escola continua avançant cap a un model inclusiu i equitatiu, que garanteix que tots els nens i nenes tinguin les mateixes oportunitats d’aprendre i de formar part activa de la vida del centre.</p>



<p></p>

<p>A l&#8217;escola Paco Candel comptem amb el Suport intensiu a l&#8217;escolarització inclusiva (SIEI).<br />
Aquest recurs consisteix en una dotació de professionals que formen part de l&#8217;escola per atendre els i les alumnes amb necessitats educatives especials que ho necessiten. Aquest recurs és un més dels que té l&#8217;escola&hellip;  <a href="https://agora.xtec.cat/escolapacocandel/projecte-educatiu/suport-intensiu-escolaritzacio-inclusiva-siei/" title="Read Suport intensiu escolarització inclusiva (SIEI i SIEI +)">Llegeix més»</a></p>
