{"id":6608,"date":"2022-06-19T18:37:32","date_gmt":"2022-06-19T16:37:32","guid":{"rendered":"https:\/\/agora.xtec.cat\/escolapacocandel\/?page_id=6608"},"modified":"2022-11-24T10:45:18","modified_gmt":"2022-11-24T09:45:18","slug":"diagnosi","status":"publish","type":"page","link":"https:\/\/agora.xtec.cat\/escolapacocandel\/projecte-educatiu\/documents\/estrategia-digital-de-centre\/part-estrategica\/diagnosi\/","title":{"rendered":"Diagnosi"},"content":{"rendered":"<p>Per fer la <strong>diagnosi<\/strong>, la comissi\u00f3 digital del centre ha utilitzat:<\/p>\n<ul>\n<li style=\"list-style-type: none;\">\n<ul>\n<li aria-level=\"1\">Enquesta al professorat, a l\u2019alumnat i a les fam\u00edlies: la participaci\u00f3 del professorat ha estat del 79%, la de l\u2019alumnat del 94% i la de les fam\u00edlies del 60%. Per determinar les preguntes, s\u2019han analitzat els \u00edtems del pla TAC i les \u00e0rees digitals que marca el PEDC (alumnat, professorat i centre).<\/li>\n<li aria-level=\"1\">Entrevista a la direcci\u00f3 i a la coordinaci\u00f3 digital.<\/li>\n<\/ul>\n<\/li>\n<\/ul>\n<p><strong>Resultat de les enquestes<\/strong><\/p>\n<table style=\"border-collapse: collapse; width: 100%; height: 112px;\">\n<tbody>\n<tr style=\"height: 32px;\">\n<td style=\"width: 21.29%; height: 32px;\"><\/td>\n<td style=\"width: 37.6635%; text-align: center; height: 32px;\"><strong>Punts forts<\/strong><\/td>\n<td style=\"width: 41.0464%; text-align: center; height: 32px;\"><strong>Punts febles<\/strong><\/td>\n<\/tr>\n<tr style=\"height: 48px;\">\n<td style=\"width: 21.29%; text-align: center; height: 48px;\"><strong>Fam\u00edlies<\/strong><\/td>\n<td style=\"width: 37.6635%; height: 48px;\">\n<ul>\n<li><span style=\"font-weight: 400;\">Hi ha una comunicaci\u00f3 digital \u00e0gil i fluida entre escola i fam\u00edlies via e-mail i APP de centre.<\/span><\/li>\n<li>Es poden consultat els documents de centre amb facilitat.<\/li>\n<\/ul>\n<\/td>\n<td style=\"width: 41.0464%; height: 48px;\">\n<ul>\n<li><span style=\"font-weight: 400;\">Les fam\u00edlies tenen la sensaci\u00f3 de falta d\u2019informaci\u00f3 del dia a dia a l\u2019escola.<\/span><\/li>\n<\/ul>\n<\/td>\n<\/tr>\n<tr style=\"height: 32px;\">\n<td style=\"width: 21.29%; height: 32px; text-align: center;\"><strong>Centre<\/strong><\/td>\n<td style=\"width: 37.6635%;\">\n<ul>\n<li><span style=\"font-weight: 400;\">Els docents s\u00f3n competents digitalment a nivell instrumental, en el tractament de la informaci\u00f3 i presentaci\u00f3 de continguts.<\/span><\/li>\n<li>Els docents utilitzen de manera habitual els<br \/>\nrecursos digitals amb o sense alumnes.<\/li>\n<\/ul>\n<\/td>\n<td style=\"width: 41.0464%;\">\n<ul>\n<li><span style=\"font-weight: 400;\">Les NOFC no inclouen aspectes digitals de centre.<\/span><\/li>\n<li><span style=\"font-weight: 400;\">No sempre es t\u00e9 en compte els drets d\u2019imatge i la propietat intel\u00b7lectual dels recursos.<\/span><\/li>\n<li>Manca incloure en les programacions el<br \/>\ntreball de la protecci\u00f3 dels drets fonamentals a l\u2019honor, la intimitat personal i la pr\u00f2pia imatge en l\u2019\u00fas de les tecnologies digitals.<\/li>\n<\/ul>\n<\/td>\n<\/tr>\n<tr>\n<td style=\"width: 21.29%; text-align: center;\"><strong>Alumnat<\/strong><\/td>\n<td style=\"width: 37.6635%;\">\n<ul>\n<li>Al centre hi ha dispositius connectats a internet.<\/li>\n<li>L&#8217;alumnat disposa de dispositius i connectivitat a casa.<\/li>\n<\/ul>\n<\/td>\n<td style=\"width: 41.0464%;\">\n<ul>\n<li>Exc\u00e9s d&#8217;hores de connectivitat a casa.<\/li>\n<li>Manca un treball de bones pr\u00e0ctiques d&#8217;\u00fas de les tecnologies.<\/li>\n<\/ul>\n<\/td>\n<\/tr>\n<\/tbody>\n<\/table>\n","protected":false},"excerpt":{"rendered":"<p>Per fer la diagnosi, la comissi\u00f3 digital del centre ha utilitzat:<\/p>\n<ul>\n<li style=\"list-style-type: none;\">\n<ul>\n<li aria-level=\"1\">Enquesta al professorat, a l\u2019alumnat i a les fam\u00edlies: la participaci\u00f3 del professorat ha estat del 79%, la de l\u2019alumnat del 94% i la de les fam\u00edlies del 60%. Per determinar les&hellip;  <a href=\"https:\/\/agora.xtec.cat\/escolapacocandel\/projecte-educatiu\/documents\/estrategia-digital-de-centre\/part-estrategica\/diagnosi\/\" title=\"Read Diagnosi\">Llegeix m\u00e9s\u00bb<\/a><br \/>\n","protected":false},"author":1,"featured_media":0,"parent":6397,"menu_order":0,"comment_status":"closed","ping_status":"closed","template":"","meta":{"_bbp_topic_count":0,"_bbp_reply_count":0,"_bbp_total_topic_count":0,"_bbp_total_reply_count":0,"_bbp_voice_count":0,"_bbp_anonymous_reply_count":0,"_bbp_topic_count_hidden":0,"_bbp_reply_count_hidden":0,"_bbp_forum_subforum_count":0,"footnotes":""},"class_list":["post-6608","page","type-page","status-publish","hentry"],"post_mailing_queue_ids":[],"_links":{"self":[{"href":"https:\/\/agora.xtec.cat\/escolapacocandel\/wp-json\/wp\/v2\/pages\/6608","targetHints":{"allow":["GET"]}}],"collection":[{"href":"https:\/\/agora.xtec.cat\/escolapacocandel\/wp-json\/wp\/v2\/pages"}],"about":[{"href":"https:\/\/agora.xtec.cat\/escolapacocandel\/wp-json\/wp\/v2\/types\/page"}],"author":[{"embeddable":true,"href":"https:\/\/agora.xtec.cat\/escolapacocandel\/wp-json\/wp\/v2\/users\/1"}],"replies":[{"embeddable":true,"href":"https:\/\/agora.xtec.cat\/escolapacocandel\/wp-json\/wp\/v2\/comments?post=6608"}],"version-history":[{"count":3,"href":"https:\/\/agora.xtec.cat\/escolapacocandel\/wp-json\/wp\/v2\/pages\/6608\/revisions"}],"predecessor-version":[{"id":6944,"href":"https:\/\/agora.xtec.cat\/escolapacocandel\/wp-json\/wp\/v2\/pages\/6608\/revisions\/6944"}],"up":[{"embeddable":true,"href":"https:\/\/agora.xtec.cat\/escolapacocandel\/wp-json\/wp\/v2\/pages\/6397"}],"wp:attachment":[{"href":"https:\/\/agora.xtec.cat\/escolapacocandel\/wp-json\/wp\/v2\/media?parent=6608"}],"curies":[{"name":"wp","href":"https:\/\/api.w.org\/{rel}","templated":true}]}}

<p>Per fer la <strong>diagnosi</strong>, la comissió digital del centre ha utilitzat:</p>
<ul>
<li style="list-style-type: none;">
<ul>
<li aria-level="1">Enquesta al professorat, a l’alumnat i a les famílies: la participació del professorat ha estat del 79%, la de l’alumnat del 94% i la de les famílies del 60%. Per determinar les preguntes, s’han analitzat els ítems del pla TAC i les àrees digitals que marca el PEDC (alumnat, professorat i centre).</li>
<li aria-level="1">Entrevista a la direcció i a la coordinació digital.</li>
</ul>
</li>
</ul>
<p><strong>Resultat de les enquestes</strong></p>
<table style="border-collapse: collapse; width: 100%; height: 112px;">
<tbody>
<tr style="height: 32px;">
<td style="width: 21.29%; height: 32px;"></td>
<td style="width: 37.6635%; text-align: center; height: 32px;"><strong>Punts forts</strong></td>
<td style="width: 41.0464%; text-align: center; height: 32px;"><strong>Punts febles</strong></td>
</tr>
<tr style="height: 48px;">
<td style="width: 21.29%; text-align: center; height: 48px;"><strong>Famílies</strong></td>
<td style="width: 37.6635%; height: 48px;">
<ul>
<li><span style="font-weight: 400;">Hi ha una comunicació digital àgil i fluida entre escola i famílies via e-mail i APP de centre.</span></li>
<li>Es poden consultat els documents de centre amb facilitat.</li>
</ul>
</td>
<td style="width: 41.0464%; height: 48px;">
<ul>
<li><span style="font-weight: 400;">Les famílies tenen la sensació de falta d’informació del dia a dia a l’escola.</span></li>
</ul>
</td>
</tr>
<tr style="height: 32px;">
<td style="width: 21.29%; height: 32px; text-align: center;"><strong>Centre</strong></td>
<td style="width: 37.6635%;">
<ul>
<li><span style="font-weight: 400;">Els docents són competents digitalment a nivell instrumental, en el tractament de la informació i presentació de continguts.</span></li>
<li>Els docents utilitzen de manera habitual els<br />
recursos digitals amb o sense alumnes.</li>
</ul>
</td>
<td style="width: 41.0464%;">
<ul>
<li><span style="font-weight: 400;">Les NOFC no inclouen aspectes digitals de centre.</span></li>
<li><span style="font-weight: 400;">No sempre es té en compte els drets d’imatge i la propietat intel·lectual dels recursos.</span></li>
<li>Manca incloure en les programacions el<br />
treball de la protecció dels drets fonamentals a l’honor, la intimitat personal i la pròpia imatge en l’ús de les tecnologies digitals.</li>
</ul>
</td>
</tr>
<tr>
<td style="width: 21.29%; text-align: center;"><strong>Alumnat</strong></td>
<td style="width: 37.6635%;">
<ul>
<li>Al centre hi ha dispositius connectats a internet.</li>
<li>L&#8217;alumnat disposa de dispositius i connectivitat a casa.</li>
</ul>
</td>
<td style="width: 41.0464%;">
<ul>
<li>Excés d&#8217;hores de connectivitat a casa.</li>
<li>Manca un treball de bones pràctiques d&#8217;ús de les tecnologies.</li>
</ul>
</td>
</tr>
</tbody>
</table>

<p>Per fer la diagnosi, la comissió digital del centre ha utilitzat:</p>
<ul>
<li style="list-style-type: none;">
<ul>
<li aria-level="1">Enquesta al professorat, a l’alumnat i a les famílies: la participació del professorat ha estat del 79%, la de l’alumnat del 94% i la de les famílies del 60%. Per determinar les&hellip;  <a href="https://agora.xtec.cat/escolapacocandel/projecte-educatiu/documents/estrategia-digital-de-centre/part-estrategica/diagnosi/" title="Read Diagnosi">Llegeix més»</a><br />
