{"id":64,"date":"2014-09-18T12:39:08","date_gmt":"2014-09-18T12:39:08","guid":{"rendered":"http:\/\/agora.xtec.cat\/escolapacocandel\/?page_id=64"},"modified":"2024-03-11T10:30:58","modified_gmt":"2024-03-11T09:30:58","slug":"projecte-educatiu","status":"publish","type":"page","link":"https:\/\/agora.xtec.cat\/escolapacocandel\/projecte-educatiu\/","title":{"rendered":"Projecte educatiu"},"content":{"rendered":"<p style=\"text-align: justify;\">L&#8217;escola Paco Candel \u00e9s una escola p\u00fablica de nova creaci\u00f3 situada entre els barris de Santa Eul\u00e0lia i Gornal de l&#8217;Hospitalet de Llobregat. Vam iniciar amb molta il\u00b7lusi\u00f3 el nostre projecte el curs 2011-12.<\/p>\n<p style=\"text-align: justify;\">El nostre gran objectiu \u00e9s seguir construint una escola oberta, participativa, amb una metodologia de treball activa i respectuosa amb les necessitats dels infants. Volem que tots els nens i nenes esdevinguin individus capa\u00e7os, competents, cr\u00edtics i feli\u00e7os.<\/p>\n<p>El projecte parteix de la idea d\u2019infant que tenim per preguntar-nos sobre qu\u00e8 necessita aprendre un infant i quines eines li oferim perqu\u00e8 progressi i sobre quin ha de ser el paper del mestre. A l\u2019escola creiem en la riquesa infinita de les potencialitats dels infants, la seva capacitat de sorprendre\u2019s i investigar, la seva capacitat de construir el coneixement a trav\u00e9s de l\u2019acci\u00f3, la creativitat i les relacions personals.<\/p>\n","protected":false},"excerpt":{"rendered":"<p>L&#8217;escola Paco Candel \u00e9s una escola p\u00fablica de nova creaci\u00f3 situada entre els barris de Santa Eul\u00e0lia i Gornal de l&#8217;Hospitalet de Llobregat. Vam iniciar amb molta il\u00b7lusi\u00f3 el nostre projecte el curs 2011-12.<br \/>\nEl nostre gran objectiu \u00e9s seguir construint una escola oberta, participativa, amb&hellip;  <a href=\"https:\/\/agora.xtec.cat\/escolapacocandel\/projecte-educatiu\/\" title=\"Read Projecte educatiu\">Llegeix m\u00e9s\u00bb<\/a><\/p>\n","protected":false},"author":2,"featured_media":0,"parent":0,"menu_order":0,"comment_status":"closed","ping_status":"closed","template":"","meta":{"_bbp_topic_count":0,"_bbp_reply_count":0,"_bbp_total_topic_count":0,"_bbp_total_reply_count":0,"_bbp_voice_count":0,"_bbp_anonymous_reply_count":0,"_bbp_topic_count_hidden":0,"_bbp_reply_count_hidden":0,"_bbp_forum_subforum_count":0,"footnotes":""},"class_list":["post-64","page","type-page","status-publish","hentry"],"post_mailing_queue_ids":[],"_links":{"self":[{"href":"https:\/\/agora.xtec.cat\/escolapacocandel\/wp-json\/wp\/v2\/pages\/64","targetHints":{"allow":["GET"]}}],"collection":[{"href":"https:\/\/agora.xtec.cat\/escolapacocandel\/wp-json\/wp\/v2\/pages"}],"about":[{"href":"https:\/\/agora.xtec.cat\/escolapacocandel\/wp-json\/wp\/v2\/types\/page"}],"author":[{"embeddable":true,"href":"https:\/\/agora.xtec.cat\/escolapacocandel\/wp-json\/wp\/v2\/users\/2"}],"replies":[{"embeddable":true,"href":"https:\/\/agora.xtec.cat\/escolapacocandel\/wp-json\/wp\/v2\/comments?post=64"}],"version-history":[{"count":4,"href":"https:\/\/agora.xtec.cat\/escolapacocandel\/wp-json\/wp\/v2\/pages\/64\/revisions"}],"predecessor-version":[{"id":9101,"href":"https:\/\/agora.xtec.cat\/escolapacocandel\/wp-json\/wp\/v2\/pages\/64\/revisions\/9101"}],"wp:attachment":[{"href":"https:\/\/agora.xtec.cat\/escolapacocandel\/wp-json\/wp\/v2\/media?parent=64"}],"curies":[{"name":"wp","href":"https:\/\/api.w.org\/{rel}","templated":true}]}}

<p style="text-align: justify;">L&#8217;escola Paco Candel és una escola pública de nova creació situada entre els barris de Santa Eulàlia i Gornal de l&#8217;Hospitalet de Llobregat. Vam iniciar amb molta il·lusió el nostre projecte el curs 2011-12.</p>
<p style="text-align: justify;">El nostre gran objectiu és seguir construint una escola oberta, participativa, amb una metodologia de treball activa i respectuosa amb les necessitats dels infants. Volem que tots els nens i nenes esdevinguin individus capaços, competents, crítics i feliços.</p>
<p>El projecte parteix de la idea d’infant que tenim per preguntar-nos sobre què necessita aprendre un infant i quines eines li oferim perquè progressi i sobre quin ha de ser el paper del mestre. A l’escola creiem en la riquesa infinita de les potencialitats dels infants, la seva capacitat de sorprendre’s i investigar, la seva capacitat de construir el coneixement a través de l’acció, la creativitat i les relacions personals.</p>

<p>L&#8217;escola Paco Candel és una escola pública de nova creació situada entre els barris de Santa Eulàlia i Gornal de l&#8217;Hospitalet de Llobregat. Vam iniciar amb molta il·lusió el nostre projecte el curs 2011-12.<br />
El nostre gran objectiu és seguir construint una escola oberta, participativa, amb&hellip;  <a href="https://agora.xtec.cat/escolapacocandel/projecte-educatiu/" title="Read Projecte educatiu">Llegeix més»</a></p>
