{"id":6264,"date":"2022-05-24T09:40:17","date_gmt":"2022-05-24T07:40:17","guid":{"rendered":"https:\/\/agora.xtec.cat\/escolapacocandel\/?page_id=6264"},"modified":"2023-03-16T13:05:29","modified_gmt":"2023-03-16T12:05:29","slug":"estrategia-digital-de-centre","status":"publish","type":"page","link":"https:\/\/agora.xtec.cat\/escolapacocandel\/projecte-educatiu\/documents\/estrategia-digital-de-centre\/","title":{"rendered":"Estrat\u00e8gia digital de centre"},"content":{"rendered":"<p>L\u2019estrat\u00e8gia digital de centre (EDC) definir\u00e0 i concretar\u00e0 les l\u00ednies d\u2019actuaci\u00f3 de l\u2019escola que faran possible que docents, alumnat i centre assoleixin la compet\u00e8ncia digital.<\/p>\n<p>Per tal de con\u00e8ixer l\u2019estrat\u00e8gia digital del centre podeu consultar els apartats: l\u2019estrat\u00e8gia digital i la cultura digital del centre.<\/p>\n<p><a class=\"button normal\" style=\"padding: 1em; font-weight: 400; margin: 0.1em; color: white !important; background-color: #ff5a26;\" href=\"https:\/\/agora.xtec.cat\/escolapacocandel\/projecte-educatiu\/documents\/estrategia-digital-de-centre\/part-estrategica\/\" rel=\"noopener noreferrer\">Part estrat\u00e8gia<\/a><a class=\"button normal\" style=\"padding: 1em; font-weight: 400; margin: 0.1em; color: white !important; background-color: #1fa799;\" href=\"https:\/\/agora.xtec.cat\/escolapacocandel\/projecte-educatiu\/documents\/estrategia-digital-de-centre\/cultura-digital\/\" rel=\"noopener noreferrer\">Cultura digital <\/a><\/p>\n","protected":false},"excerpt":{"rendered":"<p>L\u2019estrat\u00e8gia digital de centre (EDC) definir\u00e0 i concretar\u00e0 les l\u00ednies d\u2019actuaci\u00f3 de l\u2019escola que faran possible que docents, alumnat i centre assoleixin la compet\u00e8ncia digital.<br \/>\nPer tal de con\u00e8ixer l\u2019estrat\u00e8gia digital del centre podeu consultar els apartats: l\u2019estrat\u00e8gia digital i la cultura digital del centre.<br \/>\n<a class=\"button&hellip;  <a href=\"https:\/\/agora.xtec.cat\/escolapacocandel\/projecte-educatiu\/documents\/estrategia-digital-de-centre\/\" title=\"Read Estrat\u00e8gia digital de centre\">Llegeix m\u00e9s\u00bb<\/a><\/p>\n","protected":false},"author":1,"featured_media":0,"parent":790,"menu_order":0,"comment_status":"closed","ping_status":"closed","template":"","meta":{"_bbp_topic_count":0,"_bbp_reply_count":0,"_bbp_total_topic_count":0,"_bbp_total_reply_count":0,"_bbp_voice_count":0,"_bbp_anonymous_reply_count":0,"_bbp_topic_count_hidden":0,"_bbp_reply_count_hidden":0,"_bbp_forum_subforum_count":0,"footnotes":""},"class_list":["post-6264","page","type-page","status-publish","hentry"],"post_mailing_queue_ids":[],"_links":{"self":[{"href":"https:\/\/agora.xtec.cat\/escolapacocandel\/wp-json\/wp\/v2\/pages\/6264","targetHints":{"allow":["GET"]}}],"collection":[{"href":"https:\/\/agora.xtec.cat\/escolapacocandel\/wp-json\/wp\/v2\/pages"}],"about":[{"href":"https:\/\/agora.xtec.cat\/escolapacocandel\/wp-json\/wp\/v2\/types\/page"}],"author":[{"embeddable":true,"href":"https:\/\/agora.xtec.cat\/escolapacocandel\/wp-json\/wp\/v2\/users\/1"}],"replies":[{"embeddable":true,"href":"https:\/\/agora.xtec.cat\/escolapacocandel\/wp-json\/wp\/v2\/comments?post=6264"}],"version-history":[{"count":3,"href":"https:\/\/agora.xtec.cat\/escolapacocandel\/wp-json\/wp\/v2\/pages\/6264\/revisions"}],"predecessor-version":[{"id":6607,"href":"https:\/\/agora.xtec.cat\/escolapacocandel\/wp-json\/wp\/v2\/pages\/6264\/revisions\/6607"}],"up":[{"embeddable":true,"href":"https:\/\/agora.xtec.cat\/escolapacocandel\/wp-json\/wp\/v2\/pages\/790"}],"wp:attachment":[{"href":"https:\/\/agora.xtec.cat\/escolapacocandel\/wp-json\/wp\/v2\/media?parent=6264"}],"curies":[{"name":"wp","href":"https:\/\/api.w.org\/{rel}","templated":true}]}}

Estratègia digital de centre

<p>L’estratègia digital de centre (EDC) definirà i concretarà les línies d’actuació de l’escola que faran possible que docents, alumnat i centre assoleixin la competència digital.</p>
<p>Per tal de conèixer l’estratègia digital del centre podeu consultar els apartats: l’estratègia digital i la cultura digital del centre.</p>
<p><a class="button normal" style="padding: 1em; font-weight: 400; margin: 0.1em; color: white !important; background-color: #ff5a26;" href="https://agora.xtec.cat/escolapacocandel/projecte-educatiu/documents/estrategia-digital-de-centre/part-estrategica/" rel="noopener noreferrer">Part estratègia</a><a class="button normal" style="padding: 1em; font-weight: 400; margin: 0.1em; color: white !important; background-color: #1fa799;" href="https://agora.xtec.cat/escolapacocandel/projecte-educatiu/documents/estrategia-digital-de-centre/cultura-digital/" rel="noopener noreferrer">Cultura digital </a></p>

<p>L’estratègia digital de centre (EDC) definirà i concretarà les línies d’actuació de l’escola que faran possible que docents, alumnat i centre assoleixin la competència digital.<br />
Per tal de conèixer l’estratègia digital del centre podeu consultar els apartats: l’estratègia digital i la cultura digital del centre.<br />
<a class="button&hellip;  <a href="https://agora.xtec.cat/escolapacocandel/projecte-educatiu/documents/estrategia-digital-de-centre/" title="Read Estratègia digital de centre">Llegeix més»</a></p>
