{"id":5940,"date":"2022-03-03T14:19:02","date_gmt":"2022-03-03T13:19:02","guid":{"rendered":"https:\/\/agora.xtec.cat\/escolapacocandel\/?page_id=5940"},"modified":"2024-03-06T13:21:14","modified_gmt":"2024-03-06T12:21:14","slug":"coeducacio","status":"publish","type":"page","link":"https:\/\/agora.xtec.cat\/escolapacocandel\/projecte-educatiu\/coeducacio\/","title":{"rendered":"Coeducaci\u00f3"},"content":{"rendered":"<p style=\"text-align: justify;\">La comissi\u00f3 de coeducaci\u00f3 del Paco Candel s&#8217;inicia arran d&#8217;una s\u00e8rie de necessitats detectades per part d&#8217;algunes fam\u00edlies en mat\u00e8ria de feminisme, dins l&#8217;\u00e0mbit educatiu de la nostra escola.<br \/>\nArrenca oficialment com a tal el setembre del 2020, amb una vocalia dins la junta de l&#8217;AFA. Dos cursos abans, el febrer del 2018, comen\u00e7a el projecte com una subcomissi\u00f3 dins la comissi\u00f3 d&#8217;acci\u00f3 social.<br \/>\nEl projecte neix amb la intenci\u00f3 de convertir-nos en agents de transformaci\u00f3 i promoure el canvi social des de l\u2019escola, revertint desigualtats, injust\u00edcies i opressions.<\/p>\n<h4><strong>Qu\u00e8 \u00e9s la coeducaci\u00f3?<\/strong><\/h4>\n<p style=\"text-align: justify;\">\u00c9s l\u2019acci\u00f3 educadora que, a trav\u00e9s d\u2019una mirada transformadora, inclou la <strong>perspectiva feminista i de g\u00e8nere<\/strong> de forma transversal, per promoure un canvi social a trav\u00e9s del q\u00fcestionament i deconstrucci\u00f3 dels rols i estereotips de g\u00e8nere tradicionalment transmesos.<br \/>\nContribueix a potenciar la igualtat real d\u2019oportunitats entre nens i nenes i a eliminar tota mena de discriminaci\u00f3 per ra\u00f3 d\u2019identitat o sexe.<br \/>\nLa COEDUCACI\u00d3 proporciona tant a l\u2019alumnat com al professorat i a tota la comunitat educativa, estrat\u00e8gies per modificar possibles relacions de poder, d\u2019ab\u00fas i de limitacions estereotipades per a cada g\u00e8nere, i aix\u00ed esdevenint agents de canvi i innovaci\u00f3.<\/p>\n<h4><strong>Per qu\u00e8 \u00e9s important coeducar?<\/strong><\/h4>\n<ul>\n<li>Coeduquem per a la conviv\u00e8ncia i el respecte cap a la diversitat<\/li>\n<li>Coeduquem per revertir les injust\u00edcies<\/li>\n<li>Coeduquem per valorar els sabers i les aportacions de dones i homes<\/li>\n<li>Coeduquem per prevenir situacions d\u2019ab\u00fas i de viol\u00e8ncia<\/li>\n<li style=\"text-align: justify;\">Coeduquem perqu\u00e8 les nenes i els nens del present puguin desenvolupar-se plenament com a persones lliures<\/li>\n<\/ul>\n<p style=\"text-align: justify;\">Les fam\u00edlies i l\u2019escola formem part del proc\u00e9s de socialitzaci\u00f3 dels infants. Per aix\u00f2 \u00e9s tan important que aquest proc\u00e9s sigui per tots i totes, igual.<\/p>\n<p>Els <strong>objectius principals<\/strong> que ens plantegem s\u00f3n:<\/p>\n<ul>\n<li style=\"text-align: justify;\">Sensibilitzar, conscienciar i difondre les pol\u00edtiques d\u2019igualtat i perspectiva de g\u00e8nere entre mares, pares, docents, equip directiu i personal de monitoratge de l\u2019escola.<\/li>\n<li style=\"text-align: justify;\">Cercar recursos i activitats din\u00e0miques per oferir a les fam\u00edlies i a l\u2019escola.<\/li>\n<li style=\"text-align: justify;\">Promoure jornades, activitats, xerrades i debats en mat\u00e8ria de coeducaci\u00f3.<\/li>\n<li style=\"text-align: justify;\">Fer una an\u00e0lisi cr\u00edtica en clau de g\u00e8nere de tots els \u00e0mbits de l\u2019escola per tal d\u2019identificar possibles transmissors de desigualtat.<\/li>\n<li style=\"text-align: justify;\">Incloure les perspectives de g\u00e8nere interseccional a totes les comissions, espais de treball i projectes relacionats amb la comunitat educativa de la nostra escola.<\/li>\n<\/ul>\n<p>El nostre <strong>pla d\u2019acci\u00f3<\/strong> inclou entre d\u2019altres:<\/p>\n<ul>\n<li style=\"text-align: justify;\"><span style=\"font-family: inherit; font-size: 1em;\">Campanyes de conscienciaci\u00f3 i sensibilitzaci\u00f3 per commemorar certs dies internacionals relacionats amb la igualtat de g\u00e8nere (11 d\u2019octubre, 25 de novembre, 11 de febrer, 8 de mar\u00e7, etc.). <\/span><\/li>\n<li style=\"text-align: justify;\">Proposta d\u2019activitats coeducatives en festes populars de l\u2019escola: cinema amb crispetes familiar amb propostes per reflexionar i fomentar la mirada cr\u00edtica sobre els continguts audiovisuals, festes de Nadal solid\u00e0ries i lliures d\u2019estereotips, Carnestoltes fomentant disfresses creatives i diverses, Sant Jordi amb recomanacions de literatura infantil inclusiva, etc.<\/li>\n<li style=\"text-align: justify;\">Accions per visibilitzar i crear referents femenins en els diferents \u00e0mbits del coneixement i la cultura.<\/li>\n<li style=\"text-align: justify;\">Tallers i xerrades per fam\u00edlies.<\/li>\n<li style=\"text-align: justify;\">Creaci\u00f3 d\u2019una <a href=\"https:\/\/padlet.com\/afapacocandelcoeducacio\/n8yt5gqijmqnm9lt\" target=\"_blank\" rel=\"noopener\">padlet <\/a>on compartir not\u00edcies amb dones com a protagonistes per tal de visibilitzar el seu paper a la societat i publicacions diverses relacionades amb la comissi\u00f3.<\/li>\n<li style=\"text-align: justify;\">Col\u00b7laboraci\u00f3 amb entitats i serveis del barri i la ciutat (Setmana de la Solidaritat de l\u2019Hospitalet, xarxa de crian\u00e7a 0-6 del districte, CAID, etc.).<\/li>\n<li style=\"text-align: justify;\">Participaci\u00f3 en mitjans de comunicaci\u00f3 locals per tal d\u2019explicar i difondre el nostre projecte coeducador.<\/li>\n<\/ul>\n<p style=\"text-align: justify;\">Creiem que el model ideal \u00e9s una comissi\u00f3 mixta escola-fam\u00edlies, en la que intervinguin diferents agents, afavorint aix\u00ed l&#8217;\u00e8xit educatiu de les activitats proposades.<br \/>\n\u00c9s per aix\u00f2, que un dels grans objectius \u00e9s que la comissi\u00f3 de coeducaci\u00f3 esdevingui una comissi\u00f3 mixta amb la participaci\u00f3 de les fam\u00edlies i de l\u2019equip docent i directiu de l\u2019escola. Pensem que com m\u00e9s diversa sigui aquesta representaci\u00f3 i implicaci\u00f3, m\u00e9s impacte tindran les iniciatives presentades.<br \/>\nLa comissi\u00f3 t\u00e9 una vocaci\u00f3 de perman\u00e8ncia a llarg termini i, per tant, es planteja com a espai sostenible en el temps, que abasti totes les etapes educatives impartides al centre. Cal adonar-nos-en, prendre consci\u00e8ncia i visibilitzar la responsabilitat que tenim TOTES les persones que estem amb els nens i les nenes, a l\u2019hora de transmetre estereotips i reproduir desigualtats. Hem d\u2019autorrevisar-nos i portar a terme un proc\u00e9s deconstructiu, tant en l&#8217;\u00e0mbit personal com en l&#8217;\u00e0mbit d&#8217;instituci\u00f3 educativa.<\/p>\n<p style=\"text-align: justify;\">Durant el curs tenim reunions peri\u00f2diques entre les representants de l\u2019AFA i les docents de cada cicle educatiu que formen part de la comissi\u00f3, per tal de dissenyar estrat\u00e8gies i propostes conjuntes, compartir recursos i plantejar diferents accions encaminades a treballar plegades per fer de la coeducaci\u00f3 una realitat transversal a la nostra comunitat educativa.<\/p>\n<p>Com a fam\u00edlies podeu contactar via mail amb la vocal de coeducaci\u00f3 de l\u2019AFA en aquesta adre\u00e7a: afapacocandel.coeducacio@gmail.com.<\/p>\n<p style=\"text-align: justify;\">Tamb\u00e9 podeu visitar la padlet i la web i xarxes socials de l\u2019AFA per estar al dia de les diferents publicacions que es van fent.<\/p>\n<p style=\"text-align: justify;\">I finalment, podeu contactar tant amb l\u2019equip directiu com amb les mestres de les vostres filles i fills per fer suggeriments i aportacions relacionades amb la coeducaci\u00f3 i la igualtat de g\u00e8nere en l\u2019\u00e0mbit educatiu.<\/p>\n<p style=\"text-align: justify;\">Us animem a participar i proposar tot el que considereu per poder avan\u00e7ar i millorar dia a dia en aquest llarg per\u00f2 enriquidor cam\u00ed, que ens porti cap a una societat m\u00e9s justa, igualit\u00e0ria i pac\u00edfica.<br \/>\nCompartim amb vosaltres un document que reflecteix el nostre comprom\u00eds coeducador com a escola amb un resum dels punts m\u00e9s importants del nostre gran projecte:<\/p>\n<p><img loading=\"lazy\" decoding=\"async\" class=\"alignnone wp-image-5942\" src=\"https:\/\/agora.xtec.cat\/escolapacocandel\/wp-content\/uploads\/usu332\/2022\/03\/compromis-educatiu.png\" alt=\"\" width=\"543\" height=\"382\" srcset=\"https:\/\/agora.xtec.cat\/escolapacocandel\/wp-content\/uploads\/usu332\/2022\/03\/compromis-educatiu.png 904w, https:\/\/agora.xtec.cat\/escolapacocandel\/wp-content\/uploads\/usu332\/2022\/03\/compromis-educatiu-300x211.png 300w, https:\/\/agora.xtec.cat\/escolapacocandel\/wp-content\/uploads\/usu332\/2022\/03\/compromis-educatiu-768x541.png 768w\" sizes=\"auto, (max-width: 543px) 100vw, 543px\" \/><br \/>\n<img loading=\"lazy\" decoding=\"async\" class=\"alignnone wp-image-5941\" src=\"https:\/\/agora.xtec.cat\/escolapacocandel\/wp-content\/uploads\/usu332\/2022\/03\/coeducacio-web.png\" alt=\"\" width=\"544\" height=\"382\" srcset=\"https:\/\/agora.xtec.cat\/escolapacocandel\/wp-content\/uploads\/usu332\/2022\/03\/coeducacio-web.png 903w, https:\/\/agora.xtec.cat\/escolapacocandel\/wp-content\/uploads\/usu332\/2022\/03\/coeducacio-web-300x211.png 300w, https:\/\/agora.xtec.cat\/escolapacocandel\/wp-content\/uploads\/usu332\/2022\/03\/coeducacio-web-768x539.png 768w\" sizes=\"auto, (max-width: 544px) 100vw, 544px\" \/><\/p>\n","protected":false},"excerpt":{"rendered":"<p>La comissi\u00f3 de coeducaci\u00f3 del Paco Candel s&#8217;inicia arran d&#8217;una s\u00e8rie de necessitats detectades per part d&#8217;algunes fam\u00edlies en mat\u00e8ria de feminisme, dins l&#8217;\u00e0mbit educatiu de la nostra escola.<br \/>\nArrenca oficialment com a tal el setembre del 2020, amb una vocalia dins la junta de l&#8217;AFA.&hellip;  <a href=\"https:\/\/agora.xtec.cat\/escolapacocandel\/projecte-educatiu\/coeducacio\/\" title=\"Read Coeducaci\u00f3\">Llegeix m\u00e9s\u00bb<\/a><\/p>\n","protected":false},"author":1,"featured_media":0,"parent":64,"menu_order":0,"comment_status":"closed","ping_status":"closed","template":"","meta":{"_bbp_topic_count":0,"_bbp_reply_count":0,"_bbp_total_topic_count":0,"_bbp_total_reply_count":0,"_bbp_voice_count":0,"_bbp_anonymous_reply_count":0,"_bbp_topic_count_hidden":0,"_bbp_reply_count_hidden":0,"_bbp_forum_subforum_count":0,"footnotes":""},"class_list":["post-5940","page","type-page","status-publish","hentry"],"post_mailing_queue_ids":[],"_links":{"self":[{"href":"https:\/\/agora.xtec.cat\/escolapacocandel\/wp-json\/wp\/v2\/pages\/5940","targetHints":{"allow":["GET"]}}],"collection":[{"href":"https:\/\/agora.xtec.cat\/escolapacocandel\/wp-json\/wp\/v2\/pages"}],"about":[{"href":"https:\/\/agora.xtec.cat\/escolapacocandel\/wp-json\/wp\/v2\/types\/page"}],"author":[{"embeddable":true,"href":"https:\/\/agora.xtec.cat\/escolapacocandel\/wp-json\/wp\/v2\/users\/1"}],"replies":[{"embeddable":true,"href":"https:\/\/agora.xtec.cat\/escolapacocandel\/wp-json\/wp\/v2\/comments?post=5940"}],"version-history":[{"count":6,"href":"https:\/\/agora.xtec.cat\/escolapacocandel\/wp-json\/wp\/v2\/pages\/5940\/revisions"}],"predecessor-version":[{"id":9031,"href":"https:\/\/agora.xtec.cat\/escolapacocandel\/wp-json\/wp\/v2\/pages\/5940\/revisions\/9031"}],"up":[{"embeddable":true,"href":"https:\/\/agora.xtec.cat\/escolapacocandel\/wp-json\/wp\/v2\/pages\/64"}],"wp:attachment":[{"href":"https:\/\/agora.xtec.cat\/escolapacocandel\/wp-json\/wp\/v2\/media?parent=5940"}],"curies":[{"name":"wp","href":"https:\/\/api.w.org\/{rel}","templated":true}]}}

Coeducació

<p style="text-align: justify;">La comissió de coeducació del Paco Candel s&#8217;inicia arran d&#8217;una sèrie de necessitats detectades per part d&#8217;algunes famílies en matèria de feminisme, dins l&#8217;àmbit educatiu de la nostra escola.<br />
Arrenca oficialment com a tal el setembre del 2020, amb una vocalia dins la junta de l&#8217;AFA. Dos cursos abans, el febrer del 2018, comença el projecte com una subcomissió dins la comissió d&#8217;acció social.<br />
El projecte neix amb la intenció de convertir-nos en agents de transformació i promoure el canvi social des de l’escola, revertint desigualtats, injustícies i opressions.</p>
<h4><strong>Què és la coeducació?</strong></h4>
<p style="text-align: justify;">És l’acció educadora que, a través d’una mirada transformadora, inclou la <strong>perspectiva feminista i de gènere</strong> de forma transversal, per promoure un canvi social a través del qüestionament i deconstrucció dels rols i estereotips de gènere tradicionalment transmesos.<br />
Contribueix a potenciar la igualtat real d’oportunitats entre nens i nenes i a eliminar tota mena de discriminació per raó d’identitat o sexe.<br />
La COEDUCACIÓ proporciona tant a l’alumnat com al professorat i a tota la comunitat educativa, estratègies per modificar possibles relacions de poder, d’abús i de limitacions estereotipades per a cada gènere, i així esdevenint agents de canvi i innovació.</p>
<h4><strong>Per què és important coeducar?</strong></h4>
<ul>
<li>Coeduquem per a la convivència i el respecte cap a la diversitat</li>
<li>Coeduquem per revertir les injustícies</li>
<li>Coeduquem per valorar els sabers i les aportacions de dones i homes</li>
<li>Coeduquem per prevenir situacions d’abús i de violència</li>
<li style="text-align: justify;">Coeduquem perquè les nenes i els nens del present puguin desenvolupar-se plenament com a persones lliures</li>
</ul>
<p style="text-align: justify;">Les famílies i l’escola formem part del procés de socialització dels infants. Per això és tan important que aquest procés sigui per tots i totes, igual.</p>
<p>Els <strong>objectius principals</strong> que ens plantegem són:</p>
<ul>
<li style="text-align: justify;">Sensibilitzar, conscienciar i difondre les polítiques d’igualtat i perspectiva de gènere entre mares, pares, docents, equip directiu i personal de monitoratge de l’escola.</li>
<li style="text-align: justify;">Cercar recursos i activitats dinàmiques per oferir a les famílies i a l’escola.</li>
<li style="text-align: justify;">Promoure jornades, activitats, xerrades i debats en matèria de coeducació.</li>
<li style="text-align: justify;">Fer una anàlisi crítica en clau de gènere de tots els àmbits de l’escola per tal d’identificar possibles transmissors de desigualtat.</li>
<li style="text-align: justify;">Incloure les perspectives de gènere interseccional a totes les comissions, espais de treball i projectes relacionats amb la comunitat educativa de la nostra escola.</li>
</ul>
<p>El nostre <strong>pla d’acció</strong> inclou entre d’altres:</p>
<ul>
<li style="text-align: justify;"><span style="font-family: inherit; font-size: 1em;">Campanyes de conscienciació i sensibilització per commemorar certs dies internacionals relacionats amb la igualtat de gènere (11 d’octubre, 25 de novembre, 11 de febrer, 8 de març, etc.). </span></li>
<li style="text-align: justify;">Proposta d’activitats coeducatives en festes populars de l’escola: cinema amb crispetes familiar amb propostes per reflexionar i fomentar la mirada crítica sobre els continguts audiovisuals, festes de Nadal solidàries i lliures d’estereotips, Carnestoltes fomentant disfresses creatives i diverses, Sant Jordi amb recomanacions de literatura infantil inclusiva, etc.</li>
<li style="text-align: justify;">Accions per visibilitzar i crear referents femenins en els diferents àmbits del coneixement i la cultura.</li>
<li style="text-align: justify;">Tallers i xerrades per famílies.</li>
<li style="text-align: justify;">Creació d’una <a href="https://padlet.com/afapacocandelcoeducacio/n8yt5gqijmqnm9lt" target="_blank" rel="noopener">padlet </a>on compartir notícies amb dones com a protagonistes per tal de visibilitzar el seu paper a la societat i publicacions diverses relacionades amb la comissió.</li>
<li style="text-align: justify;">Col·laboració amb entitats i serveis del barri i la ciutat (Setmana de la Solidaritat de l’Hospitalet, xarxa de criança 0-6 del districte, CAID, etc.).</li>
<li style="text-align: justify;">Participació en mitjans de comunicació locals per tal d’explicar i difondre el nostre projecte coeducador.</li>
</ul>
<p style="text-align: justify;">Creiem que el model ideal és una comissió mixta escola-famílies, en la que intervinguin diferents agents, afavorint així l&#8217;èxit educatiu de les activitats proposades.<br />
És per això, que un dels grans objectius és que la comissió de coeducació esdevingui una comissió mixta amb la participació de les famílies i de l’equip docent i directiu de l’escola. Pensem que com més diversa sigui aquesta representació i implicació, més impacte tindran les iniciatives presentades.<br />
La comissió té una vocació de permanència a llarg termini i, per tant, es planteja com a espai sostenible en el temps, que abasti totes les etapes educatives impartides al centre. Cal adonar-nos-en, prendre consciència i visibilitzar la responsabilitat que tenim TOTES les persones que estem amb els nens i les nenes, a l’hora de transmetre estereotips i reproduir desigualtats. Hem d’autorrevisar-nos i portar a terme un procés deconstructiu, tant en l&#8217;àmbit personal com en l&#8217;àmbit d&#8217;institució educativa.</p>
<p style="text-align: justify;">Durant el curs tenim reunions periòdiques entre les representants de l’AFA i les docents de cada cicle educatiu que formen part de la comissió, per tal de dissenyar estratègies i propostes conjuntes, compartir recursos i plantejar diferents accions encaminades a treballar plegades per fer de la coeducació una realitat transversal a la nostra comunitat educativa.</p>
<p>Com a famílies podeu contactar via mail amb la vocal de coeducació de l’AFA en aquesta adreça: afapacocandel.coeducacio@gmail.com.</p>
<p style="text-align: justify;">També podeu visitar la padlet i la web i xarxes socials de l’AFA per estar al dia de les diferents publicacions que es van fent.</p>
<p style="text-align: justify;">I finalment, podeu contactar tant amb l’equip directiu com amb les mestres de les vostres filles i fills per fer suggeriments i aportacions relacionades amb la coeducació i la igualtat de gènere en l’àmbit educatiu.</p>
<p style="text-align: justify;">Us animem a participar i proposar tot el que considereu per poder avançar i millorar dia a dia en aquest llarg però enriquidor camí, que ens porti cap a una societat més justa, igualitària i pacífica.<br />
Compartim amb vosaltres un document que reflecteix el nostre compromís coeducador com a escola amb un resum dels punts més importants del nostre gran projecte:</p>
<p><img loading="lazy" decoding="async" class="alignnone wp-image-5942" src="https://agora.xtec.cat/escolapacocandel/wp-content/uploads/usu332/2022/03/compromis-educatiu.png" alt="" width="543" height="382" srcset="https://agora.xtec.cat/escolapacocandel/wp-content/uploads/usu332/2022/03/compromis-educatiu.png 904w, https://agora.xtec.cat/escolapacocandel/wp-content/uploads/usu332/2022/03/compromis-educatiu-300x211.png 300w, https://agora.xtec.cat/escolapacocandel/wp-content/uploads/usu332/2022/03/compromis-educatiu-768x541.png 768w" sizes="auto, (max-width: 543px) 100vw, 543px" /><br />
<img loading="lazy" decoding="async" class="alignnone wp-image-5941" src="https://agora.xtec.cat/escolapacocandel/wp-content/uploads/usu332/2022/03/coeducacio-web.png" alt="" width="544" height="382" srcset="https://agora.xtec.cat/escolapacocandel/wp-content/uploads/usu332/2022/03/coeducacio-web.png 903w, https://agora.xtec.cat/escolapacocandel/wp-content/uploads/usu332/2022/03/coeducacio-web-300x211.png 300w, https://agora.xtec.cat/escolapacocandel/wp-content/uploads/usu332/2022/03/coeducacio-web-768x539.png 768w" sizes="auto, (max-width: 544px) 100vw, 544px" /></p>

<p>La comissió de coeducació del Paco Candel s&#8217;inicia arran d&#8217;una sèrie de necessitats detectades per part d&#8217;algunes famílies en matèria de feminisme, dins l&#8217;àmbit educatiu de la nostra escola.<br />
Arrenca oficialment com a tal el setembre del 2020, amb una vocalia dins la junta de l&#8217;AFA.&hellip;  <a href="https://agora.xtec.cat/escolapacocandel/projecte-educatiu/coeducacio/" title="Read Coeducació">Llegeix més»</a></p>
