{"id":10276,"date":"2025-10-20T09:52:27","date_gmt":"2025-10-20T07:52:27","guid":{"rendered":"https:\/\/agora.xtec.cat\/escolapacocandel\/?page_id=10276"},"modified":"2025-10-20T09:54:52","modified_gmt":"2025-10-20T07:54:52","slug":"projecte-educatiu-robotica","status":"publish","type":"page","link":"https:\/\/agora.xtec.cat\/escolapacocandel\/projecte-educatiu-robotica\/","title":{"rendered":"Rob\u00f2tica"},"content":{"rendered":"\n<p>A l\u2019escola Paco Candel impulsem la rob\u00f2tica educativa tant a la Comunitat de Mitjanes com a la Comunitat de Grans, amb <strong>tres sessions<\/strong> dedicades a l\u2019ambient de rob\u00f2tica en tots dos casos.<\/p>\n\n\n\n<p>A mitjanes hi participen, barrejats, infants de <strong>1r, 2n i 3r<\/strong>, on iniciem el pensament computacional amb jocs de desendollat per seq\u00fcenciar i donar instruccions clares, explorem circuits i reptes amb el <strong>Tale-Bot<\/strong> i constru\u00efm i programem prototips amb <strong>LEGO WeDo<\/strong>. El treball \u00e9s cooperatiu i creatiu: es reparteixen rols, planifiquen, proven, depuren errors i documenten el que han apr\u00e8s, amb una avaluaci\u00f3 cont\u00ednua i formativa que posa el focus en el proc\u00e9s. <\/p>\n\n\n\n<p>A la Comunitat de Grans hi prenen part l\u2019alumnat de <strong>4t, 5\u00e8 i 6\u00e8<\/strong> i la rob\u00f2tica es desenvolupa amb <strong>LEGO Spike Prime<\/strong>: presentem el web de recursos, l\u2019alumnat tria les construccions que vol fer, completa el muntatge i, tot seguit, <strong>programa el robot<\/strong> per assolir el repte definit, experimentant amb sensors i motors i millorant el disseny. Aquest enfocament potencia l\u2019autonomia, la presa de decisions i la transfer\u00e8ncia del pensament computacional a situacions reals, mantenint el treball cooperatiu i el gust per la creativitat.<\/p>\n\n\n\n<p><\/p>\n","protected":false},"excerpt":{"rendered":"<p>A l\u2019escola Paco Candel impulsem la rob\u00f2tica educativa tant a la Comunitat de Mitjanes com a la Comunitat de Grans, amb tres sessions dedicades a l\u2019ambient de rob\u00f2tica en tots dos casos.<\/p>\n<p>A mitjanes hi participen, barrejats, infants de 1r, 2n i 3r, on iniciem el&hellip;  <a href=\"https:\/\/agora.xtec.cat\/escolapacocandel\/projecte-educatiu-robotica\/\" title=\"Read Rob\u00f2tica\">Llegeix m\u00e9s\u00bb<\/a><\/p>\n","protected":false},"author":20,"featured_media":0,"parent":0,"menu_order":0,"comment_status":"closed","ping_status":"close","template":"","meta":{"_bbp_topic_count":0,"_bbp_reply_count":0,"_bbp_total_topic_count":0,"_bbp_total_reply_count":0,"_bbp_voice_count":0,"_bbp_anonymous_reply_count":0,"_bbp_topic_count_hidden":0,"_bbp_reply_count_hidden":0,"_bbp_forum_subforum_count":0,"footnotes":""},"class_list":["post-10276","page","type-page","status-publish","hentry"],"post_mailing_queue_ids":[],"_links":{"self":[{"href":"https:\/\/agora.xtec.cat\/escolapacocandel\/wp-json\/wp\/v2\/pages\/10276","targetHints":{"allow":["GET"]}}],"collection":[{"href":"https:\/\/agora.xtec.cat\/escolapacocandel\/wp-json\/wp\/v2\/pages"}],"about":[{"href":"https:\/\/agora.xtec.cat\/escolapacocandel\/wp-json\/wp\/v2\/types\/page"}],"author":[{"embeddable":true,"href":"https:\/\/agora.xtec.cat\/escolapacocandel\/wp-json\/wp\/v2\/users\/20"}],"replies":[{"embeddable":true,"href":"https:\/\/agora.xtec.cat\/escolapacocandel\/wp-json\/wp\/v2\/comments?post=10276"}],"version-history":[{"count":2,"href":"https:\/\/agora.xtec.cat\/escolapacocandel\/wp-json\/wp\/v2\/pages\/10276\/revisions"}],"predecessor-version":[{"id":10278,"href":"https:\/\/agora.xtec.cat\/escolapacocandel\/wp-json\/wp\/v2\/pages\/10276\/revisions\/10278"}],"wp:attachment":[{"href":"https:\/\/agora.xtec.cat\/escolapacocandel\/wp-json\/wp\/v2\/media?parent=10276"}],"curies":[{"name":"wp","href":"https:\/\/api.w.org\/{rel}","templated":true}]}}

Robòtica

<p>A l’escola Paco Candel impulsem la robòtica educativa tant a la Comunitat de Mitjanes com a la Comunitat de Grans, amb <strong>tres sessions</strong> dedicades a l’ambient de robòtica en tots dos casos.</p>



<p>A mitjanes hi participen, barrejats, infants de <strong>1r, 2n i 3r</strong>, on iniciem el pensament computacional amb jocs de desendollat per seqüenciar i donar instruccions clares, explorem circuits i reptes amb el <strong>Tale-Bot</strong> i construïm i programem prototips amb <strong>LEGO WeDo</strong>. El treball és cooperatiu i creatiu: es reparteixen rols, planifiquen, proven, depuren errors i documenten el que han après, amb una avaluació contínua i formativa que posa el focus en el procés. </p>



<p>A la Comunitat de Grans hi prenen part l’alumnat de <strong>4t, 5è i 6è</strong> i la robòtica es desenvolupa amb <strong>LEGO Spike Prime</strong>: presentem el web de recursos, l’alumnat tria les construccions que vol fer, completa el muntatge i, tot seguit, <strong>programa el robot</strong> per assolir el repte definit, experimentant amb sensors i motors i millorant el disseny. Aquest enfocament potencia l’autonomia, la presa de decisions i la transferència del pensament computacional a situacions reals, mantenint el treball cooperatiu i el gust per la creativitat.</p>



<p></p>

<p>A l’escola Paco Candel impulsem la robòtica educativa tant a la Comunitat de Mitjanes com a la Comunitat de Grans, amb tres sessions dedicades a l’ambient de robòtica en tots dos casos.</p>
<p>A mitjanes hi participen, barrejats, infants de 1r, 2n i 3r, on iniciem el&hellip;  <a href="https://agora.xtec.cat/escolapacocandel/projecte-educatiu-robotica/" title="Read Robòtica">Llegeix més»</a></p>
