{"id":80,"date":"2014-09-18T14:09:48","date_gmt":"2014-09-18T13:09:48","guid":{"rendered":"http:\/\/agora.xtec.cat\/escolapablopicasso\/\/?page_id=80"},"modified":"2025-09-11T21:51:33","modified_gmt":"2025-09-11T19:51:33","slug":"soci-afa","status":"publish","type":"page","link":"https:\/\/agora.xtec.cat\/escolapablopicasso\/afa\/soci-afa\/","title":{"rendered":"Soci de l&#8217;AFA"},"content":{"rendered":"<p>&nbsp;<\/p>\n<h2><\/h2>\n<h2><a href=\"https:\/\/agora.xtec.cat\/escolapablopicasso\/wp-content\/uploads\/usu295\/2021\/02\/reunion.jpg\"><img loading=\"lazy\" decoding=\"async\" class=\"aligncenter size-full wp-image-6107\" src=\"https:\/\/agora.xtec.cat\/escolapablopicasso\/wp-content\/uploads\/usu295\/2021\/02\/reunion.jpg\" alt=\"\" width=\"512\" height=\"231\" srcset=\"https:\/\/agora.xtec.cat\/escolapablopicasso\/wp-content\/uploads\/usu295\/2021\/02\/reunion.jpg 512w, https:\/\/agora.xtec.cat\/escolapablopicasso\/wp-content\/uploads\/usu295\/2021\/02\/reunion-300x135.jpg 300w\" sizes=\"auto, (max-width: 512px) 100vw, 512px\" \/><\/a><\/h2>\n<h2 class=\"Main_title\"><strong>QU\u00c8 FEM L\u2019ASSOCIACI\u00d3 DE FAM\u00cdLIES (AFA)?<\/strong><\/h2>\n<div><\/div>\n<div id=\"GoBack\">Les nostres funcions s\u00f3n, entre d\u2019altres:<\/div>\n<div><\/div>\n<div class=\"BloqFaq\">\n<ul>\n<li>\n<p align=\"justify\"><span lang=\"ca-ES\">Informar i orientar a les fam\u00edlies sobre el funcionament del centre i de temes relacionats amb el menjador escolar, l\u2019adquisici\u00f3 de llibres de text, les activitats extraescolars, serveis d\u2019acollida\u2026<\/span><\/p>\n<\/li>\n<\/ul>\n<ul>\n<li><span lang=\"ca-ES\">Organitzar totes les activitats extraescolars i el servei de\u00a0perman\u00e8ncies \u00a0fora de l\u2019horari escolar, les celebracions i festes al llarg del curs.<\/span><\/li>\n<\/ul>\n<ul>\n<li>\n<p align=\"justify\"><span lang=\"ca-ES\">Animar a la participaci\u00f3 de les fam\u00edlies en el dia a dia del centre especialment en activitats culturals i recreatives destinades al creixement personal dels nostres fills i les nostres filles.<\/span><\/p>\n<\/li>\n<\/ul>\n<ul>\n<li>\n<p align=\"justify\"><span lang=\"ca-ES\">Col\u00b7laborar en la millora del centre: ajudem econ\u00f2micament al centre per poder cobrir algunes de les necessitats que no poden ser cobertes ni pel centre ni per les institucions (Generalitat de Catalunya o Ajuntament de Barber\u00e0 del Vall\u00e8s) i que, en definitiva, repercuteixen en el\u00a0 b\u00e9\u00a0 dels nostres fills i filles.<\/span><\/p>\n<\/li>\n<\/ul>\n<ul>\n<li>\n<p align=\"justify\"><span lang=\"ca-ES\">Buscar ser la veu de les fam\u00edlies i afavorir la relaci\u00f3 i coordinaci\u00f3 entre les fam\u00edlies i el personal docent, aix\u00ed com davant de les administracions p\u00fabliques ,mitjan\u00e7ant la representaci\u00f3 en els \u00f2rgans de govern col\u00b7legiats (consell escolar).<\/span><\/p>\n<\/li>\n<\/ul>\n<ul>\n<li>\n<p lang=\"ca-ES\">Organitzar activitats formatives (xerrades, escola de fam\u00edlies, cursos) i activitats socioculturals (festes, concerts, fons per la biblioteca,..) que afavoreixin l\u2019educaci\u00f3 dels nostres infants i facilitin el coneixement i la relaci\u00f3 entre les fam\u00edlies.<\/p>\n<\/li>\n<\/ul>\n<p>Per tot aix\u00f2 \u00e9s fonamental la nostra participaci\u00f3 com a fam\u00edlies en l\u2019AFA per l\u2019educaci\u00f3 de els i les nostres infants i tot i que no \u00e9s obligatori formar part de l\u2019AFA, \u00e9s molt recomanable fer-ho (els nostres fills i filles es senten molt orgullosos que els seus pares i mares hi participin) ja que des de l\u2019AFA col\u00b7laborem en les activitats educatives del centre.<\/p>\n<\/div>\n<div class=\"BloqFaq\">\n<p>Per con\u00e8ixer m\u00e9s les AFA\u2019s d\u2019educaci\u00f3 prim\u00e0ria:<br \/>\n<a href=\"http:\/\/www.fapac.cat\/\">http:\/\/www.fapac.cat<\/a><\/p>\n<p><span style=\"font-family: inherit; font-size: 1em;\">Pots fer-te soci durant tot l\u2019any en el despatx de l\u2019AFA.\u00a0<\/span><\/p>\n<\/div>\n<p>De 9:00 a 10:00 i de 16:30 a 17:30.<\/p>\n<p>Els preus anuals s\u00f3n els seg\u00fcents:<\/p>\n<p>1 soci: 18\u20ac<\/p>\n<p>2 socis : 35\u20ac<\/p>\n<p>3 socis: 45\u20ac<\/p>\n<p>Recordem tamb\u00e9 que l&#8217;AFA \u00e9s un nexe d&#8217;uni\u00f3 entre l&#8217;escola i les fam\u00edlies. L&#8217;educaci\u00f3 dels nostres infants tamb\u00e9 \u00e9s la nostra responsabilitat.<\/p>\n<p>A trav\u00e9s de l&#8217;AFA podem transmetre queixes, opinions, suggeriments, idees&#8230;<\/p>\n<p>Per fer-se soci nom\u00e9s us heu de dirigir a l&#8217;oficina de l&#8217;AFA o fer el pagament per transfer\u00e8ncia.<\/p>\n<p><strong>Recordem que el n\u00famero de compte bancari \u00e9s el seg\u00fcent: ES51 0182 1684 9902 0014 1203.<\/strong><\/p>\n<p>Amb la cuota de soci es fa:<\/p>\n<p>La festa major, amb inflables, tallers, photocall&#8230;<img loading=\"lazy\" decoding=\"async\" class=\"wp-image-8493 alignright\" src=\"https:\/\/agora.xtec.cat\/escolapablopicasso\/wp-content\/uploads\/usu295\/2025\/09\/Screenshot_2025-09-11-21-48-20-345_com.instagram.android.png\" alt=\"\" width=\"236\" height=\"276\" srcset=\"https:\/\/agora.xtec.cat\/escolapablopicasso\/wp-content\/uploads\/usu295\/2025\/09\/Screenshot_2025-09-11-21-48-20-345_com.instagram.android.png 590w, https:\/\/agora.xtec.cat\/escolapablopicasso\/wp-content\/uploads\/usu295\/2025\/09\/Screenshot_2025-09-11-21-48-20-345_com.instagram.android-257x300.png 257w\" sizes=\"auto, (max-width: 236px) 100vw, 236px\" \/><\/p>\n<p>Regal d&#8217;extraescolars.<\/p>\n<p>Es cobreix l&#8217; asseguran\u00e7a del menjador i de les activitats que no siguin extraescolars.<\/p>\n<p>Fem aportacions per millorar els espais de l&#8217;escola.<\/p>\n<p>Es paguen les samarretes de les jornades esportives de sis\u00e8.<\/p>\n<p>Es fa xocolatada per carnestoltes, que anteriorment, quan es feia fora de l&#8217;horari escolar, es convidava nom\u00e9s a socis, ara que es fa en horari lectiu, es convida a xocolata i melindros a tota l&#8217;escola.<\/p>\n<p>Durant la setmana de carnestoltes es reparteixen caramels a la sortida.<\/p>\n<p>Per Sant Joan, abans d&#8217;acabar el curs, es convida a esmorzar a tots els alumnes d<span style=\"font-family: inherit; font-size: 1em;\">e l&#8217;escola a coques i batuts.<\/span><\/p>\n<p>Per tot aix\u00f2, \u00e9s important que sigueu socis de l&#8217;Afa. Animeu-vos!!!!<\/p>\n","protected":false},"excerpt":{"rendered":"<p>&nbsp;<\/p>\n<p><a href=\"https:\/\/agora.xtec.cat\/escolapablopicasso\/wp-content\/uploads\/usu295\/2021\/02\/reunion.jpg\"><\/a><br \/>\nQU\u00c8 FEM L\u2019ASSOCIACI\u00d3 DE FAM\u00cdLIES (AFA)?<\/p>\n<p>Les nostres funcions s\u00f3n, entre d\u2019altres:<\/p>\n<ul>\n<li>\nInformar i orientar a les fam\u00edlies sobre el funcionament del centre i de temes relacionats amb el menjador escolar, l\u2019adquisici\u00f3 de llibres de text, les activitats extraescolars, serveis d\u2019acollida\u2026\n<\/li>\n<\/ul>\n<ul>\n<li>Organitzar totes les activitats extraescolars i&hellip;  <a href=\"https:\/\/agora.xtec.cat\/escolapablopicasso\/afa\/soci-afa\/\" title=\"Read Soci de l&#8217;AFA\">Llegeix m\u00e9s\u00bb<\/a><br \/>\n","protected":false},"author":2,"featured_media":0,"parent":66,"menu_order":5,"comment_status":"closed","ping_status":"closed","template":"page-templates\/side-menu.php","meta":{"_bbp_topic_count":0,"_bbp_reply_count":0,"_bbp_total_topic_count":0,"_bbp_total_reply_count":0,"_bbp_voice_count":0,"_bbp_anonymous_reply_count":0,"_bbp_topic_count_hidden":0,"_bbp_reply_count_hidden":0,"_bbp_forum_subforum_count":0,"footnotes":""},"class_list":["post-80","page","type-page","status-publish","hentry"],"post_mailing_queue_ids":[],"_links":{"self":[{"href":"https:\/\/agora.xtec.cat\/escolapablopicasso\/wp-json\/wp\/v2\/pages\/80","targetHints":{"allow":["GET"]}}],"collection":[{"href":"https:\/\/agora.xtec.cat\/escolapablopicasso\/wp-json\/wp\/v2\/pages"}],"about":[{"href":"https:\/\/agora.xtec.cat\/escolapablopicasso\/wp-json\/wp\/v2\/types\/page"}],"author":[{"embeddable":true,"href":"https:\/\/agora.xtec.cat\/escolapablopicasso\/wp-json\/wp\/v2\/users\/2"}],"replies":[{"embeddable":true,"href":"https:\/\/agora.xtec.cat\/escolapablopicasso\/wp-json\/wp\/v2\/comments?post=80"}],"version-history":[{"count":5,"href":"https:\/\/agora.xtec.cat\/escolapablopicasso\/wp-json\/wp\/v2\/pages\/80\/revisions"}],"predecessor-version":[{"id":8495,"href":"https:\/\/agora.xtec.cat\/escolapablopicasso\/wp-json\/wp\/v2\/pages\/80\/revisions\/8495"}],"up":[{"embeddable":true,"href":"https:\/\/agora.xtec.cat\/escolapablopicasso\/wp-json\/wp\/v2\/pages\/66"}],"wp:attachment":[{"href":"https:\/\/agora.xtec.cat\/escolapablopicasso\/wp-json\/wp\/v2\/media?parent=80"}],"curies":[{"name":"wp","href":"https:\/\/api.w.org\/{rel}","templated":true}]}}

<p>&nbsp;</p>
<h2></h2>
<h2><a href="https://agora.xtec.cat/escolapablopicasso/wp-content/uploads/usu295/2021/02/reunion.jpg"><img loading="lazy" decoding="async" class="aligncenter size-full wp-image-6107" src="https://agora.xtec.cat/escolapablopicasso/wp-content/uploads/usu295/2021/02/reunion.jpg" alt="" width="512" height="231" srcset="https://agora.xtec.cat/escolapablopicasso/wp-content/uploads/usu295/2021/02/reunion.jpg 512w, https://agora.xtec.cat/escolapablopicasso/wp-content/uploads/usu295/2021/02/reunion-300x135.jpg 300w" sizes="auto, (max-width: 512px) 100vw, 512px" /></a></h2>
<h2 class="Main_title"><strong>QUÈ FEM L’ASSOCIACIÓ DE FAMÍLIES (AFA)?</strong></h2>
<div></div>
<div id="GoBack">Les nostres funcions són, entre d’altres:</div>
<div></div>
<div class="BloqFaq">
<ul>
<li>
<p align="justify"><span lang="ca-ES">Informar i orientar a les famílies sobre el funcionament del centre i de temes relacionats amb el menjador escolar, l’adquisició de llibres de text, les activitats extraescolars, serveis d’acollida…</span></p>
</li>
</ul>
<ul>
<li><span lang="ca-ES">Organitzar totes les activitats extraescolars i el servei de permanències  fora de l’horari escolar, les celebracions i festes al llarg del curs.</span></li>
</ul>
<ul>
<li>
<p align="justify"><span lang="ca-ES">Animar a la participació de les famílies en el dia a dia del centre especialment en activitats culturals i recreatives destinades al creixement personal dels nostres fills i les nostres filles.</span></p>
</li>
</ul>
<ul>
<li>
<p align="justify"><span lang="ca-ES">Col·laborar en la millora del centre: ajudem econòmicament al centre per poder cobrir algunes de les necessitats que no poden ser cobertes ni pel centre ni per les institucions (Generalitat de Catalunya o Ajuntament de Barberà del Vallès) i que, en definitiva, repercuteixen en el  bé  dels nostres fills i filles.</span></p>
</li>
</ul>
<ul>
<li>
<p align="justify"><span lang="ca-ES">Buscar ser la veu de les famílies i afavorir la relació i coordinació entre les famílies i el personal docent, així com davant de les administracions públiques ,mitjançant la representació en els òrgans de govern col·legiats (consell escolar).</span></p>
</li>
</ul>
<ul>
<li>
<p lang="ca-ES">Organitzar activitats formatives (xerrades, escola de famílies, cursos) i activitats socioculturals (festes, concerts, fons per la biblioteca,..) que afavoreixin l’educació dels nostres infants i facilitin el coneixement i la relació entre les famílies.</p>
</li>
</ul>
<p>Per tot això és fonamental la nostra participació com a famílies en l’AFA per l’educació de els i les nostres infants i tot i que no és obligatori formar part de l’AFA, és molt recomanable fer-ho (els nostres fills i filles es senten molt orgullosos que els seus pares i mares hi participin) ja que des de l’AFA col·laborem en les activitats educatives del centre.</p>
</div>
<div class="BloqFaq">
<p>Per conèixer més les AFA’s d’educació primària:<br />
<a href="http://www.fapac.cat/">http://www.fapac.cat</a></p>
<p><span style="font-family: inherit; font-size: 1em;">Pots fer-te soci durant tot l’any en el despatx de l’AFA. </span></p>
</div>
<p>De 9:00 a 10:00 i de 16:30 a 17:30.</p>
<p>Els preus anuals són els següents:</p>
<p>1 soci: 18€</p>
<p>2 socis : 35€</p>
<p>3 socis: 45€</p>
<p>Recordem també que l&#8217;AFA és un nexe d&#8217;unió entre l&#8217;escola i les famílies. L&#8217;educació dels nostres infants també és la nostra responsabilitat.</p>
<p>A través de l&#8217;AFA podem transmetre queixes, opinions, suggeriments, idees&#8230;</p>
<p>Per fer-se soci només us heu de dirigir a l&#8217;oficina de l&#8217;AFA o fer el pagament per transferència.</p>
<p><strong>Recordem que el número de compte bancari és el següent: ES51 0182 1684 9902 0014 1203.</strong></p>
<p>Amb la cuota de soci es fa:</p>
<p>La festa major, amb inflables, tallers, photocall&#8230;<img loading="lazy" decoding="async" class="wp-image-8493 alignright" src="https://agora.xtec.cat/escolapablopicasso/wp-content/uploads/usu295/2025/09/Screenshot_2025-09-11-21-48-20-345_com.instagram.android.png" alt="" width="236" height="276" srcset="https://agora.xtec.cat/escolapablopicasso/wp-content/uploads/usu295/2025/09/Screenshot_2025-09-11-21-48-20-345_com.instagram.android.png 590w, https://agora.xtec.cat/escolapablopicasso/wp-content/uploads/usu295/2025/09/Screenshot_2025-09-11-21-48-20-345_com.instagram.android-257x300.png 257w" sizes="auto, (max-width: 236px) 100vw, 236px" /></p>
<p>Regal d&#8217;extraescolars.</p>
<p>Es cobreix l&#8217; assegurança del menjador i de les activitats que no siguin extraescolars.</p>
<p>Fem aportacions per millorar els espais de l&#8217;escola.</p>
<p>Es paguen les samarretes de les jornades esportives de sisè.</p>
<p>Es fa xocolatada per carnestoltes, que anteriorment, quan es feia fora de l&#8217;horari escolar, es convidava només a socis, ara que es fa en horari lectiu, es convida a xocolata i melindros a tota l&#8217;escola.</p>
<p>Durant la setmana de carnestoltes es reparteixen caramels a la sortida.</p>
<p>Per Sant Joan, abans d&#8217;acabar el curs, es convida a esmorzar a tots els alumnes d<span style="font-family: inherit; font-size: 1em;">e l&#8217;escola a coques i batuts.</span></p>
<p>Per tot això, és important que sigueu socis de l&#8217;Afa. Animeu-vos!!!!</p>

<p>&nbsp;</p>
<p><a href="https://agora.xtec.cat/escolapablopicasso/wp-content/uploads/usu295/2021/02/reunion.jpg"></a><br />
QUÈ FEM L’ASSOCIACIÓ DE FAMÍLIES (AFA)?</p>
<p>Les nostres funcions són, entre d’altres:</p>
<ul>
<li>
Informar i orientar a les famílies sobre el funcionament del centre i de temes relacionats amb el menjador escolar, l’adquisició de llibres de text, les activitats extraescolars, serveis d’acollida…
</li>
</ul>
<ul>
<li>Organitzar totes les activitats extraescolars i&hellip;  <a href="https://agora.xtec.cat/escolapablopicasso/afa/soci-afa/" title="Read Soci de l&#8217;AFA">Llegeix més»</a><br />
