{"id":7352,"date":"2023-04-25T09:49:39","date_gmt":"2023-04-25T07:49:39","guid":{"rendered":"https:\/\/agora.xtec.cat\/escolapablopicasso\/?page_id=7352"},"modified":"2024-03-13T11:45:22","modified_gmt":"2024-03-13T10:45:22","slug":"equip-directiu","status":"publish","type":"page","link":"https:\/\/agora.xtec.cat\/escolapablopicasso\/lescola\/qui-som\/equip-directiu\/","title":{"rendered":"EQUIP DIRECTIU"},"content":{"rendered":"<p><strong>EQUIP DIRECTIU ESCOLA PABLO PICASSO (PERFILS I TRAJECT\u00d2RIA PROFESSIONAL)<\/strong><\/p>\n<p><img decoding=\"async\" class=\"aligncenter\" src=\"https:\/\/encrypted-tbn0.gstatic.com\/images?q=tbn:ANd9GcQU0cjRXyrDfTm7EXIsj1d9Fk2ZkFD6B0jsFA&amp;usqp=CAU\" alt=\"Trabajo en equipo - Iconos gratis de personas\" \/><\/p>\n<p><sub>((Aquesta informaci\u00f3 es publica en compliment de l\u2019article 9.1.b) de la Llei 19\/2014, del 29 de desembre, de transpar\u00e8ncia, acc\u00e9s a la informaci\u00f3 p\u00fablica i bon govern))<\/sub><\/p>\n<p><strong>Cliqueu cada perfil per accedir al document:<\/strong><\/p>\n<p>&nbsp;<\/p>\n<p><a href=\"https:\/\/drive.google.com\/file\/d\/16uK8p2mbNq-KZa6cx3XuIsFxc4WIPO4a\/view?usp=sharing\">-PERFIL DIRECCI\u00d3<\/a><\/p>\n<p>&nbsp;<\/p>\n<p><a href=\"https:\/\/drive.google.com\/file\/d\/1-HWzEW0oVzBzvkKF6Q37NYk9CxVULr9B\/view?usp=sharing\">-PERFIL CAP D&#8217;ESTUDIS<\/a><\/p>\n<p>&nbsp;<\/p>\n<p><a href=\"https:\/\/drive.google.com\/file\/d\/1LuUB_mi_77-eKmvXcFUXsTPAuFHclImL\/view?usp=sharing\">-PERFIL SECRET\u00c0RIA<\/a><\/p>\n","protected":false},"excerpt":{"rendered":"<p>EQUIP DIRECTIU ESCOLA PABLO PICASSO (PERFILS I TRAJECT\u00d2RIA PROFESSIONAL)<\/p>\n<p>((Aquesta informaci\u00f3 es publica en compliment de l\u2019article 9.1.b) de la Llei 19\/2014, del 29 de desembre, de transpar\u00e8ncia, acc\u00e9s a la informaci\u00f3 p\u00fablica i bon govern))<br \/>\nCliqueu cada perfil per accedir al document:<br \/>\n&nbsp;<br \/>\n<a href=\"https:\/\/drive.google.com\/file\/d\/16uK8p2mbNq-KZa6cx3XuIsFxc4WIPO4a\/view?usp=sharing\">-PERFIL DIRECCI\u00d3<\/a><br \/>\n&nbsp;<br \/>\n<a href=\"https:\/\/drive.google.com\/file\/d\/1-HWzEW0oVzBzvkKF6Q37NYk9CxVULr9B\/view?usp=sharing\">-PERFIL CAP&hellip;  <a href=\"https:\/\/agora.xtec.cat\/escolapablopicasso\/lescola\/qui-som\/equip-directiu\/\" title=\"Read EQUIP DIRECTIU\">Llegeix m\u00e9s\u00bb<\/a><\/p>\n","protected":false},"author":1,"featured_media":0,"parent":1709,"menu_order":0,"comment_status":"closed","ping_status":"closed","template":"page-templates\/side-menu.php","meta":{"_bbp_topic_count":0,"_bbp_reply_count":0,"_bbp_total_topic_count":0,"_bbp_total_reply_count":0,"_bbp_voice_count":0,"_bbp_anonymous_reply_count":0,"_bbp_topic_count_hidden":0,"_bbp_reply_count_hidden":0,"_bbp_forum_subforum_count":0,"footnotes":""},"class_list":["post-7352","page","type-page","status-publish","hentry"],"post_mailing_queue_ids":[],"_links":{"self":[{"href":"https:\/\/agora.xtec.cat\/escolapablopicasso\/wp-json\/wp\/v2\/pages\/7352","targetHints":{"allow":["GET"]}}],"collection":[{"href":"https:\/\/agora.xtec.cat\/escolapablopicasso\/wp-json\/wp\/v2\/pages"}],"about":[{"href":"https:\/\/agora.xtec.cat\/escolapablopicasso\/wp-json\/wp\/v2\/types\/page"}],"author":[{"embeddable":true,"href":"https:\/\/agora.xtec.cat\/escolapablopicasso\/wp-json\/wp\/v2\/users\/1"}],"replies":[{"embeddable":true,"href":"https:\/\/agora.xtec.cat\/escolapablopicasso\/wp-json\/wp\/v2\/comments?post=7352"}],"version-history":[{"count":3,"href":"https:\/\/agora.xtec.cat\/escolapablopicasso\/wp-json\/wp\/v2\/pages\/7352\/revisions"}],"predecessor-version":[{"id":7812,"href":"https:\/\/agora.xtec.cat\/escolapablopicasso\/wp-json\/wp\/v2\/pages\/7352\/revisions\/7812"}],"up":[{"embeddable":true,"href":"https:\/\/agora.xtec.cat\/escolapablopicasso\/wp-json\/wp\/v2\/pages\/1709"}],"wp:attachment":[{"href":"https:\/\/agora.xtec.cat\/escolapablopicasso\/wp-json\/wp\/v2\/media?parent=7352"}],"curies":[{"name":"wp","href":"https:\/\/api.w.org\/{rel}","templated":true}]}}