{"id":73,"date":"2014-09-18T14:01:51","date_gmt":"2014-09-18T13:01:51","guid":{"rendered":"http:\/\/agora.xtec.cat\/escolapablopicasso\/\/?page_id=73"},"modified":"2025-09-16T20:29:04","modified_gmt":"2025-09-16T18:29:04","slug":"menjador-escolar","status":"publish","type":"page","link":"https:\/\/agora.xtec.cat\/escolapablopicasso\/afa\/menjador-escolar\/","title":{"rendered":"Menjador escolar"},"content":{"rendered":"<p>L\u2019escola disposa de servei de menjador. Aquest \u00e9s un servei gestionat per l\u2019AFA de l\u2019escola.<\/p>\n<p>\u25cf Els alumnes d\u2019I3, I4, I5, 1r i 2n necessiten una bata, nom\u00e9s pel menjador, amb una cinta llarga per penjar-la i el nom marcat. (Cal que la portin en una bosseta els dilluns i els divendres se l\u2019emportaran a casa).<br \/>\n\u25cf L\u2019alumnat d\u2019I3 fa migdiada. Cal que porti un coix\u00ed i una manteta o llen\u00e7olet, marcats. Tamb\u00e9 cal que portin una muda sencera dins d\u2019una bossa, amb tot ben marcat.<\/p>\n<p>Els alumnes poden quedar-se a dinar de manera fixa o b\u00e9 espor\u00e0dica i el preu variar\u00e0 si estan associats\/des a l\u2019AFA.:<br \/>\nPreu socis: 7,30\u20ac per l\u2019alumnat fix i 8,10\u20ac per l\u2019alumnat espor\u00e0dic.<br \/>\nPreu NO socis: 7,54\u20ac per l\u2019alumnat fix i 8,29\u20ac per l\u2019alumnat espor\u00e0dic.<\/p>\n<p>NENS\/ES FIXES:<br \/>\n\u25cf Pels infants fixos ser\u00e0 obligat\u00f2ria la domiciliaci\u00f3 banc\u00e0ria. El rebut es passa de l\u20191 al 5 de cada mes.<br \/>\n\u25cf Si es queden fixes, han d\u2019avisar a l\u2019AFA a comen\u00e7ament de mes.<br \/>\n\u25cf El dia que no es quedin a dinar, caldr\u00e0 que avisin ABANS DE LES 9:30 h del mat\u00ed per tal de descomptar el preu del men\u00fa. Si no s\u2019avisa, no es podr\u00e0 retornar aquest import, degut a que el men\u00fa del nen\/a faltant ja s\u2019haur\u00e0 demanat al catering.<br \/>\n\u25cf Els dies d\u2019excursi\u00f3, els infants fixes de menjador tindran un picnic. Si no el volen, cal avisar a l\u2019AFA el dia d\u2019abans de l\u2019excursi\u00f3 a les 9:00h del mat\u00ed.<br \/>\nEn cas contrari, el p\u00edcnic ser\u00e0 cobrat i entregat al\/la nen\/a, ja que el servei de c\u00e0tering el porta el dia de l\u2019excursi\u00f3 a primera hora.<\/p>\n<p>NENS\/ES ESPOR\u00c0DICS:<br \/>\n\u25cf Els infants que es quedin a dinar de manera espor\u00e0dica caldr\u00e0 que facin el seu ingr\u00e9s al compte del menjador del BBVA, segons un tiquet que se li facilitar\u00e0 al local de l\u2019AFA, i caldr\u00e0 retornar-ho a l\u2019AFA abans de les 9:30h del mat\u00ed.<\/p>\n","protected":false},"excerpt":{"rendered":"<p>L\u2019escola disposa de servei de menjador. Aquest \u00e9s un servei gestionat per l\u2019AFA de l\u2019escola.<br \/>\n\u25cf Els alumnes d\u2019I3, I4, I5, 1r i 2n necessiten una bata, nom\u00e9s pel menjador, amb una cinta llarga per penjar-la i el nom marcat. (Cal que la portin en una&hellip;  <a href=\"https:\/\/agora.xtec.cat\/escolapablopicasso\/afa\/menjador-escolar\/\" title=\"Read Menjador escolar\">Llegeix m\u00e9s\u00bb<\/a><\/p>\n","protected":false},"author":2,"featured_media":0,"parent":66,"menu_order":2,"comment_status":"closed","ping_status":"closed","template":"page-templates\/side-menu.php","meta":{"_bbp_topic_count":0,"_bbp_reply_count":0,"_bbp_total_topic_count":0,"_bbp_total_reply_count":0,"_bbp_voice_count":0,"_bbp_anonymous_reply_count":0,"_bbp_topic_count_hidden":0,"_bbp_reply_count_hidden":0,"_bbp_forum_subforum_count":0,"footnotes":""},"class_list":["post-73","page","type-page","status-publish","hentry"],"post_mailing_queue_ids":[],"_links":{"self":[{"href":"https:\/\/agora.xtec.cat\/escolapablopicasso\/wp-json\/wp\/v2\/pages\/73","targetHints":{"allow":["GET"]}}],"collection":[{"href":"https:\/\/agora.xtec.cat\/escolapablopicasso\/wp-json\/wp\/v2\/pages"}],"about":[{"href":"https:\/\/agora.xtec.cat\/escolapablopicasso\/wp-json\/wp\/v2\/types\/page"}],"author":[{"embeddable":true,"href":"https:\/\/agora.xtec.cat\/escolapablopicasso\/wp-json\/wp\/v2\/users\/2"}],"replies":[{"embeddable":true,"href":"https:\/\/agora.xtec.cat\/escolapablopicasso\/wp-json\/wp\/v2\/comments?post=73"}],"version-history":[{"count":5,"href":"https:\/\/agora.xtec.cat\/escolapablopicasso\/wp-json\/wp\/v2\/pages\/73\/revisions"}],"predecessor-version":[{"id":8510,"href":"https:\/\/agora.xtec.cat\/escolapablopicasso\/wp-json\/wp\/v2\/pages\/73\/revisions\/8510"}],"up":[{"embeddable":true,"href":"https:\/\/agora.xtec.cat\/escolapablopicasso\/wp-json\/wp\/v2\/pages\/66"}],"wp:attachment":[{"href":"https:\/\/agora.xtec.cat\/escolapablopicasso\/wp-json\/wp\/v2\/media?parent=73"}],"curies":[{"name":"wp","href":"https:\/\/api.w.org\/{rel}","templated":true}]}}

<p>L’escola disposa de servei de menjador. Aquest és un servei gestionat per l’AFA de l’escola.</p>
<p>● Els alumnes d’I3, I4, I5, 1r i 2n necessiten una bata, només pel menjador, amb una cinta llarga per penjar-la i el nom marcat. (Cal que la portin en una bosseta els dilluns i els divendres se l’emportaran a casa).<br />
● L’alumnat d’I3 fa migdiada. Cal que porti un coixí i una manteta o llençolet, marcats. També cal que portin una muda sencera dins d’una bossa, amb tot ben marcat.</p>
<p>Els alumnes poden quedar-se a dinar de manera fixa o bé esporàdica i el preu variarà si estan associats/des a l’AFA.:<br />
Preu socis: 7,30€ per l’alumnat fix i 8,10€ per l’alumnat esporàdic.<br />
Preu NO socis: 7,54€ per l’alumnat fix i 8,29€ per l’alumnat esporàdic.</p>
<p>NENS/ES FIXES:<br />
● Pels infants fixos serà obligatòria la domiciliació bancària. El rebut es passa de l’1 al 5 de cada mes.<br />
● Si es queden fixes, han d’avisar a l’AFA a començament de mes.<br />
● El dia que no es quedin a dinar, caldrà que avisin ABANS DE LES 9:30 h del matí per tal de descomptar el preu del menú. Si no s’avisa, no es podrà retornar aquest import, degut a que el menú del nen/a faltant ja s’haurà demanat al catering.<br />
● Els dies d’excursió, els infants fixes de menjador tindran un picnic. Si no el volen, cal avisar a l’AFA el dia d’abans de l’excursió a les 9:00h del matí.<br />
En cas contrari, el pícnic serà cobrat i entregat al/la nen/a, ja que el servei de càtering el porta el dia de l’excursió a primera hora.</p>
<p>NENS/ES ESPORÀDICS:<br />
● Els infants que es quedin a dinar de manera esporàdica caldrà que facin el seu ingrés al compte del menjador del BBVA, segons un tiquet que se li facilitarà al local de l’AFA, i caldrà retornar-ho a l’AFA abans de les 9:30h del matí.</p>

<p>L’escola disposa de servei de menjador. Aquest és un servei gestionat per l’AFA de l’escola.<br />
● Els alumnes d’I3, I4, I5, 1r i 2n necessiten una bata, només pel menjador, amb una cinta llarga per penjar-la i el nom marcat. (Cal que la portin en una&hellip;  <a href="https://agora.xtec.cat/escolapablopicasso/afa/menjador-escolar/" title="Read Menjador escolar">Llegeix més»</a></p>
