{"id":66,"date":"2014-09-18T12:40:47","date_gmt":"2014-09-18T11:40:47","guid":{"rendered":"http:\/\/agora.xtec.cat\/escolapablopicasso\/\/?page_id=66"},"modified":"2025-09-11T21:52:07","modified_gmt":"2025-09-11T19:52:07","slug":"afa","status":"publish","type":"page","link":"https:\/\/agora.xtec.cat\/escolapablopicasso\/afa\/","title":{"rendered":"AFA \/ Serveis"},"content":{"rendered":"<h5>QU\u00c8 \u00c9S UNA AFA?<\/h5>\n<p>Una AFA \u00e9s una forma d\u2019organitzaci\u00f3 dels pares i les mares dels alumnes d\u2019un centre educatiu. Antigament, l\u2019associaci\u00f3 es coneixia amb les sigles APA (Associaci\u00f3 de Pares d\u2019alumnes) per\u00f2 es va canviar la nomenclatura per l\u2019actual.<\/p>\n<p>Pot tenir com a funcions coordinar activitats extraescolars i d\u2019entorn i el seguiment dels projectes de centre. Serveix tamb\u00e9 per donar veu als pares dins la comunitat educativa, segons les funcions encomanades pel projecte educatiu de centre.<\/p>\n<p>Els c\u00e0rrecs de l\u2019AMPA s\u2019escullen per democr\u00e0cia, segons un sistema de votacions o consens entre els voluntaris. A Espanya nom\u00e9s un 16% dels pares col\u00b7labora d\u2019una manera o una altra a les activitats de l\u2019AMPA de l\u2019escola on assisteixen els seus fills.<\/p>\n<p>&nbsp;<\/p>\n<h5>QUINES S\u00d3N LES FUNCIONS DE L\u2019AFA:<\/h5>\n<p>Les funcions principals d\u2019una Associaci\u00f3 de Fam\u00edlies d&#8217;Alumnes (AFA) s\u00f3n:<\/p>\n<ol>\n<li>D\u00f3na suport a fam\u00edlies, mestres i alumnes i tamb\u00e9 als \u00f2rgans de govern del centre en tot all\u00f2 que contribueixi a la millora de la qualitat de l\u2019ensenyament que reben els nois i les noies.<\/li>\n<li>Promou la participaci\u00f3 de les fam\u00edlies a la comunitat educativa potenciant la seva implicaci\u00f3 en el funcionament del centre.<\/li>\n<li>\u00c9s un espai de reflexi\u00f3 que permet a les fam\u00edlies reflexionar i opinar sobre el funcionament quotidi\u00e0 de l\u2019escola i sobre temes educatius d\u2019abast m\u00e9s general.<\/li>\n<li>\u00c9s el principal interlocutor que tenen els mestres i els equips directius per tractar els temes que afecten a tot el col\u00b7lectiu de fam\u00edlies.<\/li>\n<li>Participa en la pressa de decisions i en el govern del centre mitjan\u00e7ant un representant al consell escolar de centre.<\/li>\n<li>Orienta als pares en l\u2019exercici dels seus drets i obligacions com a membres d\u2019un centre educatiu sostingut amb fons p\u00fablics.<\/li>\n<li>Administrar i gestiona els recursos que aporten els associats.<\/li>\n<\/ol>\n<p>&nbsp;<\/p>\n<h5>HORARI D&#8217;ATENCI\u00d3 A LES FAM\u00cdLIES<\/h5>\n<p>Tots els matins de 9:05h a 10:30h i totes les tardes de 16:35h a 17:30h<br \/>\nLes fam\u00edlies que hagin de fer gestions o parlar amb l\u2019AFA, caldr\u00e0 que esperin a que tots els infants del centre hagin fet la seva entrada o sortida.<\/p>\n<p>Correu electr\u00f2nic: afaescolapablopicasso@gmail.com<br \/>\nM\u00f2bil de l\u2019AFA: 680 75 90 98<br \/>\nTel\u00e8fon: 93 729 70 05<\/p>\n","protected":false},"excerpt":{"rendered":"<p>QU\u00c8 \u00c9S UNA AFA?<br \/>\nUna AFA \u00e9s una forma d\u2019organitzaci\u00f3 dels pares i les mares dels alumnes d\u2019un centre educatiu. Antigament, l\u2019associaci\u00f3 es coneixia amb les sigles APA (Associaci\u00f3 de Pares d\u2019alumnes) per\u00f2 es va canviar la nomenclatura per l\u2019actual.<br \/>\nPot tenir com a funcions coordinar activitats&hellip;  <a href=\"https:\/\/agora.xtec.cat\/escolapablopicasso\/afa\/\" title=\"Read AFA \/ Serveis\">Llegeix m\u00e9s\u00bb<\/a><\/p>\n","protected":false},"author":2,"featured_media":0,"parent":0,"menu_order":0,"comment_status":"closed","ping_status":"closed","template":"page-templates\/side-menu.php","meta":{"_bbp_topic_count":0,"_bbp_reply_count":0,"_bbp_total_topic_count":0,"_bbp_total_reply_count":0,"_bbp_voice_count":0,"_bbp_anonymous_reply_count":0,"_bbp_topic_count_hidden":0,"_bbp_reply_count_hidden":0,"_bbp_forum_subforum_count":0,"footnotes":""},"class_list":["post-66","page","type-page","status-publish","hentry"],"post_mailing_queue_ids":[],"_links":{"self":[{"href":"https:\/\/agora.xtec.cat\/escolapablopicasso\/wp-json\/wp\/v2\/pages\/66","targetHints":{"allow":["GET"]}}],"collection":[{"href":"https:\/\/agora.xtec.cat\/escolapablopicasso\/wp-json\/wp\/v2\/pages"}],"about":[{"href":"https:\/\/agora.xtec.cat\/escolapablopicasso\/wp-json\/wp\/v2\/types\/page"}],"author":[{"embeddable":true,"href":"https:\/\/agora.xtec.cat\/escolapablopicasso\/wp-json\/wp\/v2\/users\/2"}],"replies":[{"embeddable":true,"href":"https:\/\/agora.xtec.cat\/escolapablopicasso\/wp-json\/wp\/v2\/comments?post=66"}],"version-history":[{"count":6,"href":"https:\/\/agora.xtec.cat\/escolapablopicasso\/wp-json\/wp\/v2\/pages\/66\/revisions"}],"predecessor-version":[{"id":8492,"href":"https:\/\/agora.xtec.cat\/escolapablopicasso\/wp-json\/wp\/v2\/pages\/66\/revisions\/8492"}],"wp:attachment":[{"href":"https:\/\/agora.xtec.cat\/escolapablopicasso\/wp-json\/wp\/v2\/media?parent=66"}],"curies":[{"name":"wp","href":"https:\/\/api.w.org\/{rel}","templated":true}]}}

<h5>QUÈ ÉS UNA AFA?</h5>
<p>Una AFA és una forma d’organització dels pares i les mares dels alumnes d’un centre educatiu. Antigament, l’associació es coneixia amb les sigles APA (Associació de Pares d’alumnes) però es va canviar la nomenclatura per l’actual.</p>
<p>Pot tenir com a funcions coordinar activitats extraescolars i d’entorn i el seguiment dels projectes de centre. Serveix també per donar veu als pares dins la comunitat educativa, segons les funcions encomanades pel projecte educatiu de centre.</p>
<p>Els càrrecs de l’AMPA s’escullen per democràcia, segons un sistema de votacions o consens entre els voluntaris. A Espanya només un 16% dels pares col·labora d’una manera o una altra a les activitats de l’AMPA de l’escola on assisteixen els seus fills.</p>
<p>&nbsp;</p>
<h5>QUINES SÓN LES FUNCIONS DE L’AFA:</h5>
<p>Les funcions principals d’una Associació de Famílies d&#8217;Alumnes (AFA) són:</p>
<ol>
<li>Dóna suport a famílies, mestres i alumnes i també als òrgans de govern del centre en tot allò que contribueixi a la millora de la qualitat de l’ensenyament que reben els nois i les noies.</li>
<li>Promou la participació de les famílies a la comunitat educativa potenciant la seva implicació en el funcionament del centre.</li>
<li>És un espai de reflexió que permet a les famílies reflexionar i opinar sobre el funcionament quotidià de l’escola i sobre temes educatius d’abast més general.</li>
<li>És el principal interlocutor que tenen els mestres i els equips directius per tractar els temes que afecten a tot el col·lectiu de famílies.</li>
<li>Participa en la pressa de decisions i en el govern del centre mitjançant un representant al consell escolar de centre.</li>
<li>Orienta als pares en l’exercici dels seus drets i obligacions com a membres d’un centre educatiu sostingut amb fons públics.</li>
<li>Administrar i gestiona els recursos que aporten els associats.</li>
</ol>
<p>&nbsp;</p>
<h5>HORARI D&#8217;ATENCIÓ A LES FAMÍLIES</h5>
<p>Tots els matins de 9:05h a 10:30h i totes les tardes de 16:35h a 17:30h<br />
Les famílies que hagin de fer gestions o parlar amb l’AFA, caldrà que esperin a que tots els infants del centre hagin fet la seva entrada o sortida.</p>
<p>Correu electrònic: afaescolapablopicasso@gmail.com<br />
Mòbil de l’AFA: 680 75 90 98<br />
Telèfon: 93 729 70 05</p>

<p>QUÈ ÉS UNA AFA?<br />
Una AFA és una forma d’organització dels pares i les mares dels alumnes d’un centre educatiu. Antigament, l’associació es coneixia amb les sigles APA (Associació de Pares d’alumnes) però es va canviar la nomenclatura per l’actual.<br />
Pot tenir com a funcions coordinar activitats&hellip;  <a href="https://agora.xtec.cat/escolapablopicasso/afa/" title="Read AFA / Serveis">Llegeix més»</a></p>
