{"id":64,"date":"2014-09-18T12:39:08","date_gmt":"2014-09-18T10:39:08","guid":{"rendered":"http:\/\/agora.xtec.cat\/escolapablopicasso\/\/?page_id=64"},"modified":"2025-01-31T15:51:37","modified_gmt":"2025-01-31T14:51:37","slug":"projecte-educatiu","status":"publish","type":"page","link":"https:\/\/agora.xtec.cat\/escolapablopicasso\/lescola\/projecte-educatiu\/","title":{"rendered":"Projecte educatiu"},"content":{"rendered":"<p>&nbsp;<\/p>\n<ul>\n<li>Programa d&#8217;adaptaci\u00f3 escolar a I3<\/li>\n<li>Projecte d&#8217;apadrinament socioemocional I3 i 6\u00e8<\/li>\n<li>Programa de trasp\u00e0s d&#8217;alumnes a secund\u00e0ria (ESO)<\/li>\n<li>Festes tradicionals i Concert de l&#8217;escola<\/li>\n<li>L&#8217;escola es converteix en un Museu d&#8217;Art<\/li>\n<li>Educaci\u00f3 inclusiva<\/li>\n<li>Tallers intercicles<\/li>\n<li>Sortides i col\u00f2nies relacionades amb el projecte educatiu\n<ul>\n<li>Una sortida de tot el dia com a m\u00ednim per trimestre<\/li>\n<li>Sortides pel municipi (Ajuntament, R\u00e0dio, Biblioteca, Mossos&#8230;)<\/li>\n<li>Col\u00f2nies a I5, 3r i 6\u00e8<\/li>\n<\/ul>\n<\/li>\n<li>Projecte Ling\u00fc\u00edstic\n<ul>\n<li>Pla d&#8217;Impuls a la lectura i escriptura<\/li>\n<li>Nou pla de treball sobre la llengua oral<\/li>\n<li><a href=\"http:\/\/agora.xtec.cat\/escolapablopicasso\/lescola\/documents-de-centre\/apadrinament-lector\/\">Apadrinaments lectors<\/a><\/li>\n<li>Projecte lector (franges de lectura sistematitzada, mitja hora di\u00e0ria)<\/li>\n<li>Anem a la biblioteca del municipi cada setmana! (a CM)<\/li>\n<li>Projecte de biblioteca escolar<\/li>\n<li>Setmana liter\u00e0ria<\/li>\n<li>Setmana de la ci\u00e8ncia<\/li>\n<li>Participaci\u00f3 en el LECXIT<\/li>\n<\/ul>\n<\/li>\n<li>Infantil: El joc, les experimentacions i les emocions s\u00f3n la base del creixement\n<ul>\n<li>Racons de manipulaci\u00f3 i d&#8217;experimentaci\u00f3<\/li>\n<li>Programa de psicomotrocitat<\/li>\n<li>Protagonista de la setmana<\/li>\n<li>Racons d&#8217;activitat, de llengua i matem\u00e0tiques<\/li>\n<\/ul>\n<\/li>\n<li>Prim\u00e0ria:\n<ul>\n<li>Desdoblaments de llengua i\/o matem\u00e0tiques<\/li>\n<\/ul>\n<\/li>\n<li>Projecte de jocs de pati<\/li>\n<li>Angl\u00e8s:\n<ul>\n<li>Introducci\u00f3 a la llengua anglesa a I4<\/li>\n<li>Desdoblaments de mig grup a Angl\u00e8s (oral) des de 1r<\/li>\n<li>Obres de teatre en angl\u00e8s de 1r a 6\u00e8<\/li>\n<li>Tallers en angl\u00e8s<\/li>\n<li>English day a 5\u00e8<\/li>\n<li>Pen friends a 6\u00e8<\/li>\n<\/ul>\n<\/li>\n<li>M\u00fasica:\n<ul>\n<li>Audicions musicals d&#8217; I3 a 6\u00e8<\/li>\n<li>Danses a 3r (en xarxa amb la resta d&#8217;escoles del municipi)<\/li>\n<li>Cant\u00e0nia a 5\u00e8<\/li>\n<li>Concert (desembre) i ball de fi de segon trimestre<\/li>\n<\/ul>\n<\/li>\n<li>Educaci\u00f3 F\u00edsica:\n<ul>\n<li>Jocs cooperatius a 4t<\/li>\n<li>Jornades atl\u00e8tiques a 6\u00e8<\/li>\n<\/ul>\n<\/li>\n<li>Pla d&#8217;Educaci\u00f3 digital:\n<ul>\n<li>Inform\u00e0tica i rob\u00f2tica en grups redu\u00efts<\/li>\n<li>\u00das de tablets i port\u00e0tils<\/li>\n<li>Pantalles digitals<\/li>\n<li>Xerrades a fam\u00edlies i alumnat<\/li>\n<\/ul>\n<\/li>\n<li><a href=\"http:\/\/agora.xtec.cat\/escolapablopicasso\/lescola\/fruita-a-lescola\/\">Programa d&#8217;h\u00e0bits saludables<\/a>\n<ul>\n<li>Dimecres, dia de la fruita<\/li>\n<li>Esmorzar a l&#8217;aula<\/li>\n<li>Pla de consum de fruita Gencat<\/li>\n<li>Hort escolar<\/li>\n<li>Activitats promogudes per l&#8217;Ajuntament<\/li>\n<li>Programa SI (Programa d&#8217;h\u00e0bits saludables)<\/li>\n<\/ul>\n<\/li>\n<li>Col\u00b7laboraci\u00f3 en activitats escolars per part de les fam\u00edlies dins i fora de l&#8217;horari lectiu<\/li>\n<\/ul>\n","protected":false},"excerpt":{"rendered":"<p>&nbsp;<\/p>\n<ul>\n<li>Programa d&#8217;adaptaci\u00f3 escolar a I3<\/li>\n<li>Projecte d&#8217;apadrinament socioemocional I3 i 6\u00e8<\/li>\n<li>Programa de trasp\u00e0s d&#8217;alumnes a secund\u00e0ria (ESO)<\/li>\n<li>Festes tradicionals i Concert de l&#8217;escola<\/li>\n<li>L&#8217;escola es converteix en un Museu d&#8217;Art<\/li>\n<li>Educaci\u00f3 inclusiva<\/li>\n<li>Tallers intercicles<\/li>\n<li>Sortides i col\u00f2nies relacionades amb el projecte educatiu\n<ul>\n<li>Una sortida de tot el dia com a m\u00ednim per&hellip;  <a href=\"https:\/\/agora.xtec.cat\/escolapablopicasso\/lescola\/projecte-educatiu\/\" title=\"Read Projecte educatiu\">Llegeix m\u00e9s\u00bb<\/a><br \/>\n","protected":false},"author":2,"featured_media":0,"parent":22,"menu_order":7,"comment_status":"closed","ping_status":"closed","template":"page-templates\/side-menu.php","meta":{"_bbp_topic_count":0,"_bbp_reply_count":0,"_bbp_total_topic_count":0,"_bbp_total_reply_count":0,"_bbp_voice_count":0,"_bbp_anonymous_reply_count":0,"_bbp_topic_count_hidden":0,"_bbp_reply_count_hidden":0,"_bbp_forum_subforum_count":0,"footnotes":""},"class_list":["post-64","page","type-page","status-publish","hentry"],"post_mailing_queue_ids":[],"_links":{"self":[{"href":"https:\/\/agora.xtec.cat\/escolapablopicasso\/wp-json\/wp\/v2\/pages\/64","targetHints":{"allow":["GET"]}}],"collection":[{"href":"https:\/\/agora.xtec.cat\/escolapablopicasso\/wp-json\/wp\/v2\/pages"}],"about":[{"href":"https:\/\/agora.xtec.cat\/escolapablopicasso\/wp-json\/wp\/v2\/types\/page"}],"author":[{"embeddable":true,"href":"https:\/\/agora.xtec.cat\/escolapablopicasso\/wp-json\/wp\/v2\/users\/2"}],"replies":[{"embeddable":true,"href":"https:\/\/agora.xtec.cat\/escolapablopicasso\/wp-json\/wp\/v2\/comments?post=64"}],"version-history":[{"count":6,"href":"https:\/\/agora.xtec.cat\/escolapablopicasso\/wp-json\/wp\/v2\/pages\/64\/revisions"}],"predecessor-version":[{"id":8200,"href":"https:\/\/agora.xtec.cat\/escolapablopicasso\/wp-json\/wp\/v2\/pages\/64\/revisions\/8200"}],"up":[{"embeddable":true,"href":"https:\/\/agora.xtec.cat\/escolapablopicasso\/wp-json\/wp\/v2\/pages\/22"}],"wp:attachment":[{"href":"https:\/\/agora.xtec.cat\/escolapablopicasso\/wp-json\/wp\/v2\/media?parent=64"}],"curies":[{"name":"wp","href":"https:\/\/api.w.org\/{rel}","templated":true}]}}

<p>&nbsp;</p>
<ul>
<li>Programa d&#8217;adaptació escolar a I3</li>
<li>Projecte d&#8217;apadrinament socioemocional I3 i 6è</li>
<li>Programa de traspàs d&#8217;alumnes a secundària (ESO)</li>
<li>Festes tradicionals i Concert de l&#8217;escola</li>
<li>L&#8217;escola es converteix en un Museu d&#8217;Art</li>
<li>Educació inclusiva</li>
<li>Tallers intercicles</li>
<li>Sortides i colònies relacionades amb el projecte educatiu
<ul>
<li>Una sortida de tot el dia com a mínim per trimestre</li>
<li>Sortides pel municipi (Ajuntament, Ràdio, Biblioteca, Mossos&#8230;)</li>
<li>Colònies a I5, 3r i 6è</li>
</ul>
</li>
<li>Projecte Lingüístic
<ul>
<li>Pla d&#8217;Impuls a la lectura i escriptura</li>
<li>Nou pla de treball sobre la llengua oral</li>
<li><a href="http://agora.xtec.cat/escolapablopicasso/lescola/documents-de-centre/apadrinament-lector/">Apadrinaments lectors</a></li>
<li>Projecte lector (franges de lectura sistematitzada, mitja hora diària)</li>
<li>Anem a la biblioteca del municipi cada setmana! (a CM)</li>
<li>Projecte de biblioteca escolar</li>
<li>Setmana literària</li>
<li>Setmana de la ciència</li>
<li>Participació en el LECXIT</li>
</ul>
</li>
<li>Infantil: El joc, les experimentacions i les emocions són la base del creixement
<ul>
<li>Racons de manipulació i d&#8217;experimentació</li>
<li>Programa de psicomotrocitat</li>
<li>Protagonista de la setmana</li>
<li>Racons d&#8217;activitat, de llengua i matemàtiques</li>
</ul>
</li>
<li>Primària:
<ul>
<li>Desdoblaments de llengua i/o matemàtiques</li>
</ul>
</li>
<li>Projecte de jocs de pati</li>
<li>Anglès:
<ul>
<li>Introducció a la llengua anglesa a I4</li>
<li>Desdoblaments de mig grup a Anglès (oral) des de 1r</li>
<li>Obres de teatre en anglès de 1r a 6è</li>
<li>Tallers en anglès</li>
<li>English day a 5è</li>
<li>Pen friends a 6è</li>
</ul>
</li>
<li>Música:
<ul>
<li>Audicions musicals d&#8217; I3 a 6è</li>
<li>Danses a 3r (en xarxa amb la resta d&#8217;escoles del municipi)</li>
<li>Cantània a 5è</li>
<li>Concert (desembre) i ball de fi de segon trimestre</li>
</ul>
</li>
<li>Educació Física:
<ul>
<li>Jocs cooperatius a 4t</li>
<li>Jornades atlètiques a 6è</li>
</ul>
</li>
<li>Pla d&#8217;Educació digital:
<ul>
<li>Informàtica i robòtica en grups reduïts</li>
<li>Ús de tablets i portàtils</li>
<li>Pantalles digitals</li>
<li>Xerrades a famílies i alumnat</li>
</ul>
</li>
<li><a href="http://agora.xtec.cat/escolapablopicasso/lescola/fruita-a-lescola/">Programa d&#8217;hàbits saludables</a>
<ul>
<li>Dimecres, dia de la fruita</li>
<li>Esmorzar a l&#8217;aula</li>
<li>Pla de consum de fruita Gencat</li>
<li>Hort escolar</li>
<li>Activitats promogudes per l&#8217;Ajuntament</li>
<li>Programa SI (Programa d&#8217;hàbits saludables)</li>
</ul>
</li>
<li>Col·laboració en activitats escolars per part de les famílies dins i fora de l&#8217;horari lectiu</li>
</ul>

<p>&nbsp;</p>
<ul>
<li>Programa d&#8217;adaptació escolar a I3</li>
<li>Projecte d&#8217;apadrinament socioemocional I3 i 6è</li>
<li>Programa de traspàs d&#8217;alumnes a secundària (ESO)</li>
<li>Festes tradicionals i Concert de l&#8217;escola</li>
<li>L&#8217;escola es converteix en un Museu d&#8217;Art</li>
<li>Educació inclusiva</li>
<li>Tallers intercicles</li>
<li>Sortides i colònies relacionades amb el projecte educatiu
<ul>
<li>Una sortida de tot el dia com a mínim per&hellip;  <a href="https://agora.xtec.cat/escolapablopicasso/lescola/projecte-educatiu/" title="Read Projecte educatiu">Llegeix més»</a><br />
