{"id":5421,"date":"2020-05-09T21:39:59","date_gmt":"2020-05-09T19:39:59","guid":{"rendered":"http:\/\/agora.xtec.cat\/escolapablopicasso\/?page_id=5421"},"modified":"2026-04-15T15:09:59","modified_gmt":"2026-04-15T13:09:59","slug":"preinscripcio-curs-2026-2027","status":"publish","type":"page","link":"https:\/\/agora.xtec.cat\/escolapablopicasso\/preinscripcio-curs-2026-2027\/","title":{"rendered":"Preinscripci\u00f3 curs 2026-2027"},"content":{"rendered":"<p>CURS 2025-26 (PREINSCRIPCI\u00d3 CURS 2026-27)<\/p>\n<p>Si heu de preinscriure el vostre fill o filla a educaci\u00f3 infantil (3-6), prim\u00e0ria o secund\u00e0ria obligat\u00f2ria, us avancem les <strong>dates de presentaci\u00f3 de sol\u00b7licituds<\/strong>:<\/p>\n<ul>\n<li>educaci\u00f3 infantil (3-6 anys) i prim\u00e0ria,\u00a0<strong>del 4 al 18 de mar\u00e7 de 2026<\/strong><\/li>\n<li>educaci\u00f3 secund\u00e0ria obligat\u00f2ria,\u00a0<strong>del 6 al 18 de mar\u00e7 de 2026<\/strong><\/li>\n<\/ul>\n<p>En breu trobareu tota la informaci\u00f3 en aquest\u00a0<a href=\"https:\/\/preinscripcio.gencat.cat\/ca\/inici\">web<\/a>\u00a0i al web de l\u2019escola.<\/p>\n<p>&nbsp;<\/p>\n<p><span style=\"font-family: inherit; font-size: 1em;\">Cliqueu per accedir a la informaci\u00f3:<\/span><\/p>\n<p style=\"text-align: center;\"><a href=\"https:\/\/www.bdv.cat\/noticies\/preinscripcio-escolar-curs-202627-es-programen-xerrades-informatives-les-families\">Informaci\u00f3 a c\u00e0rrec de l&#8217;Ajuntament<\/a><\/p>\n<p style=\"text-align: center;\"><a href=\"https:\/\/agora.xtec.cat\/escolapablopicasso\/general\/portes-obertes-2026\/\">P\u00f2ster portes obertes escoles\/instituts de Barber\u00e0 del Vall\u00e8s<\/a><\/p>\n<p style=\"text-align: center;\"><a href=\"https:\/\/www.bdv.cat\/mapes-zones-educatives\">Mapa zones educatives<\/a><\/p>\n<p style=\"text-align: center;\"><a href=\"https:\/\/agora.xtec.cat\/escolapablopicasso\/general\/formulari-inscripcio-portes-obertes-4\/\">Portes obertes de l&#8217;escola Pablo Picasso<\/a><\/p>\n<p style=\"text-align: center;\"><a href=\"https:\/\/docs.google.com\/presentation\/d\/1nmOeYfd8vPdHBU56_obzVVZo4OoaIsgM\/edit?usp=sharing&amp;ouid=115399733215670266912&amp;rtpof=true&amp;sd=true\">Presentaci\u00f3 Escola Pablo Picasso (Power Point)<\/a><\/p>\n<p style=\"text-align: center;\"><a href=\"https:\/\/agora.xtec.cat\/escolapablopicasso\/preinscripcio-curs-2026-2027\/calendari-del-proces-de-preinscripcio-i-matricula\/\">Calendari del proc\u00e9s de preinscripci\u00f3 i matr\u00edcula<\/a><\/p>\n<p style=\"text-align: center;\">3\/3\/2026 <a href=\"https:\/\/agora.xtec.cat\/escolapablopicasso\/preinscripcio-curs-2026-2027\/oferta-inicial-de-places\/\">Oferta Inicial de places<\/a><\/p>\n<p style=\"text-align: center;\">Del 4\/3\/2026 al 18\/3\/2026 <a href=\"https:\/\/preinscripcio.gencat.cat\/ca\/inici\/\">Fem la preinscripci\u00f3<\/a><\/p>\n<p style=\"text-align: center;\">15\/4\/2026 <a href=\"https:\/\/agora.xtec.cat\/escolapablopicasso\/preinscripcio-curs-2026-2027\/barem-provisional\/\">Barem provisional<\/a><\/p>\n<p style=\"text-align: center;\">Barem resoltes les reclamacions<\/p>\n<p style=\"text-align: center;\">28\/4\/2026 N\u00famero de desempat xxxxxx<\/p>\n<p style=\"text-align: center;\">29\/4\/2026 Consulta llista ordenada definitiva<\/p>\n<p style=\"text-align: center;\">10\/6\/2026 Oferta definitiva de places<\/p>\n<p style=\"text-align: center;\">10\/6\/2026 Publicaci\u00f3 d&#8217;assignacions, alumnes preinscrits al centre, reclamacions i llista d&#8217;espera<\/p>\n<p style=\"text-align: center;\"><a href=\"https:\/\/preinscripcio.gencat.cat\/ca\/inici\/\">M\u00e9s informaci\u00f3<\/a><\/p>\n","protected":false},"excerpt":{"rendered":"<p>CURS 2025-26 (PREINSCRIPCI\u00d3 CURS 2026-27)<br \/>\nSi heu de preinscriure el vostre fill o filla a educaci\u00f3 infantil (3-6), prim\u00e0ria o secund\u00e0ria obligat\u00f2ria, us avancem les dates de presentaci\u00f3 de sol\u00b7licituds:<\/p>\n<ul>\n<li>educaci\u00f3 infantil (3-6 anys) i prim\u00e0ria,\u00a0del 4 al 18 de mar\u00e7 de 2026<\/li>\n<li>educaci\u00f3 secund\u00e0ria obligat\u00f2ria,\u00a0del 6 al&hellip;  <a href=\"https:\/\/agora.xtec.cat\/escolapablopicasso\/preinscripcio-curs-2026-2027\/\" title=\"Read Preinscripci\u00f3 curs 2026-2027\">Llegeix m\u00e9s\u00bb<\/a><br \/>\n","protected":false},"author":1,"featured_media":0,"parent":0,"menu_order":0,"comment_status":"closed","ping_status":"closed","template":"page-templates\/side-menu.php","meta":{"_bbp_topic_count":0,"_bbp_reply_count":0,"_bbp_total_topic_count":0,"_bbp_total_reply_count":0,"_bbp_voice_count":0,"_bbp_anonymous_reply_count":0,"_bbp_topic_count_hidden":0,"_bbp_reply_count_hidden":0,"_bbp_forum_subforum_count":0,"footnotes":""},"class_list":["post-5421","page","type-page","status-publish","hentry"],"post_mailing_queue_ids":[],"_links":{"self":[{"href":"https:\/\/agora.xtec.cat\/escolapablopicasso\/wp-json\/wp\/v2\/pages\/5421","targetHints":{"allow":["GET"]}}],"collection":[{"href":"https:\/\/agora.xtec.cat\/escolapablopicasso\/wp-json\/wp\/v2\/pages"}],"about":[{"href":"https:\/\/agora.xtec.cat\/escolapablopicasso\/wp-json\/wp\/v2\/types\/page"}],"author":[{"embeddable":true,"href":"https:\/\/agora.xtec.cat\/escolapablopicasso\/wp-json\/wp\/v2\/users\/1"}],"replies":[{"embeddable":true,"href":"https:\/\/agora.xtec.cat\/escolapablopicasso\/wp-json\/wp\/v2\/comments?post=5421"}],"version-history":[{"count":8,"href":"https:\/\/agora.xtec.cat\/escolapablopicasso\/wp-json\/wp\/v2\/pages\/5421\/revisions"}],"predecessor-version":[{"id":8743,"href":"https:\/\/agora.xtec.cat\/escolapablopicasso\/wp-json\/wp\/v2\/pages\/5421\/revisions\/8743"}],"wp:attachment":[{"href":"https:\/\/agora.xtec.cat\/escolapablopicasso\/wp-json\/wp\/v2\/media?parent=5421"}],"curies":[{"name":"wp","href":"https:\/\/api.w.org\/{rel}","templated":true}]}}

Preinscripció curs 2026-2027

<p>CURS 2025-26 (PREINSCRIPCIÓ CURS 2026-27)</p>
<p>Si heu de preinscriure el vostre fill o filla a educació infantil (3-6), primària o secundària obligatòria, us avancem les <strong>dates de presentació de sol·licituds</strong>:</p>
<ul>
<li>educació infantil (3-6 anys) i primària, <strong>del 4 al 18 de març de 2026</strong></li>
<li>educació secundària obligatòria, <strong>del 6 al 18 de març de 2026</strong></li>
</ul>
<p>En breu trobareu tota la informació en aquest <a href="https://preinscripcio.gencat.cat/ca/inici">web</a> i al web de l’escola.</p>
<p>&nbsp;</p>
<p><span style="font-family: inherit; font-size: 1em;">Cliqueu per accedir a la informació:</span></p>
<p style="text-align: center;"><a href="https://www.bdv.cat/noticies/preinscripcio-escolar-curs-202627-es-programen-xerrades-informatives-les-families">Informació a càrrec de l&#8217;Ajuntament</a></p>
<p style="text-align: center;"><a href="https://agora.xtec.cat/escolapablopicasso/general/portes-obertes-2026/">Pòster portes obertes escoles/instituts de Barberà del Vallès</a></p>
<p style="text-align: center;"><a href="https://www.bdv.cat/mapes-zones-educatives">Mapa zones educatives</a></p>
<p style="text-align: center;"><a href="https://agora.xtec.cat/escolapablopicasso/general/formulari-inscripcio-portes-obertes-4/">Portes obertes de l&#8217;escola Pablo Picasso</a></p>
<p style="text-align: center;"><a href="https://docs.google.com/presentation/d/1nmOeYfd8vPdHBU56_obzVVZo4OoaIsgM/edit?usp=sharing&amp;ouid=115399733215670266912&amp;rtpof=true&amp;sd=true">Presentació Escola Pablo Picasso (Power Point)</a></p>
<p style="text-align: center;"><a href="https://agora.xtec.cat/escolapablopicasso/preinscripcio-curs-2026-2027/calendari-del-proces-de-preinscripcio-i-matricula/">Calendari del procés de preinscripció i matrícula</a></p>
<p style="text-align: center;">3/3/2026 <a href="https://agora.xtec.cat/escolapablopicasso/preinscripcio-curs-2026-2027/oferta-inicial-de-places/">Oferta Inicial de places</a></p>
<p style="text-align: center;">Del 4/3/2026 al 18/3/2026 <a href="https://preinscripcio.gencat.cat/ca/inici/">Fem la preinscripció</a></p>
<p style="text-align: center;">15/4/2026 <a href="https://agora.xtec.cat/escolapablopicasso/preinscripcio-curs-2026-2027/barem-provisional/">Barem provisional</a></p>
<p style="text-align: center;">Barem resoltes les reclamacions</p>
<p style="text-align: center;">28/4/2026 Número de desempat xxxxxx</p>
<p style="text-align: center;">29/4/2026 Consulta llista ordenada definitiva</p>
<p style="text-align: center;">10/6/2026 Oferta definitiva de places</p>
<p style="text-align: center;">10/6/2026 Publicació d&#8217;assignacions, alumnes preinscrits al centre, reclamacions i llista d&#8217;espera</p>
<p style="text-align: center;"><a href="https://preinscripcio.gencat.cat/ca/inici/">Més informació</a></p>

<p>CURS 2025-26 (PREINSCRIPCIÓ CURS 2026-27)<br />
Si heu de preinscriure el vostre fill o filla a educació infantil (3-6), primària o secundària obligatòria, us avancem les dates de presentació de sol·licituds:</p>
<ul>
<li>educació infantil (3-6 anys) i primària, del 4 al 18 de març de 2026</li>
<li>educació secundària obligatòria, del 6 al&hellip;  <a href="https://agora.xtec.cat/escolapablopicasso/preinscripcio-curs-2026-2027/" title="Read Preinscripció curs 2026-2027">Llegeix més»</a><br />
