{"id":4579,"date":"2019-02-15T12:12:38","date_gmt":"2019-02-15T11:12:38","guid":{"rendered":"http:\/\/agora.xtec.cat\/escolapablopicasso\/?page_id=4579"},"modified":"2019-11-08T15:16:00","modified_gmt":"2019-11-08T14:16:00","slug":"pec","status":"publish","type":"page","link":"https:\/\/agora.xtec.cat\/escolapablopicasso\/lescola\/documents-de-centre\/pec\/","title":{"rendered":"PEC"},"content":{"rendered":"<p>(en revisi\u00f3\/elaboraci\u00f3)<\/p>\n<p><strong>TRETS D\u2019IDENTITAT<\/strong><\/p>\n<h2>La missi\u00f3<\/h2>\n<p>La nostra missi\u00f3 i objectiu principal com a <em>escola catalana, laica, aconfessional<\/em>, <em>coeducadora<\/em> <em>que defensa els valors democr\u00e0tics<\/em>, \u00e9s <strong>desenvolupar al m\u00e0xim les diferents<\/strong> <strong>capacitats dels nostres infants <em>de forma integral<\/em> perqu\u00e8 arribin a ser <em>ciutadans i ciutadanes<\/em><\/strong> <strong><em>competents,<\/em> tant a nivell intel\u00b7lectual com emocional<\/strong>, que siguin <em>responsables, cr\u00edtics<\/em>, <em>aut\u00f2noms i respectuosos<\/em> amb el medi que els envolta.<\/p>\n<p>El motiu de les nostres actuacions, dins un marc de temps lectiu com extraescolar, \u00e9s <em>aconseguir l\u2019\u00e8xit en l\u2019educaci\u00f3<\/em> dels nostres infants i valorem molt que el seu pas per l\u2019escola sigui el m\u00e9s agradable possible (que siguin feli\u00e7os), que aprenguin a acceptar-se tal i com s\u00f3n cadasc\u00fa d\u2019ells, a con\u00e8ixer la diversitat i saber conviure i relacionar-se.<\/p>\n<h2>La visi\u00f3<\/h2>\n<p>L\u2019escola ja porta una motxilla de projectes i fites realitzades, a curt o llarg termini, unes m\u00e9s aconseguides que d\u2019altres, renovades, discutides, planificades de diferents maneres&#8230;, per\u00f2 el nostre centre pret\u00e9n en tot moment ser un centre educatiu p\u00fablic:<\/p>\n<ul>\n<li><em>De qualitat<\/em>. Reflexionant sempre sobre la manera de com millorar els resultats educatius.<\/li>\n<li>I<em>nclusiu<\/em>. Potenciant un ambient acollidor, afectiu i solidari on tothom sigui incl\u00f2s i at\u00e8s tenint en compte les seves necessitats educatives, les capacitats d\u2019aprenentatge i el seu benestar emocional.<\/li>\n<li><em>Compensador<\/em>. Fomentant la pluralitat d\u2019estrat\u00e8gies d\u2019aprenentatge adaptades a la diversitat de l\u2019alumnat i les seves necessitats, equilibrant les desigualtats entre els infants i les fam\u00edlies.<\/li>\n<li><em>Obert a la innovaci\u00f3<\/em>. Amb visi\u00f3 de futur. Utilitzant les TAC en els diferents nivells, per millorar el rendiment acad\u00e8mic.<\/li>\n<\/ul>\n<p>La <strong>societat<\/strong> de futur que volem construir \u00e9s aquella que sigui: <strong>formada, cohesionada<\/strong>, <strong>emprenedora i solid\u00e0ria,\u00a0 aut\u00f2noma i responsable<\/strong>.<strong>\u00a0<\/strong><\/p>\n<h2>Els valors<\/h2>\n<p>L\u2019escola estimula i potencia un conjunt de <strong>valors<\/strong> presents en tota la comunitat educativa i que s\u00f3n <strong>propis d\u2019una societat democr\u00e0tica i plural<\/strong>:<\/p>\n<p><em>El respecte, la responsabilitat, la participaci\u00f3<\/em> (saber escoltar, reflexionar i comunicar-se coherentment), <em>l\u2019autoestima i la confian\u00e7a en les pr\u00f2pies capacitats, la solidaritat, la cooperaci\u00f3 i l\u2019actitud de compartir, l\u2019esfor\u00e7 personal i de grup, l\u2019empatia&#8230; i el desig de millorar el m\u00f3n que ens envolta.<\/em><\/p>\n<p>Es porten a terme a trav\u00e9s del treball que es realitza en:<\/p>\n<ul>\n<li>Atenci\u00f3 a la diversitat (com a resposta a les diferents necessitats de cadascun dels nostres alumnes).<\/li>\n<li>La comunicaci\u00f3 (oral, escrita, art\u00edstica, digital&#8230;).<\/li>\n<li>La tutoria individualitzada o grupal.<\/li>\n<li>Treball de les emocions i autoconeixement.<\/li>\n<\/ul>\n","protected":false},"excerpt":{"rendered":"<p>(en revisi\u00f3\/elaboraci\u00f3)<br \/>\nTRETS D\u2019IDENTITAT<br \/>\nLa missi\u00f3<br \/>\nLa nostra missi\u00f3 i objectiu principal com a escola catalana, laica, aconfessional, coeducadora que defensa els valors democr\u00e0tics, \u00e9s desenvolupar al m\u00e0xim les diferents capacitats dels nostres infants de forma integral perqu\u00e8 arribin a ser ciutadans i ciutadanes competents, tant a nivell&hellip;  <a href=\"https:\/\/agora.xtec.cat\/escolapablopicasso\/lescola\/documents-de-centre\/pec\/\" title=\"Read PEC\">Llegeix m\u00e9s\u00bb<\/a><\/p>\n","protected":false},"author":1,"featured_media":0,"parent":4563,"menu_order":1,"comment_status":"closed","ping_status":"closed","template":"page-templates\/side-menu.php","meta":{"_bbp_topic_count":0,"_bbp_reply_count":0,"_bbp_total_topic_count":0,"_bbp_total_reply_count":0,"_bbp_voice_count":0,"_bbp_anonymous_reply_count":0,"_bbp_topic_count_hidden":0,"_bbp_reply_count_hidden":0,"_bbp_forum_subforum_count":0,"footnotes":""},"class_list":["post-4579","page","type-page","status-publish","hentry"],"post_mailing_queue_ids":[],"_links":{"self":[{"href":"https:\/\/agora.xtec.cat\/escolapablopicasso\/wp-json\/wp\/v2\/pages\/4579","targetHints":{"allow":["GET"]}}],"collection":[{"href":"https:\/\/agora.xtec.cat\/escolapablopicasso\/wp-json\/wp\/v2\/pages"}],"about":[{"href":"https:\/\/agora.xtec.cat\/escolapablopicasso\/wp-json\/wp\/v2\/types\/page"}],"author":[{"embeddable":true,"href":"https:\/\/agora.xtec.cat\/escolapablopicasso\/wp-json\/wp\/v2\/users\/1"}],"replies":[{"embeddable":true,"href":"https:\/\/agora.xtec.cat\/escolapablopicasso\/wp-json\/wp\/v2\/comments?post=4579"}],"version-history":[{"count":3,"href":"https:\/\/agora.xtec.cat\/escolapablopicasso\/wp-json\/wp\/v2\/pages\/4579\/revisions"}],"predecessor-version":[{"id":4970,"href":"https:\/\/agora.xtec.cat\/escolapablopicasso\/wp-json\/wp\/v2\/pages\/4579\/revisions\/4970"}],"up":[{"embeddable":true,"href":"https:\/\/agora.xtec.cat\/escolapablopicasso\/wp-json\/wp\/v2\/pages\/4563"}],"wp:attachment":[{"href":"https:\/\/agora.xtec.cat\/escolapablopicasso\/wp-json\/wp\/v2\/media?parent=4579"}],"curies":[{"name":"wp","href":"https:\/\/api.w.org\/{rel}","templated":true}]}}

<p>(en revisió/elaboració)</p>
<p><strong>TRETS D’IDENTITAT</strong></p>
<h2>La missió</h2>
<p>La nostra missió i objectiu principal com a <em>escola catalana, laica, aconfessional</em>, <em>coeducadora</em> <em>que defensa els valors democràtics</em>, és <strong>desenvolupar al màxim les diferents</strong> <strong>capacitats dels nostres infants <em>de forma integral</em> perquè arribin a ser <em>ciutadans i ciutadanes</em></strong> <strong><em>competents,</em> tant a nivell intel·lectual com emocional</strong>, que siguin <em>responsables, crítics</em>, <em>autònoms i respectuosos</em> amb el medi que els envolta.</p>
<p>El motiu de les nostres actuacions, dins un marc de temps lectiu com extraescolar, és <em>aconseguir l’èxit en l’educació</em> dels nostres infants i valorem molt que el seu pas per l’escola sigui el més agradable possible (que siguin feliços), que aprenguin a acceptar-se tal i com són cadascú d’ells, a conèixer la diversitat i saber conviure i relacionar-se.</p>
<h2>La visió</h2>
<p>L’escola ja porta una motxilla de projectes i fites realitzades, a curt o llarg termini, unes més aconseguides que d’altres, renovades, discutides, planificades de diferents maneres&#8230;, però el nostre centre pretén en tot moment ser un centre educatiu públic:</p>
<ul>
<li><em>De qualitat</em>. Reflexionant sempre sobre la manera de com millorar els resultats educatius.</li>
<li>I<em>nclusiu</em>. Potenciant un ambient acollidor, afectiu i solidari on tothom sigui inclòs i atès tenint en compte les seves necessitats educatives, les capacitats d’aprenentatge i el seu benestar emocional.</li>
<li><em>Compensador</em>. Fomentant la pluralitat d’estratègies d’aprenentatge adaptades a la diversitat de l’alumnat i les seves necessitats, equilibrant les desigualtats entre els infants i les famílies.</li>
<li><em>Obert a la innovació</em>. Amb visió de futur. Utilitzant les TAC en els diferents nivells, per millorar el rendiment acadèmic.</li>
</ul>
<p>La <strong>societat</strong> de futur que volem construir és aquella que sigui: <strong>formada, cohesionada</strong>, <strong>emprenedora i solidària,  autònoma i responsable</strong>.<strong> </strong></p>
<h2>Els valors</h2>
<p>L’escola estimula i potencia un conjunt de <strong>valors</strong> presents en tota la comunitat educativa i que són <strong>propis d’una societat democràtica i plural</strong>:</p>
<p><em>El respecte, la responsabilitat, la participació</em> (saber escoltar, reflexionar i comunicar-se coherentment), <em>l’autoestima i la confiança en les pròpies capacitats, la solidaritat, la cooperació i l’actitud de compartir, l’esforç personal i de grup, l’empatia&#8230; i el desig de millorar el món que ens envolta.</em></p>
<p>Es porten a terme a través del treball que es realitza en:</p>
<ul>
<li>Atenció a la diversitat (com a resposta a les diferents necessitats de cadascun dels nostres alumnes).</li>
<li>La comunicació (oral, escrita, artística, digital&#8230;).</li>
<li>La tutoria individualitzada o grupal.</li>
<li>Treball de les emocions i autoconeixement.</li>
</ul>

<p>(en revisió/elaboració)<br />
TRETS D’IDENTITAT<br />
La missió<br />
La nostra missió i objectiu principal com a escola catalana, laica, aconfessional, coeducadora que defensa els valors democràtics, és desenvolupar al màxim les diferents capacitats dels nostres infants de forma integral perquè arribin a ser ciutadans i ciutadanes competents, tant a nivell&hellip;  <a href="https://agora.xtec.cat/escolapablopicasso/lescola/documents-de-centre/pec/" title="Read PEC">Llegeix més»</a></p>
