{"id":4573,"date":"2019-02-15T13:09:25","date_gmt":"2019-02-15T12:09:25","guid":{"rendered":"http:\/\/agora.xtec.cat\/escolapablopicasso\/?page_id=4573"},"modified":"2025-02-02T16:44:10","modified_gmt":"2025-02-02T15:44:10","slug":"projecte-linguistic-de-centre","status":"publish","type":"page","link":"https:\/\/agora.xtec.cat\/escolapablopicasso\/lescola\/documents-de-centre\/projecte-linguistic-de-centre\/","title":{"rendered":"Projecte ling\u00fc\u00edstic de centre"},"content":{"rendered":"<p>El projecte ling\u00fc\u00edstic \u00e9s un marc per a\u00a0 l\u2019organitzaci\u00f3 i per a la gesti\u00f3 de l\u2019\u00fas i l\u2019ensenyament de la llengua catalana i de l\u2019ensenyament de les altres lleng\u00fces (castell\u00e0 i angl\u00e8s) presents al curr\u00edculum. Tracta de recollir tots aquells principis que s\u00f3n compartits per la comunitat educativa respecte a l\u2019\u00fas i el proc\u00e9s d\u2019ensenyament i aprenentatge de les lleng\u00fces als diferents \u00e0mbits de l\u2019escola.<\/p>\n<p>Un dels objectius principals de la nostra tasca educadora ha de ser formar parlants pluriling\u00fces i pluriculturals amb respecte per la diversitat ling\u00fc\u00edstic i cultural, partint de la llengua catalana com a vehicular.\u00a0L\u2019assoliment de la compet\u00e8ncia plena en catal\u00e0 i castell\u00e0 \u00e9s la garantia que l\u2019escola proporciona als alumnes el coneixement ling\u00fc\u00edstic, comunicatiu i literari que cal per tenir per fer front a l\u2019ensenyament secundari.<\/p>\n<p>L\u2019aprenentatge de lleng\u00fces estrangeres t\u00e9 la intenci\u00f3 d\u2019augmentar la compet\u00e8ncia comunicativa de l\u2019alumnat i ampliar les seves possibilitats culturals.<\/p>\n<p>Les lleng\u00fces d\u2019origen de l\u2019alumnat han de ser presents al centre, ja sigui en el propi aprenentatge ling\u00fc\u00edstic, ja sigui de manera simb\u00f2lica, com a reconeixement del patrimoni cultural que hi aporten.<\/p>\n<p>El projecte ling\u00fc\u00edstic, que forma part del PEC, es desenvolupa i desplega\u00a0en els altres documents habituals d\u2019organitzaci\u00f3 i gesti\u00f3 del centre que la normativa vigent prescriu.\u00a0Ha estat consensuat pel professorat del centre i aprovat pel consell escolar.<\/p>\n<p>(cliqueu la imatge per accedir al document)<\/p>\n<p><a href=\"https:\/\/drive.google.com\/file\/d\/1_tLAhP62bp5W7vApii0k8Z7Jjd7yAZ82\/view?usp=sharing\"><img loading=\"lazy\" decoding=\"async\" class=\"aligncenter wp-image-8228 size-full\" src=\"https:\/\/agora.xtec.cat\/escolapablopicasso\/wp-content\/uploads\/usu295\/2025\/02\/PROJECTE-LINGUISTIC-2024.png\" alt=\"\" width=\"609\" height=\"688\" srcset=\"https:\/\/agora.xtec.cat\/escolapablopicasso\/wp-content\/uploads\/usu295\/2025\/02\/PROJECTE-LINGUISTIC-2024.png 609w, https:\/\/agora.xtec.cat\/escolapablopicasso\/wp-content\/uploads\/usu295\/2025\/02\/PROJECTE-LINGUISTIC-2024-266x300.png 266w\" sizes=\"auto, (max-width: 609px) 100vw, 609px\" \/><\/a><\/p>\n","protected":false},"excerpt":{"rendered":"<p>El projecte ling\u00fc\u00edstic \u00e9s un marc per a\u00a0 l\u2019organitzaci\u00f3 i per a la gesti\u00f3 de l\u2019\u00fas i l\u2019ensenyament de la llengua catalana i de l\u2019ensenyament de les altres lleng\u00fces (castell\u00e0 i angl\u00e8s) presents al curr\u00edculum. Tracta de recollir tots aquells principis que s\u00f3n compartits per&hellip;  <a href=\"https:\/\/agora.xtec.cat\/escolapablopicasso\/lescola\/documents-de-centre\/projecte-linguistic-de-centre\/\" title=\"Read Projecte ling\u00fc\u00edstic de centre\">Llegeix m\u00e9s\u00bb<\/a><\/p>\n","protected":false},"author":1,"featured_media":0,"parent":4563,"menu_order":4,"comment_status":"closed","ping_status":"closed","template":"page-templates\/side-menu.php","meta":{"_bbp_topic_count":0,"_bbp_reply_count":0,"_bbp_total_topic_count":0,"_bbp_total_reply_count":0,"_bbp_voice_count":0,"_bbp_anonymous_reply_count":0,"_bbp_topic_count_hidden":0,"_bbp_reply_count_hidden":0,"_bbp_forum_subforum_count":0,"footnotes":""},"class_list":["post-4573","page","type-page","status-publish","hentry"],"post_mailing_queue_ids":[],"_links":{"self":[{"href":"https:\/\/agora.xtec.cat\/escolapablopicasso\/wp-json\/wp\/v2\/pages\/4573","targetHints":{"allow":["GET"]}}],"collection":[{"href":"https:\/\/agora.xtec.cat\/escolapablopicasso\/wp-json\/wp\/v2\/pages"}],"about":[{"href":"https:\/\/agora.xtec.cat\/escolapablopicasso\/wp-json\/wp\/v2\/types\/page"}],"author":[{"embeddable":true,"href":"https:\/\/agora.xtec.cat\/escolapablopicasso\/wp-json\/wp\/v2\/users\/1"}],"replies":[{"embeddable":true,"href":"https:\/\/agora.xtec.cat\/escolapablopicasso\/wp-json\/wp\/v2\/comments?post=4573"}],"version-history":[{"count":5,"href":"https:\/\/agora.xtec.cat\/escolapablopicasso\/wp-json\/wp\/v2\/pages\/4573\/revisions"}],"predecessor-version":[{"id":8238,"href":"https:\/\/agora.xtec.cat\/escolapablopicasso\/wp-json\/wp\/v2\/pages\/4573\/revisions\/8238"}],"up":[{"embeddable":true,"href":"https:\/\/agora.xtec.cat\/escolapablopicasso\/wp-json\/wp\/v2\/pages\/4563"}],"wp:attachment":[{"href":"https:\/\/agora.xtec.cat\/escolapablopicasso\/wp-json\/wp\/v2\/media?parent=4573"}],"curies":[{"name":"wp","href":"https:\/\/api.w.org\/{rel}","templated":true}]}}

Projecte lingüístic de centre

<p>El projecte lingüístic és un marc per a  l’organització i per a la gestió de l’ús i l’ensenyament de la llengua catalana i de l’ensenyament de les altres llengües (castellà i anglès) presents al currículum. Tracta de recollir tots aquells principis que són compartits per la comunitat educativa respecte a l’ús i el procés d’ensenyament i aprenentatge de les llengües als diferents àmbits de l’escola.</p>
<p>Un dels objectius principals de la nostra tasca educadora ha de ser formar parlants plurilingües i pluriculturals amb respecte per la diversitat lingüístic i cultural, partint de la llengua catalana com a vehicular. L’assoliment de la competència plena en català i castellà és la garantia que l’escola proporciona als alumnes el coneixement lingüístic, comunicatiu i literari que cal per tenir per fer front a l’ensenyament secundari.</p>
<p>L’aprenentatge de llengües estrangeres té la intenció d’augmentar la competència comunicativa de l’alumnat i ampliar les seves possibilitats culturals.</p>
<p>Les llengües d’origen de l’alumnat han de ser presents al centre, ja sigui en el propi aprenentatge lingüístic, ja sigui de manera simbòlica, com a reconeixement del patrimoni cultural que hi aporten.</p>
<p>El projecte lingüístic, que forma part del PEC, es desenvolupa i desplega en els altres documents habituals d’organització i gestió del centre que la normativa vigent prescriu. Ha estat consensuat pel professorat del centre i aprovat pel consell escolar.</p>
<p>(cliqueu la imatge per accedir al document)</p>
<p><a href="https://drive.google.com/file/d/1_tLAhP62bp5W7vApii0k8Z7Jjd7yAZ82/view?usp=sharing"><img loading="lazy" decoding="async" class="aligncenter wp-image-8228 size-full" src="https://agora.xtec.cat/escolapablopicasso/wp-content/uploads/usu295/2025/02/PROJECTE-LINGUISTIC-2024.png" alt="" width="609" height="688" srcset="https://agora.xtec.cat/escolapablopicasso/wp-content/uploads/usu295/2025/02/PROJECTE-LINGUISTIC-2024.png 609w, https://agora.xtec.cat/escolapablopicasso/wp-content/uploads/usu295/2025/02/PROJECTE-LINGUISTIC-2024-266x300.png 266w" sizes="auto, (max-width: 609px) 100vw, 609px" /></a></p>

<p>El projecte lingüístic és un marc per a  l’organització i per a la gestió de l’ús i l’ensenyament de la llengua catalana i de l’ensenyament de les altres llengües (castellà i anglès) presents al currículum. Tracta de recollir tots aquells principis que són compartits per&hellip;  <a href="https://agora.xtec.cat/escolapablopicasso/lescola/documents-de-centre/projecte-linguistic-de-centre/" title="Read Projecte lingüístic de centre">Llegeix més»</a></p>
