{"id":38,"date":"2014-09-18T12:34:08","date_gmt":"2014-09-18T10:34:08","guid":{"rendered":"http:\/\/agora.xtec.cat\/escolapablopicasso\/\/?page_id=38"},"modified":"2017-10-13T13:54:26","modified_gmt":"2017-10-13T11:54:26","slug":"salut","status":"publish","type":"page","link":"https:\/\/agora.xtec.cat\/escolapablopicasso\/lescola\/salut\/","title":{"rendered":"Salut"},"content":{"rendered":"<p><strong>Medicaments<img loading=\"lazy\" decoding=\"async\" class=\" alignright\" src=\"http:\/\/www.unirpunts.com\/data\/images\/farmaciola-de-primers-auxilis,-material-m\u00e8dic_514a00c8746a5-thumb.jpg\" alt=\"\" width=\"209\" height=\"174\" \/><\/strong><\/p>\n<p><u>L\u2019administraci\u00f3 de medicaments \u00e9s responsabilitat de les fam\u00edlies i us preguem que feu coincidir les tomes fora de l\u2019horari escolar<\/u>.<\/p>\n<p>Nom\u00e9s en aquells casos <u>estrictament necessaris<\/u> s\u2019administrar\u00e0 la medicaci\u00f3 seguint aquest procediment: (DOGC:RESOLUCI\u00d3 D\u20191 DE JULIOL DE 2005)<\/p>\n<p><em>\u201cPer poder administrar medicaments als alumnes, sempre que sigui imprescindible fer-ho en horari lectiu, cal que els pares, mares o tutors legals aportin un informe m\u00e8dic on consti el nom de l\u2019alumne, el nom del medicament que ha de prendre i la pauta d\u2019administraci\u00f3. Aix\u00ed mateix, els pares, mares o tutors legals han d\u2019aportar un escrit on es demani, al director o directora del centre educatiu, l\u2019administraci\u00f3 al fill o filla del medicament prescrit d\u2019acord amb les pautes que constin en l\u2019informe esmentat, i se n\u2019autoritzi l\u2019administraci\u00f3 als docents del centre\u201d.<\/em><\/p>\n<p><u>RECORDEM<\/u>: EN CAP CAS L\u2019ALUMNE PODR\u00c0 TENIR POSSESSI\u00d3 DEL MEDICAMENT.<\/p>\n<hr \/>\n<p><strong>Paracetamol<\/strong><\/p>\n<p><em>\u00a0<\/em>Seguint les recomanacions del Departament de Salut i la Societat Catalana de Pediatria, s\u2019ha incl\u00f2s el paracetamol a la farmaciola dels centres educatius de Catalunya, pertractar la febre sempre que <strong>sigui igual o superior a 38\u00baC<\/strong>, mentre s\u2019espera l\u2019arribada d\u2019algun familiar que el pugui portar a casa.<\/p>\n<p>Per poder administrar-lo, cal tenir l\u2019autoritzaci\u00f3 signada dels pares, mares o tutors legals, sempre que sigui imprescindible la seva administraci\u00f3 en horari lectiu i\/o en horari de menjador.Aquesta autoritzaci\u00f3 s\u2019entregar\u00e0 a les reunions d\u2019inici de curs.<\/p>\n<hr \/>\n<p><strong>Sanitat<\/strong><\/p>\n<ul>\n<li>L\u2019Ajuntament de Barber\u00e0 del Vall\u00e8s fa una oferta de salut escolar. Com anys anteriors, de manera gratu\u00efta. Es far\u00e0:<\/li>\n<li>el Programa de prevenci\u00f3 i control de la c\u00e0ries dental dels escolars de Catalunya i<\/li>\n<li>a 6\u00e8,la vacuna de l\u2019hepatitis B, la varicel\u00b7la, l\u2019antimeninoc\u00f2ccia C conjugada i en el cas de les nenes, a m\u00e9s la del papil\u00b7loma, que es far\u00e0 a l\u2019escola.<\/li>\n<\/ul>\n<p>Rebreu informaci\u00f3 puntualment.<\/p>\n<ul>\n<li><strong>Cal notificar immediatament qualsevol problema de tipus m\u00e8dic de l\u2019alumnat (malalties infecto-contagioses, al\u00b7l\u00e8rgies&#8230;).<\/strong><\/li>\n<\/ul>\n<ul>\n<li>Per raons aliment\u00e0ries i d\u2019higiene <u>no<\/u> \u00e9s perm\u00e8s portar llaminadures a l\u2019escola.<\/li>\n<li><u>Insistim en la necessitat que les fam\u00edlies reviseu peri\u00f2dicament la higiene dels cabells dels vostres fills\/es, per evitar possibles brots de polls i la seva propagaci\u00f3 (quan el nen\/a en tingui s\u2019haur\u00e0 de quedar a casa fins que s\u2019acabi el tractament).<\/u><\/li>\n<\/ul>\n","protected":false},"excerpt":{"rendered":"<p>Medicaments<br \/>\nL\u2019administraci\u00f3 de medicaments \u00e9s responsabilitat de les fam\u00edlies i us preguem que feu coincidir les tomes fora de l\u2019horari escolar.<br \/>\nNom\u00e9s en aquells casos estrictament necessaris s\u2019administrar\u00e0 la medicaci\u00f3 seguint aquest procediment: (DOGC:RESOLUCI\u00d3 D\u20191 DE JULIOL DE 2005)<br \/>\n\u201cPer poder administrar medicaments als alumnes, sempre que sigui&hellip;  <a href=\"https:\/\/agora.xtec.cat\/escolapablopicasso\/lescola\/salut\/\" title=\"Read Salut\">Llegeix m\u00e9s\u00bb<\/a><\/p>\n","protected":false},"author":2,"featured_media":0,"parent":22,"menu_order":10,"comment_status":"closed","ping_status":"closed","template":"page-templates\/side-menu.php","meta":{"_bbp_topic_count":0,"_bbp_reply_count":0,"_bbp_total_topic_count":0,"_bbp_total_reply_count":0,"_bbp_voice_count":0,"_bbp_anonymous_reply_count":0,"_bbp_topic_count_hidden":0,"_bbp_reply_count_hidden":0,"_bbp_forum_subforum_count":0,"footnotes":""},"class_list":["post-38","page","type-page","status-publish","hentry"],"post_mailing_queue_ids":[],"_links":{"self":[{"href":"https:\/\/agora.xtec.cat\/escolapablopicasso\/wp-json\/wp\/v2\/pages\/38","targetHints":{"allow":["GET"]}}],"collection":[{"href":"https:\/\/agora.xtec.cat\/escolapablopicasso\/wp-json\/wp\/v2\/pages"}],"about":[{"href":"https:\/\/agora.xtec.cat\/escolapablopicasso\/wp-json\/wp\/v2\/types\/page"}],"author":[{"embeddable":true,"href":"https:\/\/agora.xtec.cat\/escolapablopicasso\/wp-json\/wp\/v2\/users\/2"}],"replies":[{"embeddable":true,"href":"https:\/\/agora.xtec.cat\/escolapablopicasso\/wp-json\/wp\/v2\/comments?post=38"}],"version-history":[{"count":3,"href":"https:\/\/agora.xtec.cat\/escolapablopicasso\/wp-json\/wp\/v2\/pages\/38\/revisions"}],"predecessor-version":[{"id":2188,"href":"https:\/\/agora.xtec.cat\/escolapablopicasso\/wp-json\/wp\/v2\/pages\/38\/revisions\/2188"}],"up":[{"embeddable":true,"href":"https:\/\/agora.xtec.cat\/escolapablopicasso\/wp-json\/wp\/v2\/pages\/22"}],"wp:attachment":[{"href":"https:\/\/agora.xtec.cat\/escolapablopicasso\/wp-json\/wp\/v2\/media?parent=38"}],"curies":[{"name":"wp","href":"https:\/\/api.w.org\/{rel}","templated":true}]}}

<p><strong>Medicaments<img loading="lazy" decoding="async" class=" alignright" src="http://www.unirpunts.com/data/images/farmaciola-de-primers-auxilis,-material-mèdic_514a00c8746a5-thumb.jpg" alt="" width="209" height="174" /></strong></p>
<p><u>L’administració de medicaments és responsabilitat de les famílies i us preguem que feu coincidir les tomes fora de l’horari escolar</u>.</p>
<p>Només en aquells casos <u>estrictament necessaris</u> s’administrarà la medicació seguint aquest procediment: (DOGC:RESOLUCIÓ D’1 DE JULIOL DE 2005)</p>
<p><em>“Per poder administrar medicaments als alumnes, sempre que sigui imprescindible fer-ho en horari lectiu, cal que els pares, mares o tutors legals aportin un informe mèdic on consti el nom de l’alumne, el nom del medicament que ha de prendre i la pauta d’administració. Així mateix, els pares, mares o tutors legals han d’aportar un escrit on es demani, al director o directora del centre educatiu, l’administració al fill o filla del medicament prescrit d’acord amb les pautes que constin en l’informe esmentat, i se n’autoritzi l’administració als docents del centre”.</em></p>
<p><u>RECORDEM</u>: EN CAP CAS L’ALUMNE PODRÀ TENIR POSSESSIÓ DEL MEDICAMENT.</p>
<hr />
<p><strong>Paracetamol</strong></p>
<p><em> </em>Seguint les recomanacions del Departament de Salut i la Societat Catalana de Pediatria, s’ha inclòs el paracetamol a la farmaciola dels centres educatius de Catalunya, pertractar la febre sempre que <strong>sigui igual o superior a 38ºC</strong>, mentre s’espera l’arribada d’algun familiar que el pugui portar a casa.</p>
<p>Per poder administrar-lo, cal tenir l’autorització signada dels pares, mares o tutors legals, sempre que sigui imprescindible la seva administració en horari lectiu i/o en horari de menjador.Aquesta autorització s’entregarà a les reunions d’inici de curs.</p>
<hr />
<p><strong>Sanitat</strong></p>
<ul>
<li>L’Ajuntament de Barberà del Vallès fa una oferta de salut escolar. Com anys anteriors, de manera gratuïta. Es farà:</li>
<li>el Programa de prevenció i control de la càries dental dels escolars de Catalunya i</li>
<li>a 6è,la vacuna de l’hepatitis B, la varicel·la, l’antimeninocòccia C conjugada i en el cas de les nenes, a més la del papil·loma, que es farà a l’escola.</li>
</ul>
<p>Rebreu informació puntualment.</p>
<ul>
<li><strong>Cal notificar immediatament qualsevol problema de tipus mèdic de l’alumnat (malalties infecto-contagioses, al·lèrgies&#8230;).</strong></li>
</ul>
<ul>
<li>Per raons alimentàries i d’higiene <u>no</u> és permès portar llaminadures a l’escola.</li>
<li><u>Insistim en la necessitat que les famílies reviseu periòdicament la higiene dels cabells dels vostres fills/es, per evitar possibles brots de polls i la seva propagació (quan el nen/a en tingui s’haurà de quedar a casa fins que s’acabi el tractament).</u></li>
</ul>

<p>Medicaments<br />
L’administració de medicaments és responsabilitat de les famílies i us preguem que feu coincidir les tomes fora de l’horari escolar.<br />
Només en aquells casos estrictament necessaris s’administrarà la medicació seguint aquest procediment: (DOGC:RESOLUCIÓ D’1 DE JULIOL DE 2005)<br />
“Per poder administrar medicaments als alumnes, sempre que sigui&hellip;  <a href="https://agora.xtec.cat/escolapablopicasso/lescola/salut/" title="Read Salut">Llegeix més»</a></p>
