{"id":36,"date":"2014-09-18T12:33:11","date_gmt":"2014-09-18T11:33:11","guid":{"rendered":"http:\/\/agora.xtec.cat\/escolapablopicasso\/\/?page_id=36"},"modified":"2025-09-16T20:17:22","modified_gmt":"2025-09-16T18:17:22","slug":"aportacionseconomiquesfamilies","status":"publish","type":"page","link":"https:\/\/agora.xtec.cat\/escolapablopicasso\/lescola\/aportacionseconomiquesfamilies\/","title":{"rendered":"Aportacions econ\u00f2miques fam\u00edlies"},"content":{"rendered":"<p><strong>CURS 2025-26<\/strong><\/p>\n<p><strong>Material escolar<\/strong><br \/>\nA l\u2019escola fem servir el material escolar de manera socialitzada, a excepci\u00f3 de l\u2019estoig i carpeta a partir de 3r).<\/p>\n<p>L\u2019aportaci\u00f3 en concepte de material del curs 2025-2026 \u00e9s de 85\u20ac anual per infant a Prim\u00e0ria i 120\u20ac per a Educaci\u00f3 Infantil.<\/p>\n<p>El pagament de les aportacions econ\u00f2miques de les fam\u00edlies es far\u00e0 a trav\u00e9s del compte del BBVA i s\u2019avisar\u00e0 a trav\u00e9s de Dinantia de quan cal fer el pagament.<\/p>\n<p>Aquesta aportaci\u00f3 podr\u00e0 ser menor segons l\u2019ajut econ\u00f2mic que es rep, en concepte de suport educatiu, des de l\u2019Ajuntament de Barber\u00e0 i la cessi\u00f3 o no dels vals escolars.<\/p>\n<p>El preu de l\u2019aportaci\u00f3 de material inclou:<br \/>\n\u25cb Agendes escolars (a prim\u00e0ria).<br \/>\n\u25cb Material did\u00e0ctic per les aules (contes, joguines, disfresses, cuinetes, jocs did\u00e0ctics i de taula..).<br \/>\n\u25cb Material per a la biblioteca de l\u2019escola (llibres de lectura, \u00e0lbums il\u00b7lustrats, mobiliari per a la biblioteca&#8230;).<br \/>\n\u25cb Material fungible socialitzat (papers, llapis, gomes, maquinetes, colors, retoladors, fang, gomets, plastilina, ceres, pintures, cartolines&#8230;).<br \/>\n\u25cb Material necessari per a la realitzaci\u00f3 de festes i jornades especials (pintures i materials de la Setmana Cient\u00edfica, Setmana Liter\u00e0ria, decoraci\u00f3 dels passadissos, &#8230;) i activitats complement\u00e0ries.<br \/>\n\u25cb Material per a psicomotricitat i educaci\u00f3 f\u00edsica (matalassos, cercles, pilotes, estructures de jocs psicomotrius, xarxes&#8230;).<br \/>\n\u25cb Materials per m\u00fasica (instruments i material did\u00e0ctic propi de la mat\u00e8ria).<br \/>\n\u25cb Material inform\u00e0tic (tauletes, altaveus, projectors, pantalles, antenes wifi, armaris de c\u00e0rrega&#8230;) i\/o el seu manteniment.<br \/>\n\u25cb Material per a laboratori i d\u2019experimentaci\u00f3 (microscopis, provetes, lupes, embuts, coladors&#8230;).<br \/>\n\u25cb Materials i equipament per l\u2019especialitat d\u2019angl\u00e8s.<br \/>\n\u25cb Mobiliari espec\u00edfic de les aules (calaixeres, carros per a guardar material, vinils&#8230;)<br \/>\n\u25cb Material per a jocs de pati d\u2019infantil i prim\u00e0ria (baguls, carros per guardar el material, construccions, equilibris, rodes, jocs de sorral, cuineta i fireta exterior, raquetes, pilotes&#8230;).<br \/>\n\u25cb Fotoc\u00f2pies, plastificacions, enquadernacions i materials educatius propis.<br \/>\n\u25cb Material de farmaciola (tiretes, suero fisiol\u00f2gic, gases, paracetamol, compreses, term\u00f2metres, gel i bosses protectores, etc&#8230;).<\/p>\n<p><strong>Sortides escolars<\/strong><br \/>\nA l\u2019escola fem sortides curriculars. Sempre que sortim fora del centre \u00e9s per fer una activitat que complementa el curr\u00edculum educatiu.<\/p>\n<p>Durant el curs es planifiquen 3 sortides de dia sencer (una per trimestre). A m\u00e9s a m\u00e9s, tamb\u00e9 realitzem visites dins del municipi de Barber\u00e0 del Vall\u00e8s o a qualsevol altre poblaci\u00f3 per veure teatre, audicions, fer un taller espec\u00edfic, &#8230; En algunes ocasions s\u00f3n les entitats les que visiten l\u2019escola per realitzar la seva activitat educativa.Tamb\u00e9 aprofitem l\u2019oferta d\u2019activitats que ens ve donada des de l\u2019Ajuntament (que sol ser gratu\u00efta).<\/p>\n<p>L\u2019aportaci\u00f3 de sortides del curs 2025-2026 \u00e9s de 80\u20ac anual per infant a Prim\u00e0ria i de 85\u20ac per a Educaci\u00f3 Infantil.<\/p>\n<p>El pagament, en concepte de sortides, es fa a trav\u00e9s del conte del BBVA. El per\u00edode de pagament s\u2019avisar\u00e0 per Dinantia.<\/p>\n<p>El preu de l\u2019aportaci\u00f3 de sortides inclou:<br \/>\n\u25cf Preu de l\u2019autocar.<br \/>\n\u25cf Preu de l\u2019activitat a realitzar (ja sigui a l\u2019escola o fora).<br \/>\n\u25cf Monitoratge del lloc on anem.<br \/>\n\u25cf Asseguran\u00e7a.<br \/>\n\u25cf Monitoratge d\u2019acompanyament (si \u00e9s necessari).<\/p>\n<p>A la reuni\u00f3 d\u2019inici de curs, s\u2019explicaran amb detall les sortides o activitats que es faran per complementar el curr\u00edculum escolar. Les autoritzacions de les sortides arribaran via Dinantia amb l\u2019opci\u00f3 de marcar si s\u2019autoritza o no. La falta d\u2019aquesta autoritzaci\u00f3 signada far\u00e0 que l\u2019infant no pugui gaudir de la sortida.<\/p>\n<p>Les sortides, tot i formar part del curr\u00edculum, impliquen aprenentatge i conviv\u00e8ncia en un entorn diferent al de l\u2019escola (m\u00e9s obert, en llocs desconeguts, compartint espai amb d\u2019altres centes&#8230;) per tant, si algun infant t\u00e9 un comportament que ens fa pensar que pot fer perillar la seva persona, als altres o les instal\u00b7lacions, el professorat pot prendre la decisi\u00f3 de no portar l\u2019infant a la sortida (en aquest cas s\u2019avisar\u00e0 la fam\u00edlia amb anterioritat i es retornaran tots els diners de la sortida).<\/p>\n<p>Quan un\/a alumne\/a no pugui realitzar alguna de les sortides, pr\u00e8viament pagada, es retornar\u00e0 el cost de l\u2019activitat quan l\u2019empresa cobri per infant. Si el preu de l\u2019activitat \u00e9s per grup, i per tant, l\u2019empresa no torna els diners, l\u2019escola tampoc podr\u00e0 retornar-ho a la fam\u00edlia.<\/p>\n<p>Cal recordar, que el cost de l\u2019autocar \u00e9s un preu total de grup, per tant no es poden retornar els diners.<br \/>\n\u00c9s molt important portar el justificant de pagament de la quota escolar al tutor\/a.<\/p>\n<p><strong>Col\u00f2nies escolars<\/strong><br \/>\nL\u2019escola fa col\u00f2nies per als cursos d\u2019I-5 i 3r (dos dies i una nit) i 6\u00e8 de prim\u00e0ria (3 dies i 2 nits).<br \/>\nEl pagament es far\u00e0 en 3 terminis.<br \/>\nDates, lloc i preu s\u2019informar\u00e0 durant el curs.<br \/>\nS\u2019enviar\u00e0 tota la informaci\u00f3 disponible per Dinantia al llarg del curs.<\/p>\n","protected":false},"excerpt":{"rendered":"<p>CURS 2025-26<br \/>\nMaterial escolar<br \/>\nA l\u2019escola fem servir el material escolar de manera socialitzada, a excepci\u00f3 de l\u2019estoig i carpeta a partir de 3r).<br \/>\nL\u2019aportaci\u00f3 en concepte de material del curs 2025-2026 \u00e9s de 85\u20ac anual per infant a Prim\u00e0ria i 120\u20ac per a Educaci\u00f3 Infantil.<br \/>\nEl pagament de&hellip;  <a href=\"https:\/\/agora.xtec.cat\/escolapablopicasso\/lescola\/aportacionseconomiquesfamilies\/\" title=\"Read Aportacions econ\u00f2miques fam\u00edlies\">Llegeix m\u00e9s\u00bb<\/a><\/p>\n","protected":false},"author":2,"featured_media":0,"parent":22,"menu_order":6,"comment_status":"closed","ping_status":"closed","template":"page-templates\/side-menu.php","meta":{"_bbp_topic_count":0,"_bbp_reply_count":0,"_bbp_total_topic_count":0,"_bbp_total_reply_count":0,"_bbp_voice_count":0,"_bbp_anonymous_reply_count":0,"_bbp_topic_count_hidden":0,"_bbp_reply_count_hidden":0,"_bbp_forum_subforum_count":0,"footnotes":""},"class_list":["post-36","page","type-page","status-publish","hentry"],"post_mailing_queue_ids":[],"_links":{"self":[{"href":"https:\/\/agora.xtec.cat\/escolapablopicasso\/wp-json\/wp\/v2\/pages\/36","targetHints":{"allow":["GET"]}}],"collection":[{"href":"https:\/\/agora.xtec.cat\/escolapablopicasso\/wp-json\/wp\/v2\/pages"}],"about":[{"href":"https:\/\/agora.xtec.cat\/escolapablopicasso\/wp-json\/wp\/v2\/types\/page"}],"author":[{"embeddable":true,"href":"https:\/\/agora.xtec.cat\/escolapablopicasso\/wp-json\/wp\/v2\/users\/2"}],"replies":[{"embeddable":true,"href":"https:\/\/agora.xtec.cat\/escolapablopicasso\/wp-json\/wp\/v2\/comments?post=36"}],"version-history":[{"count":6,"href":"https:\/\/agora.xtec.cat\/escolapablopicasso\/wp-json\/wp\/v2\/pages\/36\/revisions"}],"predecessor-version":[{"id":8506,"href":"https:\/\/agora.xtec.cat\/escolapablopicasso\/wp-json\/wp\/v2\/pages\/36\/revisions\/8506"}],"up":[{"embeddable":true,"href":"https:\/\/agora.xtec.cat\/escolapablopicasso\/wp-json\/wp\/v2\/pages\/22"}],"wp:attachment":[{"href":"https:\/\/agora.xtec.cat\/escolapablopicasso\/wp-json\/wp\/v2\/media?parent=36"}],"curies":[{"name":"wp","href":"https:\/\/api.w.org\/{rel}","templated":true}]}}

Aportacions econòmiques famílies

<p><strong>CURS 2025-26</strong></p>
<p><strong>Material escolar</strong><br />
A l’escola fem servir el material escolar de manera socialitzada, a excepció de l’estoig i carpeta a partir de 3r).</p>
<p>L’aportació en concepte de material del curs 2025-2026 és de 85€ anual per infant a Primària i 120€ per a Educació Infantil.</p>
<p>El pagament de les aportacions econòmiques de les famílies es farà a través del compte del BBVA i s’avisarà a través de Dinantia de quan cal fer el pagament.</p>
<p>Aquesta aportació podrà ser menor segons l’ajut econòmic que es rep, en concepte de suport educatiu, des de l’Ajuntament de Barberà i la cessió o no dels vals escolars.</p>
<p>El preu de l’aportació de material inclou:<br />
○ Agendes escolars (a primària).<br />
○ Material didàctic per les aules (contes, joguines, disfresses, cuinetes, jocs didàctics i de taula..).<br />
○ Material per a la biblioteca de l’escola (llibres de lectura, àlbums il·lustrats, mobiliari per a la biblioteca&#8230;).<br />
○ Material fungible socialitzat (papers, llapis, gomes, maquinetes, colors, retoladors, fang, gomets, plastilina, ceres, pintures, cartolines&#8230;).<br />
○ Material necessari per a la realització de festes i jornades especials (pintures i materials de la Setmana Científica, Setmana Literària, decoració dels passadissos, &#8230;) i activitats complementàries.<br />
○ Material per a psicomotricitat i educació física (matalassos, cercles, pilotes, estructures de jocs psicomotrius, xarxes&#8230;).<br />
○ Materials per música (instruments i material didàctic propi de la matèria).<br />
○ Material informàtic (tauletes, altaveus, projectors, pantalles, antenes wifi, armaris de càrrega&#8230;) i/o el seu manteniment.<br />
○ Material per a laboratori i d’experimentació (microscopis, provetes, lupes, embuts, coladors&#8230;).<br />
○ Materials i equipament per l’especialitat d’anglès.<br />
○ Mobiliari específic de les aules (calaixeres, carros per a guardar material, vinils&#8230;)<br />
○ Material per a jocs de pati d’infantil i primària (baguls, carros per guardar el material, construccions, equilibris, rodes, jocs de sorral, cuineta i fireta exterior, raquetes, pilotes&#8230;).<br />
○ Fotocòpies, plastificacions, enquadernacions i materials educatius propis.<br />
○ Material de farmaciola (tiretes, suero fisiològic, gases, paracetamol, compreses, termòmetres, gel i bosses protectores, etc&#8230;).</p>
<p><strong>Sortides escolars</strong><br />
A l’escola fem sortides curriculars. Sempre que sortim fora del centre és per fer una activitat que complementa el currículum educatiu.</p>
<p>Durant el curs es planifiquen 3 sortides de dia sencer (una per trimestre). A més a més, també realitzem visites dins del municipi de Barberà del Vallès o a qualsevol altre població per veure teatre, audicions, fer un taller específic, &#8230; En algunes ocasions són les entitats les que visiten l’escola per realitzar la seva activitat educativa.També aprofitem l’oferta d’activitats que ens ve donada des de l’Ajuntament (que sol ser gratuïta).</p>
<p>L’aportació de sortides del curs 2025-2026 és de 80€ anual per infant a Primària i de 85€ per a Educació Infantil.</p>
<p>El pagament, en concepte de sortides, es fa a través del conte del BBVA. El període de pagament s’avisarà per Dinantia.</p>
<p>El preu de l’aportació de sortides inclou:<br />
● Preu de l’autocar.<br />
● Preu de l’activitat a realitzar (ja sigui a l’escola o fora).<br />
● Monitoratge del lloc on anem.<br />
● Assegurança.<br />
● Monitoratge d’acompanyament (si és necessari).</p>
<p>A la reunió d’inici de curs, s’explicaran amb detall les sortides o activitats que es faran per complementar el currículum escolar. Les autoritzacions de les sortides arribaran via Dinantia amb l’opció de marcar si s’autoritza o no. La falta d’aquesta autorització signada farà que l’infant no pugui gaudir de la sortida.</p>
<p>Les sortides, tot i formar part del currículum, impliquen aprenentatge i convivència en un entorn diferent al de l’escola (més obert, en llocs desconeguts, compartint espai amb d’altres centes&#8230;) per tant, si algun infant té un comportament que ens fa pensar que pot fer perillar la seva persona, als altres o les instal·lacions, el professorat pot prendre la decisió de no portar l’infant a la sortida (en aquest cas s’avisarà la família amb anterioritat i es retornaran tots els diners de la sortida).</p>
<p>Quan un/a alumne/a no pugui realitzar alguna de les sortides, prèviament pagada, es retornarà el cost de l’activitat quan l’empresa cobri per infant. Si el preu de l’activitat és per grup, i per tant, l’empresa no torna els diners, l’escola tampoc podrà retornar-ho a la família.</p>
<p>Cal recordar, que el cost de l’autocar és un preu total de grup, per tant no es poden retornar els diners.<br />
És molt important portar el justificant de pagament de la quota escolar al tutor/a.</p>
<p><strong>Colònies escolars</strong><br />
L’escola fa colònies per als cursos d’I-5 i 3r (dos dies i una nit) i 6è de primària (3 dies i 2 nits).<br />
El pagament es farà en 3 terminis.<br />
Dates, lloc i preu s’informarà durant el curs.<br />
S’enviarà tota la informació disponible per Dinantia al llarg del curs.</p>

<p>CURS 2025-26<br />
Material escolar<br />
A l’escola fem servir el material escolar de manera socialitzada, a excepció de l’estoig i carpeta a partir de 3r).<br />
L’aportació en concepte de material del curs 2025-2026 és de 85€ anual per infant a Primària i 120€ per a Educació Infantil.<br />
El pagament de&hellip;  <a href="https://agora.xtec.cat/escolapablopicasso/lescola/aportacionseconomiquesfamilies/" title="Read Aportacions econòmiques famílies">Llegeix més»</a></p>
