{"id":26,"date":"2014-09-18T12:24:32","date_gmt":"2014-09-18T11:24:32","guid":{"rendered":"http:\/\/agora.xtec.cat\/escolapablopicasso\/\/?page_id=26"},"modified":"2020-01-29T18:06:06","modified_gmt":"2020-01-29T17:06:06","slug":"historia","status":"publish","type":"page","link":"https:\/\/agora.xtec.cat\/escolapablopicasso\/lescola\/historia\/","title":{"rendered":"Hist\u00f2ria"},"content":{"rendered":"<p>La construcci\u00f3 de la nostra escola comen\u00e7a en els anys 80-81. S&#8217;inaugura l&#8217;escola al mar\u00e7 de l&#8217;any 1982.<a href=\"http:\/\/agora.xtec.cat\/escolapablopicasso\/wp-content\/uploads\/usu295\/2014\/09\/picasso-inicis.png\"><img loading=\"lazy\" decoding=\"async\" class=\" wp-image-2102 alignright\" src=\"http:\/\/agora.xtec.cat\/escolapablopicasso\/wp-content\/uploads\/usu295\/2014\/09\/picasso-inicis-150x150.png\" alt=\"picasso inicis\" width=\"212\" height=\"212\" \/><\/a><\/p>\n<p>Les necessitats de l&#8217;escola porta\u00a0a reivindicar una escola p\u00fablica, laica, gratu\u00efta&#8230;\u00a0En aquells anys hi havia aules distribu\u00efdes en diferents locals del poble, antics jutjats, oficines de les piscines municipals i inclusivament a l&#8217;Ajuntament.<br \/>\nEs va obrir pr\u00e0cticament sense acabar, sobretot, els patis que semblaven terres de cultiu i que, donat el seu aspecte fins avui, els ha quedat el nom de &#8220;Los Monegros&#8221;.<br \/>\nA la zona on est\u00e0 ubicada l&#8217;escola Pablo Picasso era impensable aconseguir l&#8217;escolaritzaci\u00f3 de tots els nens i nenes i que les escoles que existien estaven massificades.<br \/>\nEls Ajuntaments de Sabadell i Barber\u00e0 van recollir en part les reivindicacions dels pares i mares d&#8217;alumnes i cal recon\u00e8ixer que va ser un gran encert la construcci\u00f3 de l&#8217;escola\u00a0en aquesta ubicaci\u00f3.<br \/>\nCal recon\u00e8ixer la tasca que van fer els regidors de cultura Sr. Roda i Sr. \u00c1lvarez de Barber\u00e0 i Sabadell, respectivament. Amb una dedicaci\u00f3 admirable perqu\u00e8 calia conv\u00e8ncer i acontentar a tots\/es. Recordem amb satisfacci\u00f3 les reunions que celebr\u00e0vem fins que es va decidir la construcci\u00f3 del mateix.<br \/>\nL&#8217;Ajuntament, a trav\u00e9s del Sr. Roda, va buscar la forma d&#8217;aconseguir els terrenys, i la inauguraci\u00f3 del Pablo Picasso va ser un fet. Es va celebrar una festa organitzada, pels professors\/es i l&#8217;APA que llavors es denominava Associaci\u00f3 de Pares, recentment fundada, pels quals la nostra major consideraci\u00f3 i reconeixement a la seva tasca.<\/p>\n<p>La mateixa situaci\u00f3 de manca de places escolars que hi havia a Barber\u00e0, es donava a Sabadell, zona de la Rom\u00e0nica. Com a conseq\u00fc\u00e8ncia d&#8217;aquesta situaci\u00f3, al Picasso s&#8217;agafaven nens i nenes de les dues poblacions i no existien nivells paral\u00b7lels, doncs ja que hi havia 6 classes de Primer que 2 de P-4, 2 de P-5 i 1 tercer, que era el curs m\u00e9s alt.<br \/>\nArribaven a l&#8217;escola mitjan\u00e7ant autobusos que va posar l&#8217;Ajuntament i que els recollien en diferents punts del poble. Hi havia monitors\/es que els acompanyaven i identificaven mitjan\u00e7ant targetes de diferents colors, segons el punt del qual procedien.<\/p>\n<p>En aquell temps no existien ni els professors\/es de m\u00fasica o d&#8217;esports i menys d&#8217;inform\u00e0tica. Tampoc hi havia els espais adequats, la m\u00fasica s&#8217;impartia directament a les classes. Les classes les feien monitors\/es dependents d&#8217;una incipient &#8220;Escola de M\u00fasica&#8221; de Barber\u00e0, al cap dels quals hi havia el company entranyable i bromista Blai que tots\/es coneixem. L&#8217;Educaci\u00f3 F\u00edsica la impartien monitors\/es dependents del Patronat d&#8217;Esports de Barber\u00e0, monitors\/es com l&#8217;Encarna i el Pepe, m\u00e9s coneguts i que tan entranyables records d&#8217;ells guarda el Picasso.<br \/>\nLes classes les impartien a les pistes quan el temps ho permetia o en una aula gran adequada per a aix\u00f2, &#8220;la sala del suro&#8221;, anomenada aix\u00ed per tenir el s\u00f2l folrat d&#8217;aquest material.<\/p>\n<p>Els nens i nenes, no se sap per quina ra\u00f3, tenien una idea estranya, creien que li professorat vivia a l&#8217;escola i que l&#8217;escola era del &#8220;Manolo&#8221;, el conserge, possiblement era perqu\u00e8 aix\u00ed se&#8217;ls deia, tractant de conscienciar-los que era de tots\/es i que calia cuidar-lo, no trencant arbres o plantes ni llen\u00e7ant coses a terra.<\/p>\n<p>Va ser una \u00e8poca molt enriquidora. Hi havia mancances de tot, per\u00f2 moltes ganes de fer coses, de reivindicar, de lluitar per les millores de l&#8217;ensenyament en tots els seus vessants.<br \/>\nLes AAPP i les fam\u00edlies estaven molt implicades en la vida escolar, eren reivindicatives i lluitadores, amb bona voluntat i ganes de fer coses, com ara la sociabilitzaci\u00f3 de llibres usats per atendre les necessitats d&#8217;alumnes amb dificultats per comprar-los.<br \/>\nEn les diferents festes, sobretot en Carnestoltes, els vestits o disfresses es feien per motius i per aules tots iguals, no hi havia distincions segons el poder adquisitiu de les fam\u00edlies, i tota la comunitat educativa col\u00b7laborava en la seva confecci\u00f3.<\/p>\n<p>Quan els\/les alumnes arribaven a set\u00e8 i a vuit\u00e8, a l&#8217;espai que despr\u00e9s va ocupar el &#8220;Pati dels petits&#8221;, hi havia un petit hort en el qual la meitat ho plantaven el Manolo i l&#8217;altra meitat, els\/les alumnes. Era interessant que veiessin cr\u00e9ixer les seves faves, alls, enciams i altres hortalisses de temporada de manera que trencaven amb la idea que el que els seus pares i mares porten a casa creix a les parades del mercat.<br \/>\nQuins bons records!!! Oi????<\/p>\n<p>D&#8217;en\u00e7\u00e0 d&#8217;aix\u00f2, el Picasso ha passat per diferents moments: obres, alumnes, mestres, pares\/mares, festes, sortides&#8230; fins arribar a ara!<\/p>\n<p><iframe loading=\"lazy\" src=\"\/\/www.youtube.com\/embed\/AXHgsQ9--mo\" width=\"425\" height=\"350\"><\/iframe><\/p>\n<p>&nbsp;<\/p>\n","protected":false},"excerpt":{"rendered":"<p>La construcci\u00f3 de la nostra escola comen\u00e7a en els anys 80-81. S&#8217;inaugura l&#8217;escola al mar\u00e7 de l&#8217;any 1982.<a href=\"http:\/\/agora.xtec.cat\/escolapablopicasso\/wp-content\/uploads\/usu295\/2014\/09\/picasso-inicis.png\"><\/a><br \/>\nLes necessitats de l&#8217;escola porta\u00a0a reivindicar una escola p\u00fablica, laica, gratu\u00efta&#8230;\u00a0En aquells anys hi havia aules distribu\u00efdes en diferents locals del poble, antics jutjats, oficines de les&hellip;  <a href=\"https:\/\/agora.xtec.cat\/escolapablopicasso\/lescola\/historia\/\" title=\"Read Hist\u00f2ria\">Llegeix m\u00e9s\u00bb<\/a><\/p>\n","protected":false},"author":2,"featured_media":0,"parent":22,"menu_order":2,"comment_status":"closed","ping_status":"closed","template":"page-templates\/side-menu.php","meta":{"_bbp_topic_count":0,"_bbp_reply_count":0,"_bbp_total_topic_count":0,"_bbp_total_reply_count":0,"_bbp_voice_count":0,"_bbp_anonymous_reply_count":0,"_bbp_topic_count_hidden":0,"_bbp_reply_count_hidden":0,"_bbp_forum_subforum_count":0,"footnotes":""},"class_list":["post-26","page","type-page","status-publish","hentry"],"post_mailing_queue_ids":[],"_links":{"self":[{"href":"https:\/\/agora.xtec.cat\/escolapablopicasso\/wp-json\/wp\/v2\/pages\/26","targetHints":{"allow":["GET"]}}],"collection":[{"href":"https:\/\/agora.xtec.cat\/escolapablopicasso\/wp-json\/wp\/v2\/pages"}],"about":[{"href":"https:\/\/agora.xtec.cat\/escolapablopicasso\/wp-json\/wp\/v2\/types\/page"}],"author":[{"embeddable":true,"href":"https:\/\/agora.xtec.cat\/escolapablopicasso\/wp-json\/wp\/v2\/users\/2"}],"replies":[{"embeddable":true,"href":"https:\/\/agora.xtec.cat\/escolapablopicasso\/wp-json\/wp\/v2\/comments?post=26"}],"version-history":[{"count":3,"href":"https:\/\/agora.xtec.cat\/escolapablopicasso\/wp-json\/wp\/v2\/pages\/26\/revisions"}],"predecessor-version":[{"id":5142,"href":"https:\/\/agora.xtec.cat\/escolapablopicasso\/wp-json\/wp\/v2\/pages\/26\/revisions\/5142"}],"up":[{"embeddable":true,"href":"https:\/\/agora.xtec.cat\/escolapablopicasso\/wp-json\/wp\/v2\/pages\/22"}],"wp:attachment":[{"href":"https:\/\/agora.xtec.cat\/escolapablopicasso\/wp-json\/wp\/v2\/media?parent=26"}],"curies":[{"name":"wp","href":"https:\/\/api.w.org\/{rel}","templated":true}]}}

Història

<p>La construcció de la nostra escola comença en els anys 80-81. S&#8217;inaugura l&#8217;escola al març de l&#8217;any 1982.<a href="http://agora.xtec.cat/escolapablopicasso/wp-content/uploads/usu295/2014/09/picasso-inicis.png"><img loading="lazy" decoding="async" class=" wp-image-2102 alignright" src="http://agora.xtec.cat/escolapablopicasso/wp-content/uploads/usu295/2014/09/picasso-inicis-150x150.png" alt="picasso inicis" width="212" height="212" /></a></p>
<p>Les necessitats de l&#8217;escola porta a reivindicar una escola pública, laica, gratuïta&#8230; En aquells anys hi havia aules distribuïdes en diferents locals del poble, antics jutjats, oficines de les piscines municipals i inclusivament a l&#8217;Ajuntament.<br />
Es va obrir pràcticament sense acabar, sobretot, els patis que semblaven terres de cultiu i que, donat el seu aspecte fins avui, els ha quedat el nom de &#8220;Los Monegros&#8221;.<br />
A la zona on està ubicada l&#8217;escola Pablo Picasso era impensable aconseguir l&#8217;escolarització de tots els nens i nenes i que les escoles que existien estaven massificades.<br />
Els Ajuntaments de Sabadell i Barberà van recollir en part les reivindicacions dels pares i mares d&#8217;alumnes i cal reconèixer que va ser un gran encert la construcció de l&#8217;escola en aquesta ubicació.<br />
Cal reconèixer la tasca que van fer els regidors de cultura Sr. Roda i Sr. Álvarez de Barberà i Sabadell, respectivament. Amb una dedicació admirable perquè calia convèncer i acontentar a tots/es. Recordem amb satisfacció les reunions que celebràvem fins que es va decidir la construcció del mateix.<br />
L&#8217;Ajuntament, a través del Sr. Roda, va buscar la forma d&#8217;aconseguir els terrenys, i la inauguració del Pablo Picasso va ser un fet. Es va celebrar una festa organitzada, pels professors/es i l&#8217;APA que llavors es denominava Associació de Pares, recentment fundada, pels quals la nostra major consideració i reconeixement a la seva tasca.</p>
<p>La mateixa situació de manca de places escolars que hi havia a Barberà, es donava a Sabadell, zona de la Romànica. Com a conseqüència d&#8217;aquesta situació, al Picasso s&#8217;agafaven nens i nenes de les dues poblacions i no existien nivells paral·lels, doncs ja que hi havia 6 classes de Primer que 2 de P-4, 2 de P-5 i 1 tercer, que era el curs més alt.<br />
Arribaven a l&#8217;escola mitjançant autobusos que va posar l&#8217;Ajuntament i que els recollien en diferents punts del poble. Hi havia monitors/es que els acompanyaven i identificaven mitjançant targetes de diferents colors, segons el punt del qual procedien.</p>
<p>En aquell temps no existien ni els professors/es de música o d&#8217;esports i menys d&#8217;informàtica. Tampoc hi havia els espais adequats, la música s&#8217;impartia directament a les classes. Les classes les feien monitors/es dependents d&#8217;una incipient &#8220;Escola de Música&#8221; de Barberà, al cap dels quals hi havia el company entranyable i bromista Blai que tots/es coneixem. L&#8217;Educació Física la impartien monitors/es dependents del Patronat d&#8217;Esports de Barberà, monitors/es com l&#8217;Encarna i el Pepe, més coneguts i que tan entranyables records d&#8217;ells guarda el Picasso.<br />
Les classes les impartien a les pistes quan el temps ho permetia o en una aula gran adequada per a això, &#8220;la sala del suro&#8221;, anomenada així per tenir el sòl folrat d&#8217;aquest material.</p>
<p>Els nens i nenes, no se sap per quina raó, tenien una idea estranya, creien que li professorat vivia a l&#8217;escola i que l&#8217;escola era del &#8220;Manolo&#8221;, el conserge, possiblement era perquè així se&#8217;ls deia, tractant de conscienciar-los que era de tots/es i que calia cuidar-lo, no trencant arbres o plantes ni llençant coses a terra.</p>
<p>Va ser una època molt enriquidora. Hi havia mancances de tot, però moltes ganes de fer coses, de reivindicar, de lluitar per les millores de l&#8217;ensenyament en tots els seus vessants.<br />
Les AAPP i les famílies estaven molt implicades en la vida escolar, eren reivindicatives i lluitadores, amb bona voluntat i ganes de fer coses, com ara la sociabilització de llibres usats per atendre les necessitats d&#8217;alumnes amb dificultats per comprar-los.<br />
En les diferents festes, sobretot en Carnestoltes, els vestits o disfresses es feien per motius i per aules tots iguals, no hi havia distincions segons el poder adquisitiu de les famílies, i tota la comunitat educativa col·laborava en la seva confecció.</p>
<p>Quan els/les alumnes arribaven a setè i a vuitè, a l&#8217;espai que després va ocupar el &#8220;Pati dels petits&#8221;, hi havia un petit hort en el qual la meitat ho plantaven el Manolo i l&#8217;altra meitat, els/les alumnes. Era interessant que veiessin créixer les seves faves, alls, enciams i altres hortalisses de temporada de manera que trencaven amb la idea que el que els seus pares i mares porten a casa creix a les parades del mercat.<br />
Quins bons records!!! Oi????</p>
<p>D&#8217;ençà d&#8217;això, el Picasso ha passat per diferents moments: obres, alumnes, mestres, pares/mares, festes, sortides&#8230; fins arribar a ara!</p>
<p><iframe loading="lazy" src="//www.youtube.com/embed/AXHgsQ9--mo" width="425" height="350"></iframe></p>
<p>&nbsp;</p>

<p>La construcció de la nostra escola comença en els anys 80-81. S&#8217;inaugura l&#8217;escola al març de l&#8217;any 1982.<a href="http://agora.xtec.cat/escolapablopicasso/wp-content/uploads/usu295/2014/09/picasso-inicis.png"></a><br />
Les necessitats de l&#8217;escola porta a reivindicar una escola pública, laica, gratuïta&#8230; En aquells anys hi havia aules distribuïdes en diferents locals del poble, antics jutjats, oficines de les&hellip;  <a href="https://agora.xtec.cat/escolapablopicasso/lescola/historia/" title="Read Història">Llegeix més»</a></p>
