{"id":24,"date":"2014-09-18T12:23:15","date_gmt":"2014-09-18T11:23:15","guid":{"rendered":"http:\/\/agora.xtec.cat\/escolapablopicasso\/\/?page_id=24"},"modified":"2021-02-06T20:37:52","modified_gmt":"2021-02-06T19:37:52","slug":"on-som","status":"publish","type":"page","link":"https:\/\/agora.xtec.cat\/escolapablopicasso\/lescola\/on-som\/","title":{"rendered":"On som"},"content":{"rendered":"<p style=\"color: #666666;\"><strong>Escola\u00a0Pablo Picasso<\/strong><br \/>\nCarrer Can\u00e0ries, 26 (amb Ronda Pau Vila)<br \/>\n08210\u00a0Barber\u00e0 del Vall\u00e8s<\/p>\n<p>Tel. 937\u00a018 45 90<br \/>\nescolapablopicasso@xtec.cat<\/p>\n<p><iframe loading=\"lazy\" src=\"https:\/\/www.google.com\/maps\/embed?pb=!1m10!1m8!1m3!1d1493.5395988963091!2d2.1201942!3d41.5242251!3m2!1i1024!2i768!4f13.1!5e0!3m2!1sca!2s!4v1428185096331\" width=\"600\" height=\"450\" frameborder=\"0\"><\/iframe><\/p>\n<p><strong>COM ARRIBAR-HI<\/strong><\/p>\n<p><strong>Tren:<\/strong><\/p>\n<ul>\n<li><a href=\"http:\/\/www.bdv.cat\/sites\/default\/files\/common\/Via_Publica\/20130630_r4-1.pdf\" target=\"_blank\" rel=\"noopener noreferrer\">L\u00ednia R4<\/a> operada per RENFE (Manresa &#8211; Sant Vicen\u00e7 de Calders) (<a href=\"http:\/\/rodalies.gencat.cat\/web\/.content\/mapes\/Mapa_Serveis_Regionals.pdf\" target=\"_blank\" rel=\"noopener noreferrer\">mapa de les l\u00ednies de tren<\/a>)<\/li>\n<\/ul>\n<p><strong>Bus:<\/strong><\/p>\n<ul>\n<li><a href=\"http:\/\/www.tus.es\/images\/PDF\/02web.pdf\" target=\"_blank\" rel=\"noopener noreferrer\">L\u00ednia L2<\/a> d&#8217;Autobusos de Sabadell (<a href=\"http:\/\/www.tus.es\/images\/PDF\/PLANOS%20PARA%20WEB%20L2.pdf\" target=\"_blank\" rel=\"noopener noreferrer\">mapa de les l\u00ednies d&#8217;autobusos<\/a>)<\/li>\n<li><a href=\"http:\/\/www.bdv.cat\/sites\/default\/files\/common\/Via_Publica\/l1_l3_barbera_del_valles.pdf\" target=\"_blank\" rel=\"noopener noreferrer\">L\u00ednia L1 <\/a>d&#8217;Autobusos de Barber\u00e0 del Vall\u00e8s\u00a0(<a href=\"http:\/\/www.bdv.cat\/sites\/default\/files\/common\/Via_Publica\/mapa_urba_de_barbera_octubre_2011.pdf\" target=\"_blank\" rel=\"noopener noreferrer\">mapa de les l\u00ednies d&#8217;autobusos<\/a>)<\/li>\n<\/ul>\n<p><strong>Autobusos interurbans:<\/strong><\/p>\n<ul>\n<li><strong><a href=\"http:\/\/www.bdv.cat\/sites\/default\/files\/common\/Via_Publica\/a1_sarbus.pdf\" target=\"_blank\" rel=\"noopener noreferrer\">L\u00ednia A1<\/a><\/strong>:\u00a0Barcelona &#8211; Barber\u00e0 del Vall\u00e8s &#8211; Sabadell<\/li>\n<li><strong><a href=\"http:\/\/www.bdv.cat\/sites\/default\/files\/common\/Via_Publica\/a2_sarbus.pdf\" target=\"_blank\" rel=\"noopener noreferrer\">L\u00ednia A2<\/a><\/strong>:\u00a0Barcelona &#8211; Barber\u00e0 del Vall\u00e8s &#8211; Badia del Vall\u00e8s<\/li>\n<li><strong><a href=\"http:\/\/www.bdv.cat\/sites\/default\/files\/common\/Via_Publica\/b1_sarbus.pdf\" target=\"_blank\" rel=\"noopener noreferrer\">L\u00ednia B1<\/a><\/strong>:\u00a0Sabadell \u2013 Barber\u00e0 del Vall\u00e8s &#8211; Badia del Vall\u00e8s<\/li>\n<li><a href=\"http:\/\/www.bdv.cat\/sites\/default\/files\/common\/Via_Publica\/b2_sarbus.pdf\" target=\"_blank\" rel=\"noopener noreferrer\"><strong>L\u00ednia B2<\/strong><\/a>: Sabadell &#8211; Barber\u00e0 del Vall\u00e8s &#8211; Cerdanyola del Vall\u00e8s &#8211; Ripollet (<a href=\"http:\/\/www.bdv.cat\/sites\/default\/files\/common\/Via_Publica\/b2_ripollet_mapa.pdf\" target=\"_blank\" rel=\"noopener noreferrer\">mapa<\/a>)<\/li>\n<li><strong><a href=\"http:\/\/www.bdv.cat\/sites\/default\/files\/common\/Via_Publica\/b4_sarbus.pdf\" target=\"_blank\" rel=\"noopener noreferrer\">L\u00ednia B4<\/a><\/strong>:\u00a0Badia del Vall\u00e8s &#8211; Barber\u00e0 del Vall\u00e8s &#8211; Cerdanyola del Vall\u00e8s<\/li>\n<li><a href=\"http:\/\/www.bdv.cat\/sites\/default\/files\/common\/Via_Publica\/b6_sarbus.pdf\" target=\"_blank\" rel=\"noopener noreferrer\"><strong>L\u00ednia B6<\/strong><\/a>: UAB \u2013 Badia del Vall\u00e8s &#8211; Barber\u00e0 del Vall\u00e8s &#8211; Sabadell<\/li>\n<\/ul>\n<p><strong>Cotxe:<\/strong><\/p>\n<ul>\n<li>Es pot arribar a Barber\u00e0 per l&#8217;autopista\u00a0AP-7, que est\u00e0 situada a la part sud de la vila, connectant a aquesta al\u00e7ada amb la\u00a0C-58\u00a0que va de\u00a0Barcelona\u00a0a\u00a0Terrassa, i per la carretera\u00a0N-150, que travessa el municipi, aix\u00ed com per la carretera Santiga, entrant per la ronda de Santa Maria.<\/li>\n<\/ul>\n","protected":false},"excerpt":{"rendered":"<p>Escola\u00a0Pablo Picasso<br \/>\nCarrer Can\u00e0ries, 26 (amb Ronda Pau Vila)<br \/>\n08210\u00a0Barber\u00e0 del Vall\u00e8s<br \/>\nTel. 937\u00a018 45 90<br \/>\nescolapablopicasso@xtec.cat<\/p>\n<p>COM ARRIBAR-HI<br \/>\nTren:<\/p>\n<ul>\n<li><a href=\"http:\/\/www.bdv.cat\/sites\/default\/files\/common\/Via_Publica\/20130630_r4-1.pdf\" target=\"_blank\" rel=\"noopener noreferrer\">L\u00ednia R4<\/a> operada per RENFE (Manresa &#8211; Sant Vicen\u00e7 de Calders) (<a href=\"http:\/\/rodalies.gencat.cat\/web\/.content\/mapes\/Mapa_Serveis_Regionals.pdf\" target=\"_blank\" rel=\"noopener noreferrer\">mapa de les l\u00ednies de tren<\/a>)<\/li>\n<\/ul>\n<p>Bus:<\/p>\n<ul>\n<li><a href=\"http:\/\/www.tus.es\/images\/PDF\/02web.pdf\" target=\"_blank\" rel=\"noopener noreferrer\">L\u00ednia L2<\/a> d&#8217;Autobusos de&hellip;  <a href=\"https:\/\/agora.xtec.cat\/escolapablopicasso\/lescola\/on-som\/\" title=\"Read On som\">Llegeix m\u00e9s\u00bb<\/a><br \/>\n","protected":false},"author":2,"featured_media":0,"parent":22,"menu_order":1,"comment_status":"closed","ping_status":"closed","template":"page-templates\/side-menu.php","meta":{"_bbp_topic_count":0,"_bbp_reply_count":0,"_bbp_total_topic_count":0,"_bbp_total_reply_count":0,"_bbp_voice_count":0,"_bbp_anonymous_reply_count":0,"_bbp_topic_count_hidden":0,"_bbp_reply_count_hidden":0,"_bbp_forum_subforum_count":0,"footnotes":""},"class_list":["post-24","page","type-page","status-publish","hentry"],"post_mailing_queue_ids":[],"_links":{"self":[{"href":"https:\/\/agora.xtec.cat\/escolapablopicasso\/wp-json\/wp\/v2\/pages\/24","targetHints":{"allow":["GET"]}}],"collection":[{"href":"https:\/\/agora.xtec.cat\/escolapablopicasso\/wp-json\/wp\/v2\/pages"}],"about":[{"href":"https:\/\/agora.xtec.cat\/escolapablopicasso\/wp-json\/wp\/v2\/types\/page"}],"author":[{"embeddable":true,"href":"https:\/\/agora.xtec.cat\/escolapablopicasso\/wp-json\/wp\/v2\/users\/2"}],"replies":[{"embeddable":true,"href":"https:\/\/agora.xtec.cat\/escolapablopicasso\/wp-json\/wp\/v2\/comments?post=24"}],"version-history":[{"count":4,"href":"https:\/\/agora.xtec.cat\/escolapablopicasso\/wp-json\/wp\/v2\/pages\/24\/revisions"}],"predecessor-version":[{"id":6089,"href":"https:\/\/agora.xtec.cat\/escolapablopicasso\/wp-json\/wp\/v2\/pages\/24\/revisions\/6089"}],"up":[{"embeddable":true,"href":"https:\/\/agora.xtec.cat\/escolapablopicasso\/wp-json\/wp\/v2\/pages\/22"}],"wp:attachment":[{"href":"https:\/\/agora.xtec.cat\/escolapablopicasso\/wp-json\/wp\/v2\/media?parent=24"}],"curies":[{"name":"wp","href":"https:\/\/api.w.org\/{rel}","templated":true}]}}