{"id":2057,"date":"2015-08-21T00:01:35","date_gmt":"2015-08-20T22:01:35","guid":{"rendered":"http:\/\/agora.xtec.cat\/escolapablopicasso\/?page_id=2057"},"modified":"2026-04-08T20:17:39","modified_gmt":"2026-04-08T18:17:39","slug":"menu-del-mes","status":"publish","type":"page","link":"https:\/\/agora.xtec.cat\/escolapablopicasso\/afa\/menu-del-mes\/","title":{"rendered":"Men\u00fa del mes"},"content":{"rendered":"<p>Aqu\u00ed teniu el men\u00fa del mes d&#8217;abril de 2026:<\/p>\n<p><a href=\"https:\/\/gumencatering.com\/wp-content\/uploads\/2026\/04\/ESCOLES-ABRIL-2026.pdf\"><img loading=\"lazy\" decoding=\"async\" class=\"alignnone\" src=\"http:\/\/agora.xtec.cat\/ceip-splai\/wp-content\/uploads\/usu1401\/2014\/09\/arton245-1024x330.gif\" alt=\"\" width=\"599\" height=\"193\" \/><\/a><\/p>\n<p>(cliqueu la imatge)<\/p>\n","protected":false},"excerpt":{"rendered":"<p>Aqu\u00ed teniu el men\u00fa del mes d&#8217;abril de 2026:<br \/>\n<a href=\"https:\/\/gumencatering.com\/wp-content\/uploads\/2026\/04\/ESCOLES-ABRIL-2026.pdf\"><\/a><br \/>\n(cliqueu la imatge)<\/p>\n","protected":false},"author":1,"featured_media":0,"parent":66,"menu_order":3,"comment_status":"closed","ping_status":"closed","template":"page-templates\/side-menu.php","meta":{"_bbp_topic_count":0,"_bbp_reply_count":0,"_bbp_total_topic_count":0,"_bbp_total_reply_count":0,"_bbp_voice_count":0,"_bbp_anonymous_reply_count":0,"_bbp_topic_count_hidden":0,"_bbp_reply_count_hidden":0,"_bbp_forum_subforum_count":0,"footnotes":""},"class_list":["post-2057","page","type-page","status-publish","hentry"],"post_mailing_queue_ids":[],"_links":{"self":[{"href":"https:\/\/agora.xtec.cat\/escolapablopicasso\/wp-json\/wp\/v2\/pages\/2057","targetHints":{"allow":["GET"]}}],"collection":[{"href":"https:\/\/agora.xtec.cat\/escolapablopicasso\/wp-json\/wp\/v2\/pages"}],"about":[{"href":"https:\/\/agora.xtec.cat\/escolapablopicasso\/wp-json\/wp\/v2\/types\/page"}],"author":[{"embeddable":true,"href":"https:\/\/agora.xtec.cat\/escolapablopicasso\/wp-json\/wp\/v2\/users\/1"}],"replies":[{"embeddable":true,"href":"https:\/\/agora.xtec.cat\/escolapablopicasso\/wp-json\/wp\/v2\/comments?post=2057"}],"version-history":[{"count":6,"href":"https:\/\/agora.xtec.cat\/escolapablopicasso\/wp-json\/wp\/v2\/pages\/2057\/revisions"}],"predecessor-version":[{"id":8738,"href":"https:\/\/agora.xtec.cat\/escolapablopicasso\/wp-json\/wp\/v2\/pages\/2057\/revisions\/8738"}],"up":[{"embeddable":true,"href":"https:\/\/agora.xtec.cat\/escolapablopicasso\/wp-json\/wp\/v2\/pages\/66"}],"wp:attachment":[{"href":"https:\/\/agora.xtec.cat\/escolapablopicasso\/wp-json\/wp\/v2\/media?parent=2057"}],"curies":[{"name":"wp","href":"https:\/\/api.w.org\/{rel}","templated":true}]}}