{"id":2,"date":"2014-09-12T11:10:47","date_gmt":"2014-09-12T10:10:47","guid":{"rendered":"http:\/\/agora.xtec.cat\/escolapablopicasso\/\/?page_id=2"},"modified":"2025-09-09T21:35:33","modified_gmt":"2025-09-09T19:35:33","slug":"curs-25-26","status":"publish","type":"page","link":"https:\/\/agora.xtec.cat\/escolapablopicasso\/curs-25-26\/","title":{"rendered":"Curs 2025-2026"},"content":{"rendered":"<h4><img loading=\"lazy\" decoding=\"async\" class=\"alignnone \" src=\"http:\/\/escolalolaangladatiana.info\/wp-content\/uploads\/2015\/02\/Calendari-Escolar.png\" width=\"117\" height=\"122\" \/><\/h4>\n<p><a href=\"https:\/\/agora.xtec.cat\/escolapablopicasso\/wp-content\/uploads\/usu295\/2025\/06\/CALENDARI-PICASSO-25-26.png\"><img loading=\"lazy\" decoding=\"async\" class=\"aligncenter size-full wp-image-8451\" src=\"https:\/\/agora.xtec.cat\/escolapablopicasso\/wp-content\/uploads\/usu295\/2025\/06\/CALENDARI-PICASSO-25-26.png\" alt=\"\" width=\"1414\" height=\"2000\" srcset=\"https:\/\/agora.xtec.cat\/escolapablopicasso\/wp-content\/uploads\/usu295\/2025\/06\/CALENDARI-PICASSO-25-26.png 1414w, https:\/\/agora.xtec.cat\/escolapablopicasso\/wp-content\/uploads\/usu295\/2025\/06\/CALENDARI-PICASSO-25-26-212x300.png 212w, https:\/\/agora.xtec.cat\/escolapablopicasso\/wp-content\/uploads\/usu295\/2025\/06\/CALENDARI-PICASSO-25-26-724x1024.png 724w, https:\/\/agora.xtec.cat\/escolapablopicasso\/wp-content\/uploads\/usu295\/2025\/06\/CALENDARI-PICASSO-25-26-768x1086.png 768w, https:\/\/agora.xtec.cat\/escolapablopicasso\/wp-content\/uploads\/usu295\/2025\/06\/CALENDARI-PICASSO-25-26-1086x1536.png 1086w\" sizes=\"auto, (max-width: 1414px) 100vw, 1414px\" \/><\/a><\/p>\n<ul>\n<li>El curs 2025-2026 comen\u00e7ar\u00e0 el dilluns <strong>8\u00a0de setembre<\/strong> de 2025 i acabar\u00e0 el divendres <strong>19 de juny<\/strong> de 2026.<\/li>\n<\/ul>\n<p>&nbsp;<\/p>\n<ul>\n<li><strong>Dies festius <\/strong><\/li>\n<\/ul>\n<p>-11 de setembre de 2025<\/p>\n<p>-8 de desembre de 2025<\/p>\n<p>-1 de maig de 2026<\/p>\n<p>&nbsp;<\/p>\n<ul>\n<li><strong>Festa local<\/strong><\/li>\n<\/ul>\n<p>-25 de maig de 2026<\/p>\n<p>&nbsp;<\/p>\n<ul>\n<li><strong>Dies de lliure disposici\u00f3:<\/strong><\/li>\n<\/ul>\n<p>-3 de novembre de 2025<\/p>\n<p>-5 de desembre de 2025<\/p>\n<p>-16 de febrer de 2026<\/p>\n<p>-4 de maig de 2026<\/p>\n<p>-26 de maig de 2026<\/p>\n<p>&nbsp;<\/p>\n<ul>\n<li><strong>Vacances:<\/strong><\/li>\n<\/ul>\n<p>-Nadal: del 22 de desembre de 2025 al 7 de gener de 2026 (ambd\u00f3s inclosos)<\/p>\n<p>-Setmana Santa: del 30 de mar\u00e7 de 2026 al 6 d&#8217;abril de 2026 (ambd\u00f3s inclosos)<\/p>\n<p>&nbsp;<\/p>\n<ul>\n<li><strong>Horari lectiu:<\/strong><\/li>\n<\/ul>\n<p>-Mat\u00ed: de 9 a 12.30h. A Educaci\u00f3 Infantil s&#8217;obre la porta a les 12.20h<\/p>\n<p>-Tarda: de 15 a 16.30h. A Educaci\u00f3 Infantil s&#8217;obre la porta a les 16.20h<\/p>\n<p>&nbsp;<\/p>\n<p>Del 8 al 19 de juny de 2026 (ambd\u00f3s inclosos) es far\u00e0 horari intensiu de 9 a 13h. El divendres 19 de desembre tamb\u00e9 es far\u00e0 horari intensiu.<\/p>\n","protected":false},"excerpt":{"rendered":"<p><a href=\"https:\/\/agora.xtec.cat\/escolapablopicasso\/wp-content\/uploads\/usu295\/2025\/06\/CALENDARI-PICASSO-25-26.png\"><\/a><\/p>\n<ul>\n<li>El curs 2025-2026 comen\u00e7ar\u00e0 el dilluns 8\u00a0de setembre de 2025 i acabar\u00e0 el divendres 19 de juny de 2026.<\/li>\n<\/ul>\n<p>&nbsp;<\/p>\n<ul>\n<li>Dies festius <\/li>\n<\/ul>\n<p>-11 de setembre de 2025<br \/>\n-8 de desembre de 2025<br \/>\n-1 de maig de 2026<br \/>\n&nbsp;<\/p>\n<ul>\n<li>Festa local<\/li>\n<\/ul>\n<p>-25 de maig de 2026<br \/>\n&nbsp;<\/p>\n<ul>\n<li>Dies de lliure disposici\u00f3:<\/li>\n<\/ul>\n<p>-3 de novembre de&hellip;  <a href=\"https:\/\/agora.xtec.cat\/escolapablopicasso\/curs-25-26\/\" title=\"Read Curs 2025-2026\">Llegeix m\u00e9s\u00bb<\/a><\/p>\n","protected":false},"author":1,"featured_media":0,"parent":0,"menu_order":0,"comment_status":"closed","ping_status":"closed","template":"page-templates\/side-menu.php","meta":{"_bbp_topic_count":0,"_bbp_reply_count":0,"_bbp_total_topic_count":0,"_bbp_total_reply_count":0,"_bbp_voice_count":0,"_bbp_anonymous_reply_count":0,"_bbp_topic_count_hidden":0,"_bbp_reply_count_hidden":0,"_bbp_forum_subforum_count":0,"footnotes":""},"class_list":["post-2","page","type-page","status-publish","hentry"],"post_mailing_queue_ids":[],"_links":{"self":[{"href":"https:\/\/agora.xtec.cat\/escolapablopicasso\/wp-json\/wp\/v2\/pages\/2","targetHints":{"allow":["GET"]}}],"collection":[{"href":"https:\/\/agora.xtec.cat\/escolapablopicasso\/wp-json\/wp\/v2\/pages"}],"about":[{"href":"https:\/\/agora.xtec.cat\/escolapablopicasso\/wp-json\/wp\/v2\/types\/page"}],"author":[{"embeddable":true,"href":"https:\/\/agora.xtec.cat\/escolapablopicasso\/wp-json\/wp\/v2\/users\/1"}],"replies":[{"embeddable":true,"href":"https:\/\/agora.xtec.cat\/escolapablopicasso\/wp-json\/wp\/v2\/comments?post=2"}],"version-history":[{"count":7,"href":"https:\/\/agora.xtec.cat\/escolapablopicasso\/wp-json\/wp\/v2\/pages\/2\/revisions"}],"predecessor-version":[{"id":8484,"href":"https:\/\/agora.xtec.cat\/escolapablopicasso\/wp-json\/wp\/v2\/pages\/2\/revisions\/8484"}],"wp:attachment":[{"href":"https:\/\/agora.xtec.cat\/escolapablopicasso\/wp-json\/wp\/v2\/media?parent=2"}],"curies":[{"name":"wp","href":"https:\/\/api.w.org\/{rel}","templated":true}]}}

<h4><img loading="lazy" decoding="async" class="alignnone " src="http://escolalolaangladatiana.info/wp-content/uploads/2015/02/Calendari-Escolar.png" width="117" height="122" /></h4>
<p><a href="https://agora.xtec.cat/escolapablopicasso/wp-content/uploads/usu295/2025/06/CALENDARI-PICASSO-25-26.png"><img loading="lazy" decoding="async" class="aligncenter size-full wp-image-8451" src="https://agora.xtec.cat/escolapablopicasso/wp-content/uploads/usu295/2025/06/CALENDARI-PICASSO-25-26.png" alt="" width="1414" height="2000" srcset="https://agora.xtec.cat/escolapablopicasso/wp-content/uploads/usu295/2025/06/CALENDARI-PICASSO-25-26.png 1414w, https://agora.xtec.cat/escolapablopicasso/wp-content/uploads/usu295/2025/06/CALENDARI-PICASSO-25-26-212x300.png 212w, https://agora.xtec.cat/escolapablopicasso/wp-content/uploads/usu295/2025/06/CALENDARI-PICASSO-25-26-724x1024.png 724w, https://agora.xtec.cat/escolapablopicasso/wp-content/uploads/usu295/2025/06/CALENDARI-PICASSO-25-26-768x1086.png 768w, https://agora.xtec.cat/escolapablopicasso/wp-content/uploads/usu295/2025/06/CALENDARI-PICASSO-25-26-1086x1536.png 1086w" sizes="auto, (max-width: 1414px) 100vw, 1414px" /></a></p>
<ul>
<li>El curs 2025-2026 començarà el dilluns <strong>8 de setembre</strong> de 2025 i acabarà el divendres <strong>19 de juny</strong> de 2026.</li>
</ul>
<p>&nbsp;</p>
<ul>
<li><strong>Dies festius </strong></li>
</ul>
<p>-11 de setembre de 2025</p>
<p>-8 de desembre de 2025</p>
<p>-1 de maig de 2026</p>
<p>&nbsp;</p>
<ul>
<li><strong>Festa local</strong></li>
</ul>
<p>-25 de maig de 2026</p>
<p>&nbsp;</p>
<ul>
<li><strong>Dies de lliure disposició:</strong></li>
</ul>
<p>-3 de novembre de 2025</p>
<p>-5 de desembre de 2025</p>
<p>-16 de febrer de 2026</p>
<p>-4 de maig de 2026</p>
<p>-26 de maig de 2026</p>
<p>&nbsp;</p>
<ul>
<li><strong>Vacances:</strong></li>
</ul>
<p>-Nadal: del 22 de desembre de 2025 al 7 de gener de 2026 (ambdós inclosos)</p>
<p>-Setmana Santa: del 30 de març de 2026 al 6 d&#8217;abril de 2026 (ambdós inclosos)</p>
<p>&nbsp;</p>
<ul>
<li><strong>Horari lectiu:</strong></li>
</ul>
<p>-Matí: de 9 a 12.30h. A Educació Infantil s&#8217;obre la porta a les 12.20h</p>
<p>-Tarda: de 15 a 16.30h. A Educació Infantil s&#8217;obre la porta a les 16.20h</p>
<p>&nbsp;</p>
<p>Del 8 al 19 de juny de 2026 (ambdós inclosos) es farà horari intensiu de 9 a 13h. El divendres 19 de desembre també es farà horari intensiu.</p>

<p><a href="https://agora.xtec.cat/escolapablopicasso/wp-content/uploads/usu295/2025/06/CALENDARI-PICASSO-25-26.png"></a></p>
<ul>
<li>El curs 2025-2026 començarà el dilluns 8 de setembre de 2025 i acabarà el divendres 19 de juny de 2026.</li>
</ul>
<p>&nbsp;</p>
<ul>
<li>Dies festius </li>
</ul>
<p>-11 de setembre de 2025<br />
-8 de desembre de 2025<br />
-1 de maig de 2026<br />
&nbsp;</p>
<ul>
<li>Festa local</li>
</ul>
<p>-25 de maig de 2026<br />
&nbsp;</p>
<ul>
<li>Dies de lliure disposició:</li>
</ul>
<p>-3 de novembre de&hellip;  <a href="https://agora.xtec.cat/escolapablopicasso/curs-25-26/" title="Read Curs 2025-2026">Llegeix més»</a></p>
