{"id":1758,"date":"2015-04-05T02:04:34","date_gmt":"2015-04-05T01:04:34","guid":{"rendered":"http:\/\/agora.xtec.cat\/escolapablopicasso\/?page_id=1758"},"modified":"2025-06-03T10:43:13","modified_gmt":"2025-06-03T08:43:13","slug":"festa-de-lescola-pablo-picasso","status":"publish","type":"page","link":"https:\/\/agora.xtec.cat\/escolapablopicasso\/festes\/festa-de-lescola-pablo-picasso\/","title":{"rendered":"Festa Major de l&#8217;Escola Pablo Picasso"},"content":{"rendered":"<p><strong>CURS 2024-25<\/strong><\/p>\n<p>Hola fam\u00edlies!!<\/p>\n<p>Ja tenim aqu\u00ed la X Festa major!!!<\/p>\n<p>El dia 13 de juny a la nostra Escola Pablo Picasso de 17,30 a 22.30 h!!<\/p>\n<p>Una vegada m\u00e9s, L&#8217;AFA organitza la DESENA edici\u00f3 de la Festa Major del Picasso, amb la col\u00b7laboraci\u00f3 de l&#8217;Escola, i la participaci\u00f3 de pares, mares i mestres, per acomiadar el curs de la millor manera possible.<\/p>\n<p>Tindrem inflables amb aigua i sense, i festa d&#8217;escuma!!!! Aleshores heu de portar banyador i tovallola !!!<\/p>\n<p>Tamb\u00e9 tindrem m\u00fasica, tallers i sopar de germanor .<\/p>\n<p>Per poder assistir, tots els infants, socis o no, han de portar la seva entrada\/polsera.<\/p>\n<p>COM HO FAREM?<\/p>\n<p>El dia 4 de juny a les 16.45 de la tarda, i el dia 5 a les 9,15 del mat\u00ed i 16,45 de la tarda ,tots els socis\/es podreu recollir la vostra entrada gratu\u00efta al porxo del costat del menjador.<\/p>\n<p>( UN COP HAGIN ENTRAT O SORTIT TOTS ELS INFANTS, SEGONS L&#8217;HORA DE RECOLLIDA DE LES ENTRADES, PER TAL DE NO COL\u00b7LAPSAR L&#8217;ENTRADA O SORTIDA).<\/p>\n<p>Els nens\/es no socis que vulguin assistir (estudiants de prim\u00e0ria), podran adquirir igualment aquests mateixos dies la seva entrada pel preu de 20 \u20ac, per tal de poder participar en totes les activitats. Qualsevol incid\u00e8ncia o incompliment de les normes, ser\u00e0 motiu de negar l&#8217;entrada o es faran fora a les persones corresponents.<\/p>\n<p>En el moment de la recollida de les entrades, podreu aprofitar per fer-vos socis\/es pel curs vinent .<\/p>\n<p>Preus de socis :<\/p>\n<p>18\u20ac si \u00e9s un infant,<\/p>\n<p>35\u20ac si s\u00f3n 2 germans .<\/p>\n<p>45 si s\u00f3n 3 germans.<\/p>\n<p>Tamb\u00e9 podeu comprar la vostra participaci\u00f3 pel sorteig de diferents premis( vals per consumir al mercat de Barber\u00e0, sessi\u00f3 de perruqueria,consumicions a restaurants,xecs de llibreries&#8230;)que es realitzar\u00e0 el mateix dia de la festa.<\/p>\n<p>LES PERSONES QUE NO HAGIN RECOLLIT LA SEVA POLSERA AQUESTS DIES, I HO FACIN FORA DE TERMINI HAURAN DE PAGAR UN C\u00c0RREC DE 2 \u20ac PER POLSERA!!!<\/p>\n<p>El sopar el podeu portar de casa, o tamb\u00e9 podeu consumir el menjar que vendrem durant la festa (begudes sense alcohol, hot dogs, gofres i m\u00e9s), per part dels membres de l&#8217;AFA.<\/p>\n<p>El sopar es far\u00e0 a la pista de baix, sense poder fer \u00fas de la pista de dalt per tal de fer germanor, estar tots junts que al final es tracta d&#8217;aix\u00f2, i embrutar el menys possible!<\/p>\n<p>Qui vulgui pot portar taules i cadires.<\/p>\n<p>Entenem que tots som adults, responsables, i volem gaudir de la nostra festa, i amb la col\u00b7laboraci\u00f3 de tots ser\u00e0 m\u00e9s f\u00e0cil. Per aix\u00f2 demanem que sigueu responsables a l&#8217;hora de recollir la vostra brossa despr\u00e9s de sopar.<\/p>\n<p>Recordeu que \u00e9s una Festa infantil i escolar, i per tant no es poden consumir begudes alcoh\u00f2liques.<\/p>\n<p>Aquest any continuarem venen les begudes en gots reutilitzables,si alg\u00fa vol portar el got de l&#8217;any passat ho pot fer, sin\u00f3 amb la primera consumici\u00f3 que us donem el got,pagareu 1\u20ac m\u00e9s, i les seg\u00fcents consumicions nom\u00e9s pagareu l&#8217;ompliment del got amb la beguda que demaneu!<\/p>\n<p>Cadasc\u00fa haur\u00e0 de ser responsable del seu got per no perdre&#8217;l, ja que per fer la reposici\u00f3 d&#8217;aquest, s&#8217;hauria de tornar a pagar l&#8217;euro.<\/p>\n<p>La finalitzaci\u00f3 de la festa i amb aix\u00f2 el tancament de l&#8217;escola ser\u00e0 a les 22.30 h.<\/p>\n<p>Us entregarem el programa complet d&#8217;activitats el dia de recollida de les entrades.<\/p>\n<p>US ESPEREM!!!!<\/p>\n<p><a href=\"https:\/\/agora.xtec.cat\/escolapablopicasso\/wp-content\/uploads\/usu295\/2025\/06\/FESTAMAJOR.png\"><img loading=\"lazy\" decoding=\"async\" class=\"aligncenter size-full wp-image-8424\" src=\"https:\/\/agora.xtec.cat\/escolapablopicasso\/wp-content\/uploads\/usu295\/2025\/06\/FESTAMAJOR.png\" alt=\"\" width=\"578\" height=\"824\" srcset=\"https:\/\/agora.xtec.cat\/escolapablopicasso\/wp-content\/uploads\/usu295\/2025\/06\/FESTAMAJOR.png 578w, https:\/\/agora.xtec.cat\/escolapablopicasso\/wp-content\/uploads\/usu295\/2025\/06\/FESTAMAJOR-210x300.png 210w\" sizes=\"auto, (max-width: 578px) 100vw, 578px\" \/><\/a><\/p>\n<p>&nbsp;<\/p>\n<p><strong>CURS 2023-24<\/strong><\/p>\n<p>Ja ten-im aqu\u00ed la IX Festa major!!! El dia\u00a0<strong>14 de juny<\/strong>\u00a0a la nostra Escola Pablo Picasso de 17,30 a 22.30 h!!\u00a0Una vegada m\u00e9s, L\u2019AFA organitza la NOVENA edici\u00f3 de la Festa Major de l\u2019Escola Pablo Picasso, amb la col\u00b7laboraci\u00f3 de l\u2019Escola, i la participaci\u00f3 de pares, mares i mestres, per acomiadar el curs de la millor manera possible.\u00a0Tindrem jocs, inflables, m\u00fasica, tallers i sopar de germanor.\u00a0Per poder assistir, tots els infants, socis o no, han de portar la seva entrada\/polsera.<\/p>\n<p><strong>COM HO FAREM?\u00a0<\/strong>Els dies 3 i 4 de juny a les 9.10 del mat\u00ed i a les 16.40 de la tarda, tots els socis\/es podreu recollir la vostra entrada gratu\u00efta al porxo del costat del menjador.<\/p>\n<p>( UN COP HAGIN ENTRAT O SORTIT TOTS ELS INFANTS, SEGONS L\u2019HORA DE RECOLLIDA DE LES ENTRADES, PER TAL DE NO COL\u00b7LAPSAR L\u2019ENTRADA O SORTIDA).<\/p>\n<p>Els nens\/es no socis que vulguin assistir (estudiants de prim\u00e0ria), podran adquirir igualment aquests mateixos dies la seva entrada pel preu de 20 \u20ac, per tal de poder participar en totes les activitats. Qualsevol incid\u00e8ncia o incompliment de les normes, es negar\u00e0 l\u2019entrada o es faran fora a les persones corresponents. En el moment de la recollida de les entrades, podreu aprofitar per fer-vos socis\/es pel curs vinent. Tamb\u00e9 podeu comprar la vostra participaci\u00f3 pel sorteig de diferents premis (mini sessi\u00f3 de fotos,vals per consumir al mercat de Barber\u00e0, sessi\u00f3 de perruqueria,consumicions a restaurants\u2026) que es realitzar\u00e0 el mateix dia de la festa.<\/p>\n<p><strong>LES PERSONES QUE NO HAGIN RECOLLIT LA SEVA POLSERA AQUESTS DIES, I HO FACIN FORA DE TERMINI HAURAN DE PAGAR UN C\u00c0RREC DE 2 \u20ac PER POLSERA!!!<\/strong><\/p>\n<p>US HI ESPEREM!!!!<\/p>\n<p><a href=\"https:\/\/agora.xtec.cat\/escolapablopicasso\/wp-content\/uploads\/usu295\/2024\/05\/IX-FESTA-MAJOR.png\"><img loading=\"lazy\" decoding=\"async\" class=\"aligncenter size-full wp-image-7924\" src=\"https:\/\/agora.xtec.cat\/escolapablopicasso\/wp-content\/uploads\/usu295\/2024\/05\/IX-FESTA-MAJOR.png\" sizes=\"auto, (max-width: 519px) 100vw, 519px\" srcset=\"https:\/\/agora.xtec.cat\/escolapablopicasso\/wp-content\/uploads\/usu295\/2024\/05\/IX-FESTA-MAJOR.png 519w, https:\/\/agora.xtec.cat\/escolapablopicasso\/wp-content\/uploads\/usu295\/2024\/05\/IX-FESTA-MAJOR-211x300.png 211w\" alt=\"\" width=\"519\" height=\"737\" \/><\/a><\/p>\n<p>L\u2019escola torna a estar de festa. Ja est\u00e0 aqu\u00ed <strong>la V Festa Major<\/strong>!!!<\/p>\n<p>Aqu\u00ed teniu\u00a0el d\u00edptic amb tots els esdeveniments: t\u00f2mbola, castells inflables (d\u2019aigua tamb\u00e9!), discom\u00f2bil, jocs gegants, taller de maquillatge, de manualitats, de broquetes de llaminadures, masterclass, espectacles, sopar de germanor i moltes coses m\u00e9s.<\/p>\n<p><img loading=\"lazy\" decoding=\"async\" class=\"alignnone wp-image-4209\" src=\"http:\/\/agora.xtec.cat\/escolapablopicasso\/wp-content\/uploads\/usu295\/2018\/06\/EPP_Poster_A-OK_SIN-724x1024.jpg\" alt=\"\" width=\"402\" height=\"568\" srcset=\"https:\/\/agora.xtec.cat\/escolapablopicasso\/wp-content\/uploads\/usu295\/2018\/06\/EPP_Poster_A-OK_SIN-724x1024.jpg 724w, https:\/\/agora.xtec.cat\/escolapablopicasso\/wp-content\/uploads\/usu295\/2018\/06\/EPP_Poster_A-OK_SIN-212x300.jpg 212w, https:\/\/agora.xtec.cat\/escolapablopicasso\/wp-content\/uploads\/usu295\/2018\/06\/EPP_Poster_A-OK_SIN-768x1086.jpg 768w, https:\/\/agora.xtec.cat\/escolapablopicasso\/wp-content\/uploads\/usu295\/2018\/06\/EPP_Poster_A-OK_SIN.jpg 1920w\" sizes=\"auto, (max-width: 402px) 100vw, 402px\" \/><\/p>\n<p style=\"margin: 12px auto 6px auto; font-family: Helvetica,Arial,Sans-serif; font-style: normal; font-variant: normal; font-weight: normal; font-size: 14px; line-height: normal; font-size-adjust: none; font-stretch: normal; -x-system-font: none; display: block;\"><a style=\"text-decoration: underline;\" title=\"View Programa V Festa Major 1 on Scribd\" href=\"https:\/\/www.scribd.com\/document\/381465581\/Programa-V-Festa-Major-1#from_embed\">Programa V Festa Major 1<\/a><\/p>\n<p><iframe loading=\"lazy\" src=\"https:\/\/www.scribd.com\/embeds\/381465581\/content?start_page=1&amp;view_mode=scroll&amp;access_key=key-7N8qKFQ6pEUDOiEALLVJ&amp;show_recommendations=true\" width=\"400\" height=\"600\" frameborder=\"0\" data-auto-height=\"false\" data-aspect-ratio=\"1.414442700156986\"><\/iframe><\/p>\n<p>&nbsp;<\/p>\n<hr \/>\n<p><strong>CURS 2016-2017<\/strong><\/p>\n<p>Aqu\u00ed teniu les fotos de la IV Festa Major:<\/p>\n<p><iframe loading=\"lazy\" title=\"IV Festa Major Escola Pablo Picasso\" width=\"500\" height=\"375\" src=\"https:\/\/www.youtube.com\/embed\/POp5J_zF0yY?feature=oembed\" frameborder=\"0\" allow=\"accelerometer; autoplay; clipboard-write; encrypted-media; gyroscope; picture-in-picture; web-share\" referrerpolicy=\"strict-origin-when-cross-origin\" allowfullscreen><\/iframe><\/p>\n<p><strong>CURS 2015-2016<\/strong><\/p>\n<p>Aqu\u00ed teniu les fotos de la III Festa Major:<\/p>\n<p><iframe loading=\"lazy\" title=\"Festa major 2016\" width=\"500\" height=\"281\" src=\"https:\/\/www.youtube.com\/embed\/gQ3SCZ8_qpM?feature=oembed\" frameborder=\"0\" allow=\"accelerometer; autoplay; clipboard-write; encrypted-media; gyroscope; picture-in-picture; web-share\" referrerpolicy=\"strict-origin-when-cross-origin\" allowfullscreen><\/iframe><\/p>\n<p><strong>CURS 2014-2015<\/strong><\/p>\n<p>Aqu\u00ed teniu les fotos de la II Festa Major:<\/p>\n<p><iframe loading=\"lazy\" src=\"\/\/www.youtube.com\/embed\/2B3J8ULb4-Q\" width=\"425\" height=\"350\"><\/iframe><\/p>\n<p>I aqu\u00ed els v\u00eddeos de 2014-2015:<\/p>\n<p><iframe loading=\"lazy\" src=\"\/\/www.youtube.com\/embed\/iP0MsKx5_Oo\" width=\"425\" height=\"350\"><\/iframe><\/p>\n<p><strong>CURS 2013-2014<\/strong><\/p>\n<p>Aqu\u00ed teniu les fotos de la I Festa Major:<\/p>\n<p>https:\/\/www.youtube.com\/watch?v=6puZu0shxwE<\/p>\n","protected":false},"excerpt":{"rendered":"<p>CURS 2024-25<br \/>\nHola fam\u00edlies!!<br \/>\nJa tenim aqu\u00ed la X Festa major!!!<br \/>\nEl dia 13 de juny a la nostra Escola Pablo Picasso de 17,30 a 22.30 h!!<br \/>\nUna vegada m\u00e9s, L&#8217;AFA organitza la DESENA edici\u00f3 de la Festa Major del Picasso, amb la col\u00b7laboraci\u00f3 de l&#8217;Escola, i la participaci\u00f3&hellip;  <a href=\"https:\/\/agora.xtec.cat\/escolapablopicasso\/festes\/festa-de-lescola-pablo-picasso\/\" title=\"Read Festa Major de l&#8217;Escola Pablo Picasso\">Llegeix m\u00e9s\u00bb<\/a><\/p>\n","protected":false},"author":1,"featured_media":0,"parent":1802,"menu_order":0,"comment_status":"closed","ping_status":"closed","template":"page-templates\/side-menu.php","meta":{"_bbp_topic_count":0,"_bbp_reply_count":0,"_bbp_total_topic_count":0,"_bbp_total_reply_count":0,"_bbp_voice_count":0,"_bbp_anonymous_reply_count":0,"_bbp_topic_count_hidden":0,"_bbp_reply_count_hidden":0,"_bbp_forum_subforum_count":0,"footnotes":""},"class_list":["post-1758","page","type-page","status-publish","hentry"],"post_mailing_queue_ids":[],"_links":{"self":[{"href":"https:\/\/agora.xtec.cat\/escolapablopicasso\/wp-json\/wp\/v2\/pages\/1758","targetHints":{"allow":["GET"]}}],"collection":[{"href":"https:\/\/agora.xtec.cat\/escolapablopicasso\/wp-json\/wp\/v2\/pages"}],"about":[{"href":"https:\/\/agora.xtec.cat\/escolapablopicasso\/wp-json\/wp\/v2\/types\/page"}],"author":[{"embeddable":true,"href":"https:\/\/agora.xtec.cat\/escolapablopicasso\/wp-json\/wp\/v2\/users\/1"}],"replies":[{"embeddable":true,"href":"https:\/\/agora.xtec.cat\/escolapablopicasso\/wp-json\/wp\/v2\/comments?post=1758"}],"version-history":[{"count":6,"href":"https:\/\/agora.xtec.cat\/escolapablopicasso\/wp-json\/wp\/v2\/pages\/1758\/revisions"}],"predecessor-version":[{"id":8425,"href":"https:\/\/agora.xtec.cat\/escolapablopicasso\/wp-json\/wp\/v2\/pages\/1758\/revisions\/8425"}],"up":[{"embeddable":true,"href":"https:\/\/agora.xtec.cat\/escolapablopicasso\/wp-json\/wp\/v2\/pages\/1802"}],"wp:attachment":[{"href":"https:\/\/agora.xtec.cat\/escolapablopicasso\/wp-json\/wp\/v2\/media?parent=1758"}],"curies":[{"name":"wp","href":"https:\/\/api.w.org\/{rel}","templated":true}]}}

<p><strong>CURS 2024-25</strong></p>
<p>Hola famílies!!</p>
<p>Ja tenim aquí la X Festa major!!!</p>
<p>El dia 13 de juny a la nostra Escola Pablo Picasso de 17,30 a 22.30 h!!</p>
<p>Una vegada més, L&#8217;AFA organitza la DESENA edició de la Festa Major del Picasso, amb la col·laboració de l&#8217;Escola, i la participació de pares, mares i mestres, per acomiadar el curs de la millor manera possible.</p>
<p>Tindrem inflables amb aigua i sense, i festa d&#8217;escuma!!!! Aleshores heu de portar banyador i tovallola !!!</p>
<p>També tindrem música, tallers i sopar de germanor .</p>
<p>Per poder assistir, tots els infants, socis o no, han de portar la seva entrada/polsera.</p>
<p>COM HO FAREM?</p>
<p>El dia 4 de juny a les 16.45 de la tarda, i el dia 5 a les 9,15 del matí i 16,45 de la tarda ,tots els socis/es podreu recollir la vostra entrada gratuïta al porxo del costat del menjador.</p>
<p>( UN COP HAGIN ENTRAT O SORTIT TOTS ELS INFANTS, SEGONS L&#8217;HORA DE RECOLLIDA DE LES ENTRADES, PER TAL DE NO COL·LAPSAR L&#8217;ENTRADA O SORTIDA).</p>
<p>Els nens/es no socis que vulguin assistir (estudiants de primària), podran adquirir igualment aquests mateixos dies la seva entrada pel preu de 20 €, per tal de poder participar en totes les activitats. Qualsevol incidència o incompliment de les normes, serà motiu de negar l&#8217;entrada o es faran fora a les persones corresponents.</p>
<p>En el moment de la recollida de les entrades, podreu aprofitar per fer-vos socis/es pel curs vinent .</p>
<p>Preus de socis :</p>
<p>18€ si és un infant,</p>
<p>35€ si són 2 germans .</p>
<p>45 si són 3 germans.</p>
<p>També podeu comprar la vostra participació pel sorteig de diferents premis( vals per consumir al mercat de Barberà, sessió de perruqueria,consumicions a restaurants,xecs de llibreries&#8230;)que es realitzarà el mateix dia de la festa.</p>
<p>LES PERSONES QUE NO HAGIN RECOLLIT LA SEVA POLSERA AQUESTS DIES, I HO FACIN FORA DE TERMINI HAURAN DE PAGAR UN CÀRREC DE 2 € PER POLSERA!!!</p>
<p>El sopar el podeu portar de casa, o també podeu consumir el menjar que vendrem durant la festa (begudes sense alcohol, hot dogs, gofres i més), per part dels membres de l&#8217;AFA.</p>
<p>El sopar es farà a la pista de baix, sense poder fer ús de la pista de dalt per tal de fer germanor, estar tots junts que al final es tracta d&#8217;això, i embrutar el menys possible!</p>
<p>Qui vulgui pot portar taules i cadires.</p>
<p>Entenem que tots som adults, responsables, i volem gaudir de la nostra festa, i amb la col·laboració de tots serà més fàcil. Per això demanem que sigueu responsables a l&#8217;hora de recollir la vostra brossa després de sopar.</p>
<p>Recordeu que és una Festa infantil i escolar, i per tant no es poden consumir begudes alcohòliques.</p>
<p>Aquest any continuarem venen les begudes en gots reutilitzables,si algú vol portar el got de l&#8217;any passat ho pot fer, sinó amb la primera consumició que us donem el got,pagareu 1€ més, i les següents consumicions només pagareu l&#8217;ompliment del got amb la beguda que demaneu!</p>
<p>Cadascú haurà de ser responsable del seu got per no perdre&#8217;l, ja que per fer la reposició d&#8217;aquest, s&#8217;hauria de tornar a pagar l&#8217;euro.</p>
<p>La finalització de la festa i amb això el tancament de l&#8217;escola serà a les 22.30 h.</p>
<p>Us entregarem el programa complet d&#8217;activitats el dia de recollida de les entrades.</p>
<p>US ESPEREM!!!!</p>
<p><a href="https://agora.xtec.cat/escolapablopicasso/wp-content/uploads/usu295/2025/06/FESTAMAJOR.png"><img loading="lazy" decoding="async" class="aligncenter size-full wp-image-8424" src="https://agora.xtec.cat/escolapablopicasso/wp-content/uploads/usu295/2025/06/FESTAMAJOR.png" alt="" width="578" height="824" srcset="https://agora.xtec.cat/escolapablopicasso/wp-content/uploads/usu295/2025/06/FESTAMAJOR.png 578w, https://agora.xtec.cat/escolapablopicasso/wp-content/uploads/usu295/2025/06/FESTAMAJOR-210x300.png 210w" sizes="auto, (max-width: 578px) 100vw, 578px" /></a></p>
<p>&nbsp;</p>
<p><strong>CURS 2023-24</strong></p>
<p>Ja ten-im aquí la IX Festa major!!! El dia <strong>14 de juny</strong> a la nostra Escola Pablo Picasso de 17,30 a 22.30 h!! Una vegada més, L’AFA organitza la NOVENA edició de la Festa Major de l’Escola Pablo Picasso, amb la col·laboració de l’Escola, i la participació de pares, mares i mestres, per acomiadar el curs de la millor manera possible. Tindrem jocs, inflables, música, tallers i sopar de germanor. Per poder assistir, tots els infants, socis o no, han de portar la seva entrada/polsera.</p>
<p><strong>COM HO FAREM? </strong>Els dies 3 i 4 de juny a les 9.10 del matí i a les 16.40 de la tarda, tots els socis/es podreu recollir la vostra entrada gratuïta al porxo del costat del menjador.</p>
<p>( UN COP HAGIN ENTRAT O SORTIT TOTS ELS INFANTS, SEGONS L’HORA DE RECOLLIDA DE LES ENTRADES, PER TAL DE NO COL·LAPSAR L’ENTRADA O SORTIDA).</p>
<p>Els nens/es no socis que vulguin assistir (estudiants de primària), podran adquirir igualment aquests mateixos dies la seva entrada pel preu de 20 €, per tal de poder participar en totes les activitats. Qualsevol incidència o incompliment de les normes, es negarà l’entrada o es faran fora a les persones corresponents. En el moment de la recollida de les entrades, podreu aprofitar per fer-vos socis/es pel curs vinent. També podeu comprar la vostra participació pel sorteig de diferents premis (mini sessió de fotos,vals per consumir al mercat de Barberà, sessió de perruqueria,consumicions a restaurants…) que es realitzarà el mateix dia de la festa.</p>
<p><strong>LES PERSONES QUE NO HAGIN RECOLLIT LA SEVA POLSERA AQUESTS DIES, I HO FACIN FORA DE TERMINI HAURAN DE PAGAR UN CÀRREC DE 2 € PER POLSERA!!!</strong></p>
<p>US HI ESPEREM!!!!</p>
<p><a href="https://agora.xtec.cat/escolapablopicasso/wp-content/uploads/usu295/2024/05/IX-FESTA-MAJOR.png"><img loading="lazy" decoding="async" class="aligncenter size-full wp-image-7924" src="https://agora.xtec.cat/escolapablopicasso/wp-content/uploads/usu295/2024/05/IX-FESTA-MAJOR.png" sizes="auto, (max-width: 519px) 100vw, 519px" srcset="https://agora.xtec.cat/escolapablopicasso/wp-content/uploads/usu295/2024/05/IX-FESTA-MAJOR.png 519w, https://agora.xtec.cat/escolapablopicasso/wp-content/uploads/usu295/2024/05/IX-FESTA-MAJOR-211x300.png 211w" alt="" width="519" height="737" /></a></p>
<p>L’escola torna a estar de festa. Ja està aquí <strong>la V Festa Major</strong>!!!</p>
<p>Aquí teniu el díptic amb tots els esdeveniments: tòmbola, castells inflables (d’aigua també!), discomòbil, jocs gegants, taller de maquillatge, de manualitats, de broquetes de llaminadures, masterclass, espectacles, sopar de germanor i moltes coses més.</p>
<p><img loading="lazy" decoding="async" class="alignnone wp-image-4209" src="http://agora.xtec.cat/escolapablopicasso/wp-content/uploads/usu295/2018/06/EPP_Poster_A-OK_SIN-724x1024.jpg" alt="" width="402" height="568" srcset="https://agora.xtec.cat/escolapablopicasso/wp-content/uploads/usu295/2018/06/EPP_Poster_A-OK_SIN-724x1024.jpg 724w, https://agora.xtec.cat/escolapablopicasso/wp-content/uploads/usu295/2018/06/EPP_Poster_A-OK_SIN-212x300.jpg 212w, https://agora.xtec.cat/escolapablopicasso/wp-content/uploads/usu295/2018/06/EPP_Poster_A-OK_SIN-768x1086.jpg 768w, https://agora.xtec.cat/escolapablopicasso/wp-content/uploads/usu295/2018/06/EPP_Poster_A-OK_SIN.jpg 1920w" sizes="auto, (max-width: 402px) 100vw, 402px" /></p>
<p style="margin: 12px auto 6px auto; font-family: Helvetica,Arial,Sans-serif; font-style: normal; font-variant: normal; font-weight: normal; font-size: 14px; line-height: normal; font-size-adjust: none; font-stretch: normal; -x-system-font: none; display: block;"><a style="text-decoration: underline;" title="View Programa V Festa Major 1 on Scribd" href="https://www.scribd.com/document/381465581/Programa-V-Festa-Major-1#from_embed">Programa V Festa Major 1</a></p>
<p><iframe loading="lazy" src="https://www.scribd.com/embeds/381465581/content?start_page=1&amp;view_mode=scroll&amp;access_key=key-7N8qKFQ6pEUDOiEALLVJ&amp;show_recommendations=true" width="400" height="600" frameborder="0" data-auto-height="false" data-aspect-ratio="1.414442700156986"></iframe></p>
<p>&nbsp;</p>
<hr />
<p><strong>CURS 2016-2017</strong></p>
<p>Aquí teniu les fotos de la IV Festa Major:</p>
<p><iframe loading="lazy" title="IV Festa Major Escola Pablo Picasso" width="500" height="375" src="https://www.youtube.com/embed/POp5J_zF0yY?feature=oembed" frameborder="0" allow="accelerometer; autoplay; clipboard-write; encrypted-media; gyroscope; picture-in-picture; web-share" referrerpolicy="strict-origin-when-cross-origin" allowfullscreen></iframe></p>
<p><strong>CURS 2015-2016</strong></p>
<p>Aquí teniu les fotos de la III Festa Major:</p>
<p><iframe loading="lazy" title="Festa major 2016" width="500" height="281" src="https://www.youtube.com/embed/gQ3SCZ8_qpM?feature=oembed" frameborder="0" allow="accelerometer; autoplay; clipboard-write; encrypted-media; gyroscope; picture-in-picture; web-share" referrerpolicy="strict-origin-when-cross-origin" allowfullscreen></iframe></p>
<p><strong>CURS 2014-2015</strong></p>
<p>Aquí teniu les fotos de la II Festa Major:</p>
<p><iframe loading="lazy" src="//www.youtube.com/embed/2B3J8ULb4-Q" width="425" height="350"></iframe></p>
<p>I aquí els vídeos de 2014-2015:</p>
<p><iframe loading="lazy" src="//www.youtube.com/embed/iP0MsKx5_Oo" width="425" height="350"></iframe></p>
<p><strong>CURS 2013-2014</strong></p>
<p>Aquí teniu les fotos de la I Festa Major:</p>
<p>https://www.youtube.com/watch?v=6puZu0shxwE</p>

<p>CURS 2024-25<br />
Hola famílies!!<br />
Ja tenim aquí la X Festa major!!!<br />
El dia 13 de juny a la nostra Escola Pablo Picasso de 17,30 a 22.30 h!!<br />
Una vegada més, L&#8217;AFA organitza la DESENA edició de la Festa Major del Picasso, amb la col·laboració de l&#8217;Escola, i la participació&hellip;  <a href="https://agora.xtec.cat/escolapablopicasso/festes/festa-de-lescola-pablo-picasso/" title="Read Festa Major de l&#8217;Escola Pablo Picasso">Llegeix més»</a></p>
