{"id":1752,"date":"2015-04-05T01:59:31","date_gmt":"2015-04-05T00:59:31","guid":{"rendered":"http:\/\/agora.xtec.cat\/escolapablopicasso\/?page_id=1752"},"modified":"2025-06-23T12:12:37","modified_gmt":"2025-06-23T10:12:37","slug":"sant-jordi","status":"publish","type":"page","link":"https:\/\/agora.xtec.cat\/escolapablopicasso\/festes\/sant-jordi\/","title":{"rendered":"Setmana Liter\u00e0ria"},"content":{"rendered":"<p style=\"text-align: left;\"><strong>CURS 2024-25<\/strong><\/p>\n<p><a href=\"https:\/\/agora.xtec.cat\/escolapablopicasso\/wp-content\/uploads\/usu295\/2025\/06\/VIII-setmana-literaria.png\"><img loading=\"lazy\" decoding=\"async\" class=\"aligncenter size-full wp-image-8445\" src=\"https:\/\/agora.xtec.cat\/escolapablopicasso\/wp-content\/uploads\/usu295\/2025\/06\/VIII-setmana-literaria.png\" alt=\"\" width=\"1414\" height=\"2000\" srcset=\"https:\/\/agora.xtec.cat\/escolapablopicasso\/wp-content\/uploads\/usu295\/2025\/06\/VIII-setmana-literaria.png 1414w, https:\/\/agora.xtec.cat\/escolapablopicasso\/wp-content\/uploads\/usu295\/2025\/06\/VIII-setmana-literaria-212x300.png 212w, https:\/\/agora.xtec.cat\/escolapablopicasso\/wp-content\/uploads\/usu295\/2025\/06\/VIII-setmana-literaria-724x1024.png 724w, https:\/\/agora.xtec.cat\/escolapablopicasso\/wp-content\/uploads\/usu295\/2025\/06\/VIII-setmana-literaria-768x1086.png 768w, https:\/\/agora.xtec.cat\/escolapablopicasso\/wp-content\/uploads\/usu295\/2025\/06\/VIII-setmana-literaria-1086x1536.png 1086w\" sizes=\"auto, (max-width: 1414px) 100vw, 1414px\" \/><\/a><\/p>\n<p>&nbsp;<\/p>\n<p style=\"text-align: left;\"><strong>CURS 2023-24<\/strong><\/p>\n<p><a href=\"https:\/\/agora.xtec.cat\/escolapablopicasso\/wp-content\/uploads\/usu295\/2025\/02\/Poster-Universidad-Alumnos-Nuevos-Ilustracion-Jungla-Verde.jpg\"><img loading=\"lazy\" decoding=\"async\" class=\"aligncenter size-full wp-image-8267\" src=\"https:\/\/agora.xtec.cat\/escolapablopicasso\/wp-content\/uploads\/usu295\/2025\/02\/Poster-Universidad-Alumnos-Nuevos-Ilustracion-Jungla-Verde.jpg\" alt=\"\" width=\"1587\" height=\"2245\" srcset=\"https:\/\/agora.xtec.cat\/escolapablopicasso\/wp-content\/uploads\/usu295\/2025\/02\/Poster-Universidad-Alumnos-Nuevos-Ilustracion-Jungla-Verde.jpg 1587w, https:\/\/agora.xtec.cat\/escolapablopicasso\/wp-content\/uploads\/usu295\/2025\/02\/Poster-Universidad-Alumnos-Nuevos-Ilustracion-Jungla-Verde-212x300.jpg 212w, https:\/\/agora.xtec.cat\/escolapablopicasso\/wp-content\/uploads\/usu295\/2025\/02\/Poster-Universidad-Alumnos-Nuevos-Ilustracion-Jungla-Verde-724x1024.jpg 724w, https:\/\/agora.xtec.cat\/escolapablopicasso\/wp-content\/uploads\/usu295\/2025\/02\/Poster-Universidad-Alumnos-Nuevos-Ilustracion-Jungla-Verde-768x1086.jpg 768w, https:\/\/agora.xtec.cat\/escolapablopicasso\/wp-content\/uploads\/usu295\/2025\/02\/Poster-Universidad-Alumnos-Nuevos-Ilustracion-Jungla-Verde-1086x1536.jpg 1086w, https:\/\/agora.xtec.cat\/escolapablopicasso\/wp-content\/uploads\/usu295\/2025\/02\/Poster-Universidad-Alumnos-Nuevos-Ilustracion-Jungla-Verde-1448x2048.jpg 1448w\" sizes=\"auto, (max-width: 1587px) 100vw, 1587px\" \/><\/a><\/p>\n<p>&nbsp;<\/p>\n<p style=\"text-align: left;\"><strong>CURS 2022-23<\/strong><\/p>\n<p>Atenci\u00f3, atenci\u00f3!!!!<\/p>\n<p>Del 17 al 21 d\u2019abril, la nostra escola gaudir\u00e0 de la VI Setmana Liter\u00e0ria amb tallers, teatre, trobades entre padrins i fillols i molt\u00edssimes activitats!!!!<\/p>\n<p>M\u00e9s informaci\u00f3 pr\u00f2ximament!!<\/p>\n<p><a href=\"https:\/\/agora.xtec.cat\/escolapablopicasso\/wp-content\/uploads\/usu295\/2023\/04\/VI-SETMANA-LITERARIA.png\"><img loading=\"lazy\" decoding=\"async\" class=\"aligncenter size-large wp-image-7317\" src=\"https:\/\/agora.xtec.cat\/escolapablopicasso\/wp-content\/uploads\/usu295\/2023\/04\/VI-SETMANA-LITERARIA-724x1024.png\" sizes=\"auto, (max-width: 724px) 100vw, 724px\" srcset=\"https:\/\/agora.xtec.cat\/escolapablopicasso\/wp-content\/uploads\/usu295\/2023\/04\/VI-SETMANA-LITERARIA-724x1024.png 724w, https:\/\/agora.xtec.cat\/escolapablopicasso\/wp-content\/uploads\/usu295\/2023\/04\/VI-SETMANA-LITERARIA-212x300.png 212w, https:\/\/agora.xtec.cat\/escolapablopicasso\/wp-content\/uploads\/usu295\/2023\/04\/VI-SETMANA-LITERARIA-768x1086.png 768w, https:\/\/agora.xtec.cat\/escolapablopicasso\/wp-content\/uploads\/usu295\/2023\/04\/VI-SETMANA-LITERARIA-1086x1536.png 1086w, https:\/\/agora.xtec.cat\/escolapablopicasso\/wp-content\/uploads\/usu295\/2023\/04\/VI-SETMANA-LITERARIA.png 1414w\" alt=\"\" width=\"724\" height=\"1024\" \/><\/a><\/p>\n<p style=\"text-align: left;\"><strong>CURS 2021-2022<\/strong><\/p>\n<p><a href=\"https:\/\/agora.xtec.cat\/escolapablopicasso\/wp-content\/uploads\/usu295\/2025\/02\/definitiu-V-SETMANA-LITERARIA.jpg\"><img loading=\"lazy\" decoding=\"async\" class=\"aligncenter size-full wp-image-8269\" src=\"https:\/\/agora.xtec.cat\/escolapablopicasso\/wp-content\/uploads\/usu295\/2025\/02\/definitiu-V-SETMANA-LITERARIA.jpg\" alt=\"\" width=\"1414\" height=\"2000\" srcset=\"https:\/\/agora.xtec.cat\/escolapablopicasso\/wp-content\/uploads\/usu295\/2025\/02\/definitiu-V-SETMANA-LITERARIA.jpg 1414w, https:\/\/agora.xtec.cat\/escolapablopicasso\/wp-content\/uploads\/usu295\/2025\/02\/definitiu-V-SETMANA-LITERARIA-212x300.jpg 212w, https:\/\/agora.xtec.cat\/escolapablopicasso\/wp-content\/uploads\/usu295\/2025\/02\/definitiu-V-SETMANA-LITERARIA-724x1024.jpg 724w, https:\/\/agora.xtec.cat\/escolapablopicasso\/wp-content\/uploads\/usu295\/2025\/02\/definitiu-V-SETMANA-LITERARIA-768x1086.jpg 768w, https:\/\/agora.xtec.cat\/escolapablopicasso\/wp-content\/uploads\/usu295\/2025\/02\/definitiu-V-SETMANA-LITERARIA-1086x1536.jpg 1086w\" sizes=\"auto, (max-width: 1414px) 100vw, 1414px\" \/><\/a><\/p>\n<p style=\"text-align: left;\"><strong>CURS 2020-2021<\/strong><\/p>\n<p><a href=\"https:\/\/agora.xtec.cat\/escolapablopicasso\/wp-content\/uploads\/usu295\/2025\/02\/IV-Setmana-Literaria.jpg\"><img loading=\"lazy\" decoding=\"async\" class=\"aligncenter size-full wp-image-8268\" src=\"https:\/\/agora.xtec.cat\/escolapablopicasso\/wp-content\/uploads\/usu295\/2025\/02\/IV-Setmana-Literaria.jpg\" alt=\"\" width=\"1587\" height=\"2245\" srcset=\"https:\/\/agora.xtec.cat\/escolapablopicasso\/wp-content\/uploads\/usu295\/2025\/02\/IV-Setmana-Literaria.jpg 1587w, https:\/\/agora.xtec.cat\/escolapablopicasso\/wp-content\/uploads\/usu295\/2025\/02\/IV-Setmana-Literaria-212x300.jpg 212w, https:\/\/agora.xtec.cat\/escolapablopicasso\/wp-content\/uploads\/usu295\/2025\/02\/IV-Setmana-Literaria-724x1024.jpg 724w, https:\/\/agora.xtec.cat\/escolapablopicasso\/wp-content\/uploads\/usu295\/2025\/02\/IV-Setmana-Literaria-768x1086.jpg 768w, https:\/\/agora.xtec.cat\/escolapablopicasso\/wp-content\/uploads\/usu295\/2025\/02\/IV-Setmana-Literaria-1086x1536.jpg 1086w, https:\/\/agora.xtec.cat\/escolapablopicasso\/wp-content\/uploads\/usu295\/2025\/02\/IV-Setmana-Literaria-1448x2048.jpg 1448w\" sizes=\"auto, (max-width: 1587px) 100vw, 1587px\" \/><\/a><\/p>\n<p style=\"text-align: left;\"><strong>CURS 2019-2020<\/strong><\/p>\n<p><span style=\"font-family: Arial, sans-serif;\"><span style=\"font-size: small;\">Celebrem la nostra <\/span><\/span><span style=\"font-family: Arial, sans-serif;\"><span style=\"font-size: small;\"><u><b>III SETMANA LITER\u00c0RIA!!<\/b><\/u><\/span><\/span><\/p>\n<p align=\"JUSTIFY\"><span style=\"font-family: Arial, sans-serif;\"><span style=\"font-size: small;\">Ja sabeu que, als voltants de la festa de Sant Jordi celebrem una setmana sencera dedicada a la vesant m\u00e9s est\u00e8tica de la llengua. Fem activitats de lectura, creaci\u00f3 i representaci\u00f3 de contes, titelles, poemes, rodolins&#8230; Tot all\u00f2 que ens inspira a llegir i escriure.<\/span><\/span><\/p>\n<p align=\"JUSTIFY\"><span style=\"font-family: Arial, sans-serif;\"><span style=\"font-size: small;\">Aquest any la situaci\u00f3 \u00e9s una mica diferent. Tothom est\u00e0 a casa. Per\u00f2 volem mantenir aquesta part del tarann\u00e0 habitual de l\u2019escola, aix\u00ed que les feines que rebreu seran totes en aquest sentit. <\/span><\/span><\/p>\n<p align=\"JUSTIFY\"><span style=\"font-family: Arial, sans-serif;\"><span style=\"font-size: small;\">Hi ha un moviment que corre per les xarxes socials i al que ens hi volem afegir. Es tracta de <\/span><\/span><span style=\"font-family: Arial, sans-serif;\"><span style=\"font-size: small;\"><b>fer una rosa per penjar al balc\u00f3 o la finestra de casa<\/b><\/span><\/span><span style=\"font-family: Arial, sans-serif;\"><span style=\"font-size: small;\">. Pot ser de qualsevol t\u00e8cnica i material. Si feu una foto de la vostra rosa i l\u2019envieu al correu de l\u2019escola, la penjarem al nostre balc\u00f3 que, en aquests moments, \u00e9s la web del Pablo Picasso.<\/span><\/span><\/p>\n<p align=\"JUSTIFY\"><img decoding=\"async\" class=\"aligncenter\" src=\"https:\/\/media.timeout.com\/images\/105635997\/630\/472\/image.jpg\" alt=\"Es crea la web per enviar roses a domicili per Sant Jordi\" \/><\/p>\n<p>&nbsp;<\/p>\n<p style=\"text-align: center;\">********************<\/p>\n<p>&nbsp;<\/p>\n<p><strong>(Infantil i Prim\u00e0ria)<\/strong><\/p>\n<p><span style=\"font-weight: 400;\">Comen\u00e7a la III Setmana Liter\u00e0ria!!! Una setmana per gaudir d&#8217;un bon llibre, per con\u00e8ixer diferents autors, per fer rodolins, endevinalles, poemes, contes&#8230; <\/span><\/p>\n<p><span style=\"font-weight: 400;\">Per\u00f2 coneixeu la Llegenda de Sant Jordi??? Per internet hi ha moltes versions. A continuaci\u00f3 us proposem aquestes:\u00a0<\/span><\/p>\n<p><iframe loading=\"lazy\" src=\"\/\/www.youtube.com\/embed\/detf2kH7PY0\" width=\"560\" height=\"314\" data-mce-fragment=\"1\"><\/iframe><\/p>\n<p><iframe loading=\"lazy\" src=\"\/\/www.youtube.com\/embed\/alOao4XYN3k\" width=\"560\" height=\"314\" data-mce-fragment=\"1\"><\/iframe><\/p>\n<p><iframe loading=\"lazy\" src=\"\/\/www.youtube.com\/embed\/Y3H_Qe4gqpM\" width=\"560\" height=\"314\" data-mce-fragment=\"1\"><\/iframe><\/p>\n<p><iframe loading=\"lazy\" src=\"\/\/www.youtube.com\/embed\/WmQbznWDWkM\" width=\"560\" height=\"314\" data-mce-fragment=\"1\"><\/iframe><\/p>\n<p><iframe loading=\"lazy\" src=\"\/\/www.youtube.com\/embed\/WXM3Nw_tJ1E\" width=\"560\" height=\"314\" data-mce-fragment=\"1\"><\/iframe><\/p>\n<p><iframe loading=\"lazy\" src=\"\/\/www.youtube.com\/embed\/544R0q5DFOU\" width=\"560\" height=\"314\" data-mce-fragment=\"1\"><\/iframe><\/p>\n<p>&nbsp;<\/p>\n<p style=\"text-align: center;\">********************<\/p>\n<p>&nbsp;<\/p>\n<p><strong>(Infantil i Prim\u00e0ria)<\/strong><\/p>\n<p>Ja comencen a arribar-nos roses per guarnir el nostre balc\u00f3 virtual!!! Sou genials!!<\/p>\n<p><iframe loading=\"lazy\" src=\"\/\/www.youtube.com\/embed\/2FRgg88uJSc\" width=\"560\" height=\"314\" data-mce-fragment=\"1\"><\/iframe><\/p>\n<p><iframe loading=\"lazy\" src=\"\/\/www.youtube.com\/embed\/jFW_8QJ3mjc\" width=\"560\" height=\"314\" data-mce-fragment=\"1\"><\/iframe><\/p>\n<p><iframe loading=\"lazy\" src=\"\/\/www.youtube.com\/embed\/pyVRubDCICU\" width=\"560\" height=\"314\" data-mce-fragment=\"1\"><\/iframe><\/p>\n<p><iframe loading=\"lazy\" src=\"\/\/www.youtube.com\/embed\/KQmm9j87sok\" width=\"560\" height=\"314\" data-mce-fragment=\"1\"><\/iframe><\/p>\n<p><iframe loading=\"lazy\" src=\"\/\/www.youtube.com\/embed\/3cCLMmLr7So\" width=\"560\" height=\"314\" data-mce-fragment=\"1\"><\/iframe><\/p>\n<p><iframe loading=\"lazy\" src=\"\/\/www.youtube.com\/embed\/UJX_Skm77Uo\" width=\"560\" height=\"314\" data-mce-fragment=\"1\"><\/iframe><\/p>\n<p>&nbsp;<\/p>\n<p style=\"text-align: center;\">********************<\/p>\n<p>&nbsp;<\/p>\n<p><strong>(Infantil i Prim\u00e0ria)<\/strong><\/p>\n<p><span style=\"font-weight: 400;\">Benvolgudes fam\u00edlies,<\/span><\/p>\n<p><span style=\"font-weight: 400;\">Des de l\u00b4aula de m\u00fasica s\u00b4ha pensat portar a terme una activitat a nivell d\u00b4escola associada a Sant jordi a trav\u00e9s del treball d\u00b4una can\u00e7\u00f3 que es diu \u201c ESCRIUREM\u201d del cantant Miki Nu\u00f1ez.\u00a0\u00a0<\/span><\/p>\n<p><span style=\"font-weight: 400;\">\u00c9s una can\u00e7\u00f3 molt bonica i emotiva que estaria b\u00e9 que tota l\u00b4escola, mestres i fam\u00edlies la poguessin cantar per tal de donar un al\u00e8 positiu, optimista i de for\u00e7a a aquesta dura realitat\u00a0 per la qual estem passant.\u00a0<\/span><\/p>\n<p><span style=\"font-weight: 400;\">La m\u00fasica \u00e9s un llenguatge universal i m\u00e9s que mai ha de servir per tal d\u00b4enfortir i enriquir el nostre interior tant a nivell f\u00edsic i emocional per tal d\u00b4ajudar-nos a que ens poguem sentir m\u00e9s propers els uns als altres malgrat hi hagi una dist\u00e0ncia f\u00edsica social del tot necess\u00e0ria per poder fer front a aquesta dura situaci\u00f3.\u00a0<\/span><\/p>\n<p><span style=\"font-weight: 400;\">Hi ha una dita que diu: Qui canta els seus mals espanta!!! I ara m\u00e9s que mai \u00e9s quan segur que molts de vosaltres ja sigui sols o amb les vostres fam\u00edlies us heu posat a cantar o ballar junts, com us heu sentit? Doncs aquesta \u00e9s una bona reflexi\u00f3 en temps de confinament com els que estem vivint on la m\u00fasica ens d\u00f3na impuls i\u00a0 nutreix les emocions.<\/span><\/p>\n<p><span style=\"font-weight: 400;\">Per tant en relaci\u00f3 a la can\u00e7\u00f3 proposada \u201c ESCRIUREM\u201d\u00a0 us animo a practicar i aprendre aquesta can\u00e7\u00f3 de Miki Nu\u00f1ez\u00a0 i fer un dibuix sobre el contingut de la mateixa, \u00e9s a dir, el significat que t\u00e9 per vosaltres.<\/span><\/p>\n<p><span style=\"font-weight: 400;\">L\u00b4enlla\u00e7 de la can\u00e7\u00f3 \u00e9s el seg\u00fcent: \u00a0 <\/span><\/p>\n<p><iframe loading=\"lazy\" src=\"\/\/www.youtube.com\/embed\/_Qzt_CMaCcU?feature=youtu\" width=\"560\" height=\"314\" data-mce-fragment=\"1\"><\/iframe><\/p>\n<p><span style=\"font-weight: 400;\">Cal destacar que el retorn d\u00b4aquesta activitat el podeu fer a l\u00b4 email de m\u00fasica\u00a0 que han donat les tutores quan us posen els deures a nivell setmanal.<\/span><\/p>\n<p><span style=\"font-weight: 400;\">Espero que us agradi la can\u00e7\u00f3 proposada i la pogueu gaudir molt!!!<\/span><\/p>\n<p><span style=\"font-weight: 400;\">Una forta abra\u00e7ada i petonets de la Dolors de m\u00fasica!!!!<\/span><\/p>\n<p>&nbsp;<\/p>\n<p>&nbsp;<\/p>\n<p style=\"text-align: center;\">********************<\/p>\n<p>&nbsp;<\/p>\n<p><strong>(P5)<\/strong><\/p>\n<p>Els nens i les nenes de la classe de les serps han fet un conte molt especial!!<\/p>\n<p>\u00c9s una edici\u00f3 \u00fanica i feta amb moooolt amor!!<\/p>\n<p>BONA DIADA DE SANT JORDI<\/p>\n<p><iframe loading=\"lazy\" src=\"\/\/www.youtube.com\/embed\/MuKDR765i0w\" width=\"560\" height=\"314\" data-mce-fragment=\"1\"><\/iframe><\/p>\n<p>&nbsp;<\/p>\n<p style=\"text-align: center;\">********************<\/p>\n<p>&nbsp;<\/p>\n<p><strong>(1r i 2n)<\/strong><\/p>\n<p>Durant la III Setmana Liter\u00e0ria i des de l&#8217;\u00e0rea d&#8217;Angl\u00e8s, s&#8217;ha proposat als nens i nenes de 1r i 2n fer <strong>POEMS<\/strong>.<\/p>\n<p>Sembla dif\u00edcil, per\u00f2 amb una t\u00e8cnica secreta, hem pogut aconseguir fer uns poemes amb rima genials!!!<\/p>\n<p>Tenim poemes sobre <strong>TRANSPORTS<\/strong>, <strong>ANIMALS<\/strong>, <strong>TOYS<\/strong>&#8230;<\/p>\n<p>Aqu\u00ed teniu un recull:<\/p>\n<p><iframe loading=\"lazy\" src=\"\/\/www.youtube.com\/embed\/oHJwQRcQsU4\" width=\"560\" height=\"314\" data-mce-fragment=\"1\"><\/iframe><\/p>\n<p><iframe loading=\"lazy\" src=\"\/\/www.youtube.com\/embed\/EcucRTJTge0\" width=\"560\" height=\"314\" data-mce-fragment=\"1\"><\/iframe><\/p>\n<p><iframe loading=\"lazy\" src=\"\/\/www.youtube.com\/embed\/3HX77MOsM1E\" width=\"560\" height=\"314\" data-mce-fragment=\"1\"><\/iframe><\/p>\n<p><iframe loading=\"lazy\" src=\"\/\/www.youtube.com\/embed\/FDOBTekdpKY\" width=\"560\" height=\"314\" data-mce-fragment=\"1\"><\/iframe><\/p>\n<p><iframe loading=\"lazy\" src=\"\/\/www.youtube.com\/embed\/QmdHxMUGGSE\" width=\"560\" height=\"314\" data-mce-fragment=\"1\"><\/iframe><\/p>\n<p>&nbsp;<\/p>\n<p style=\"text-align: center;\">********************<\/p>\n<p>&nbsp;<\/p>\n<p lang=\"zxx\" align=\"left\"><strong>(P4 i P5)<\/strong><\/p>\n<p lang=\"zxx\" align=\"left\">Durant la III Setmana Liter\u00e0ria i des de l&#8217;\u00e0rea d&#8217;angl\u00e8s, s&#8217;ha proposat als nens i nenes de P4 i P5 con\u00e8ixer l&#8217;obra d&#8217;<strong>ERIC CARLE<\/strong>.<\/p>\n<p lang=\"zxx\" align=\"left\"><img decoding=\"async\" class=\"aligncenter\" src=\"https:\/\/es.babelio.com\/users\/AVT_Eric-Carle_6722.jpg\" alt=\"Eric Carle (autor de La peque\u00f1a oruga glotona) - Babelio\" \/><\/p>\n<p lang=\"zxx\" align=\"left\">Eric Carle (Nova York, 25 de juny de 1939) \u00e9s un escriptor i il\u00b7lustrador de llibres infantils. Ha il\u00b7lustrat m\u00e9s de setanta llibres, i venut 88 milions de c\u00f2pies. Carle posseeix una t\u00e8cnica molt reconeixible, que podria definir-se com &#8220;collage impressionista&#8221; amb les figures gaireb\u00e9 sempre retallades sobre fons blanc.<\/p>\n<p lang=\"zxx\" align=\"left\">Els seus contes m\u00e9s famosos s\u00f3n:<\/p>\n<p lang=\"zxx\" align=\"left\"><img decoding=\"async\" class=\"aligncenter\" src=\"https:\/\/cf.shopee.sg\/file\/947cbb76d8c560ff930f3dc25bb07673\" alt=\"Eric carle paperback picture books suitable for kids age 2+ ...\" \/><\/p>\n<p lang=\"zxx\" align=\"left\">Despr\u00e9s de gaudir d&#8217;algunes de les seves hist\u00f2ries (en angl\u00e8s) hem proposat als nens i nenes de P4 i P5 fer un &#8220;ERIC CARLE&#8217;S MURAL&#8221; amb dibuixos i\/o manualitats dels personatges m\u00e9s famosos dels seus contes.<\/p>\n<p lang=\"zxx\" align=\"left\">Aqu\u00ed teniu un recull:<\/p>\n<p lang=\"zxx\" align=\"left\"><iframe loading=\"lazy\" src=\"\/\/www.youtube.com\/embed\/NhKZ948rVlc\" width=\"560\" height=\"314\" data-mce-fragment=\"1\"><\/iframe><\/p>\n<p lang=\"zxx\" align=\"left\"><iframe loading=\"lazy\" src=\"\/\/www.youtube.com\/embed\/XTm7LCVQ-sA\" width=\"560\" height=\"314\" data-mce-fragment=\"1\"><\/iframe><\/p>\n<p lang=\"zxx\" style=\"text-align: center;\" align=\"left\">********************<\/p>\n<p><strong>(5\u00e8 i 6\u00e8)<\/strong><\/p>\n<p>Els\/les alumnes de Cicle Superior han treballat de valent durant la III Setmana Liter\u00e0ria!!<\/p>\n<p>Han fet una auca, un cal\u00b7ligrama, una hist\u00f2ria de Sant Jordi confinat, i fins i tot poesia revelada!!<\/p>\n<p>A continuaci\u00f3 us ensenyem una petita mostra&#8230; Mireu quins resultats m\u00e9s guays!!<\/p>\n<p><iframe loading=\"lazy\" src=\"\/\/www.youtube.com\/embed\/zqp7EfnWkEA\" width=\"560\" height=\"314\" data-mce-fragment=\"1\"><\/iframe><\/p>\n<p>&nbsp;<\/p>\n<p style=\"text-align: center;\">********************<\/p>\n<p><b>(P3 i 6\u00e8)<\/b><\/p>\n<p><b>EXPLIQUEM CONTES ALS FILLOLS\/FILLOLES<\/b><\/p>\n<p><span style=\"font-weight: 400;\">Com ja \u00e9s tradici\u00f3 a l\u2019escola, durant la Setmana Liter\u00e0ria els alumnes de 6\u00e8 expliquen contes als seus fillos\/es! <\/span><\/p>\n<p><span style=\"font-weight: 400;\">I aquest any, encara que a\u00a0 dist\u00e0ncia, els nens i nenes de P3 han rebut els seus contes! <\/span><\/p>\n<p><span style=\"font-weight: 400;\">Gr\u00e0cies padrins per fer aquest gran esfor\u00e7!<\/span><\/p>\n<p><iframe loading=\"lazy\" src=\"\/\/www.youtube.com\/embed\/woObgOpM76o?feature=youtu\" width=\"560\" height=\"314\" data-mce-fragment=\"1\"><\/iframe><\/p>\n<p><iframe loading=\"lazy\" src=\"\/\/www.youtube.com\/embed\/v8LnifMK_tA\" width=\"560\" height=\"314\" data-mce-fragment=\"1\"><\/iframe><\/p>\n<p>&nbsp;<\/p>\n<p style=\"text-align: center;\">********************<\/p>\n<p>&nbsp;<\/p>\n<p><strong>(4t)<\/strong><\/p>\n<p>Un dels actes importants de la III Setmana Liter\u00e0ria (confinada) va ser treballar l&#8217;Auca de Sant Jordi, el cavaller valent i llegendari.<\/p>\n<p>Us convidem a veure el resultat. Passareu una bona estona!! Mireu mireu!!!<\/p>\n<p>Gr\u00e0cies a totes les persones que ho heu fet possible..<\/p>\n<p><iframe loading=\"lazy\" src=\"\/\/www.youtube.com\/embed\/vjqCC2dH90k\" width=\"560\" height=\"314\" data-mce-fragment=\"1\"><\/iframe><\/p>\n<p>&nbsp;<\/p>\n","protected":false},"excerpt":{"rendered":"<p>CURS 2024-25<br \/>\n<a href=\"https:\/\/agora.xtec.cat\/escolapablopicasso\/wp-content\/uploads\/usu295\/2025\/06\/VIII-setmana-literaria.png\"><\/a><br \/>\n&nbsp;<br \/>\nCURS 2023-24<br \/>\n<a href=\"https:\/\/agora.xtec.cat\/escolapablopicasso\/wp-content\/uploads\/usu295\/2025\/02\/Poster-Universidad-Alumnos-Nuevos-Ilustracion-Jungla-Verde.jpg\"><\/a><br \/>\n&nbsp;<br \/>\nCURS 2022-23<br \/>\nAtenci\u00f3, atenci\u00f3!!!!<br \/>\nDel 17 al 21 d\u2019abril, la nostra escola gaudir\u00e0 de la VI Setmana Liter\u00e0ria amb tallers, teatre, trobades entre padrins i fillols i molt\u00edssimes activitats!!!!<br \/>\nM\u00e9s informaci\u00f3 pr\u00f2ximament!!<br \/>\n<a href=\"https:\/\/agora.xtec.cat\/escolapablopicasso\/wp-content\/uploads\/usu295\/2023\/04\/VI-SETMANA-LITERARIA.png\"><\/a><br \/>\nCURS 2021-2022<br \/>\n<a href=\"https:\/\/agora.xtec.cat\/escolapablopicasso\/wp-content\/uploads\/usu295\/2025\/02\/definitiu-V-SETMANA-LITERARIA.jpg\"><\/a><br \/>\nCURS 2020-2021<br \/>\n<a href=\"https:\/\/agora.xtec.cat\/escolapablopicasso\/wp-content\/uploads\/usu295\/2025\/02\/IV-Setmana-Literaria.jpg\"><\/a><br \/>\nCURS 2019-2020<br \/>\nCelebrem la nostra III SETMANA LITER\u00c0RIA!!<br \/>\nJa sabeu&hellip;  <a href=\"https:\/\/agora.xtec.cat\/escolapablopicasso\/festes\/sant-jordi\/\" title=\"Read Setmana Liter\u00e0ria\">Llegeix m\u00e9s\u00bb<\/a><\/p>\n","protected":false},"author":1,"featured_media":0,"parent":1802,"menu_order":0,"comment_status":"closed","ping_status":"closed","template":"page-templates\/side-menu.php","meta":{"_bbp_topic_count":0,"_bbp_reply_count":0,"_bbp_total_topic_count":0,"_bbp_total_reply_count":0,"_bbp_voice_count":0,"_bbp_anonymous_reply_count":0,"_bbp_topic_count_hidden":0,"_bbp_reply_count_hidden":0,"_bbp_forum_subforum_count":0,"footnotes":""},"class_list":["post-1752","page","type-page","status-publish","hentry"],"post_mailing_queue_ids":[],"_links":{"self":[{"href":"https:\/\/agora.xtec.cat\/escolapablopicasso\/wp-json\/wp\/v2\/pages\/1752","targetHints":{"allow":["GET"]}}],"collection":[{"href":"https:\/\/agora.xtec.cat\/escolapablopicasso\/wp-json\/wp\/v2\/pages"}],"about":[{"href":"https:\/\/agora.xtec.cat\/escolapablopicasso\/wp-json\/wp\/v2\/types\/page"}],"author":[{"embeddable":true,"href":"https:\/\/agora.xtec.cat\/escolapablopicasso\/wp-json\/wp\/v2\/users\/1"}],"replies":[{"embeddable":true,"href":"https:\/\/agora.xtec.cat\/escolapablopicasso\/wp-json\/wp\/v2\/comments?post=1752"}],"version-history":[{"count":6,"href":"https:\/\/agora.xtec.cat\/escolapablopicasso\/wp-json\/wp\/v2\/pages\/1752\/revisions"}],"predecessor-version":[{"id":8446,"href":"https:\/\/agora.xtec.cat\/escolapablopicasso\/wp-json\/wp\/v2\/pages\/1752\/revisions\/8446"}],"up":[{"embeddable":true,"href":"https:\/\/agora.xtec.cat\/escolapablopicasso\/wp-json\/wp\/v2\/pages\/1802"}],"wp:attachment":[{"href":"https:\/\/agora.xtec.cat\/escolapablopicasso\/wp-json\/wp\/v2\/media?parent=1752"}],"curies":[{"name":"wp","href":"https:\/\/api.w.org\/{rel}","templated":true}]}}