{"id":1709,"date":"2015-04-05T00:03:59","date_gmt":"2015-04-04T23:03:59","guid":{"rendered":"http:\/\/agora.xtec.cat\/escolapablopicasso\/?page_id=1709"},"modified":"2025-09-09T21:29:40","modified_gmt":"2025-09-09T19:29:40","slug":"qui-som","status":"publish","type":"page","link":"https:\/\/agora.xtec.cat\/escolapablopicasso\/lescola\/qui-som\/","title":{"rendered":"Qui som"},"content":{"rendered":"<p style=\"text-align: left;\"><img loading=\"lazy\" decoding=\"async\" class=\"aligncenter\" src=\"https:\/\/mytcr8tiv.files.wordpress.com\/2014\/05\/colored-pencils-pencils-22186558-1600-1200.jpg\" alt=\"\" width=\"270\" height=\"203\" \/><\/p>\n<p>&nbsp;<\/p>\n<p style=\"text-align: left;\"><strong>CURS 2025-2026<\/strong><\/p>\n<table style=\"height: 1640px; width: 68.3421%;\">\n<tbody>\n<tr>\n<td style=\"width: 219.619%;\" colspan=\"2\"><a href=\"https:\/\/agora.xtec.cat\/escolapablopicasso\/lescola\/qui-som\/equip-directiu\/\"><strong>Equip directiu (dossier professional)<\/strong><\/a><\/td>\n<\/tr>\n<tr>\n<td style=\"width: 29.5739%;\">Directora<\/td>\n<td style=\"width: 190.045%;\">Olga Egea<\/td>\n<\/tr>\n<tr>\n<td style=\"width: 29.5739%;\">Cap d&#8217;Estudis<\/td>\n<td style=\"width: 190.045%;\">Mar Herrero<\/td>\n<\/tr>\n<tr>\n<td style=\"width: 29.5739%;\">Secret\u00e0ria<\/td>\n<td style=\"width: 190.045%;\">Yolanda Rodriguez<\/td>\n<\/tr>\n<tr>\n<td style=\"width: 219.619%;\" colspan=\"2\"><strong>Educaci\u00f3 Infantil<\/strong><\/td>\n<\/tr>\n<tr>\n<td style=\"width: 29.5739%;\">I3<\/td>\n<td style=\"width: 190.045%;\">Am\u00e0lia Arabia<\/td>\n<\/tr>\n<tr>\n<td style=\"width: 29.5739%;\">I4<\/td>\n<td style=\"width: 190.045%;\">Arantxa Guardiola<\/td>\n<\/tr>\n<tr>\n<td style=\"width: 29.5739%;\">I5<\/td>\n<td style=\"width: 190.045%;\">Marta Balagu\u00e9<\/td>\n<\/tr>\n<tr>\n<td style=\"width: 29.5739%;\">TEEI (t\u00e8cnica d\u2019E.I.)<\/td>\n<td style=\"width: 190.045%;\">Maribel Montolio<\/td>\n<\/tr>\n<tr>\n<td style=\"width: 219.619%;\" colspan=\"2\"><strong>Educaci\u00f3 Prim\u00e0ria<\/strong><\/td>\n<\/tr>\n<tr>\n<td style=\"width: 29.5739%;\">Cicle Inicial 1r<\/td>\n<td style=\"width: 190.045%;\">Montse Lorca (subst. Sonia R.)<\/td>\n<\/tr>\n<tr>\n<td style=\"width: 29.5739%;\">Cicle Inicial 2n<\/td>\n<td style=\"width: 190.045%;\">Remei Hurtado<\/td>\n<\/tr>\n<tr>\n<td style=\"width: 29.5739%;\">Cicle Mitj\u00e0 3r<\/td>\n<td style=\"width: 190.045%;\">Maribel Villagrasa<\/td>\n<\/tr>\n<tr>\n<td style=\"width: 29.5739%;\">Cicle Mitj\u00e0 4t<\/td>\n<td style=\"width: 190.045%;\">Merc\u00e8 Ca\u00f1ada<\/td>\n<\/tr>\n<tr>\n<td style=\"width: 29.5739%;\">Cicle Superior 5\u00e8<\/td>\n<td style=\"width: 190.045%;\">Montse Rodriguez \/ Cristina Albella<\/td>\n<\/tr>\n<tr>\n<td style=\"width: 29.5739%;\">Cicle Superior 6\u00e8A<\/td>\n<td style=\"width: 190.045%;\">Sarai Delgado<\/td>\n<\/tr>\n<tr>\n<td style=\"width: 29.5739%;\">Cicle Superior 6\u00e8B<\/td>\n<td style=\"width: 190.045%;\">H\u00e9ctor Castillo (subst. Neus G.)<\/td>\n<\/tr>\n<tr>\n<td style=\"width: 219.619%;\" colspan=\"2\"><strong>Especialistes<\/strong><\/td>\n<\/tr>\n<tr>\n<td style=\"width: 29.5739%;\">Llengua Anglesa<\/td>\n<td style=\"width: 190.045%;\">Sarai Delgado i \u00c0ngels Moreno<\/td>\n<\/tr>\n<tr>\n<td style=\"width: 29.5739%;\">Educaci\u00f3 F\u00edsica<\/td>\n<td style=\"width: 190.045%;\">Txema Fern\u00e1ndez<\/td>\n<\/tr>\n<tr>\n<td style=\"width: 29.5739%;\">M\u00fasica<\/td>\n<td style=\"width: 190.045%;\">Dolors Luj\u00e1n<\/td>\n<\/tr>\n<tr>\n<td style=\"width: 29.5739%;\">Educaci\u00f3 Inclusiva<\/td>\n<td style=\"width: 190.045%;\">Isabel Estor<\/td>\n<\/tr>\n<\/tbody>\n<\/table>\n<p><strong>Personal d\u2019altres serveis:<\/strong><br \/>\n-Psicopedagoga de l\u2019EAP: Pilar de la Cueva<\/p>\n<p>-Logopeda del CREDAV: \u00c0ngels de Bunes<\/p>\n<p>-PCTEI: Esther Hern\u00e1ndez<\/p>\n<p>-Administrativa: Nani Retamero<\/p>\n<p>-Consergeria: Al\u00edcia L\u00f3pez (Rosa Llorens) i D\u00e9bora Arredondo (Pepi Bravo)<\/p>\n<p>-Vetlladora: Montse Ayll\u00f3n<\/p>\n","protected":false},"excerpt":{"rendered":"<p>&nbsp;<br \/>\nCURS 2025-2026<\/p>\n<p><a href=\"https:\/\/agora.xtec.cat\/escolapablopicasso\/lescola\/qui-som\/equip-directiu\/\">Equip directiu (dossier professional)<\/a><\/p>\n<p>Directora<br \/>\nOlga Egea<\/p>\n<p>Cap d&#8217;Estudis<br \/>\nMar Herrero<\/p>\n<p>Secret\u00e0ria<br \/>\nYolanda Rodriguez<\/p>\n<p>Educaci\u00f3 Infantil<\/p>\n<p>I3<br \/>\nAm\u00e0lia Arabia<\/p>\n<p>I4<br \/>\nArantxa Guardiola<\/p>\n<p>I5<br \/>\nMarta Balagu\u00e9<\/p>\n<p>TEEI (t\u00e8cnica d\u2019E.I.)<br \/>\nMaribel Montolio<\/p>\n<p>Educaci\u00f3 Prim\u00e0ria<\/p>\n<p>Cicle Inicial 1r<br \/>\nMontse Lorca (subst. Sonia R.)<\/p>\n<p>Cicle Inicial 2n<br \/>\nRemei Hurtado<\/p>\n<p>Cicle Mitj\u00e0 3r<br \/>\nMaribel Villagrasa<\/p>\n<p>Cicle Mitj\u00e0 4t<br \/>\nMerc\u00e8 Ca\u00f1ada<\/p>\n<p>Cicle Superior 5\u00e8<br \/>\nMontse Rodriguez \/ Cristina Albella<\/p>\n<p>Cicle Superior 6\u00e8A<br \/>\nSarai Delgado<\/p>\n<p>Cicle Superior 6\u00e8B<br \/>\nH\u00e9ctor Castillo&hellip;  <a href=\"https:\/\/agora.xtec.cat\/escolapablopicasso\/lescola\/qui-som\/\" title=\"Read Qui som\">Llegeix m\u00e9s\u00bb<\/a><\/p>\n","protected":false},"author":1,"featured_media":0,"parent":22,"menu_order":3,"comment_status":"closed","ping_status":"closed","template":"page-templates\/side-menu.php","meta":{"_bbp_topic_count":0,"_bbp_reply_count":0,"_bbp_total_topic_count":0,"_bbp_total_reply_count":0,"_bbp_voice_count":0,"_bbp_anonymous_reply_count":0,"_bbp_topic_count_hidden":0,"_bbp_reply_count_hidden":0,"_bbp_forum_subforum_count":0,"footnotes":""},"class_list":["post-1709","page","type-page","status-publish","hentry"],"post_mailing_queue_ids":[],"_links":{"self":[{"href":"https:\/\/agora.xtec.cat\/escolapablopicasso\/wp-json\/wp\/v2\/pages\/1709","targetHints":{"allow":["GET"]}}],"collection":[{"href":"https:\/\/agora.xtec.cat\/escolapablopicasso\/wp-json\/wp\/v2\/pages"}],"about":[{"href":"https:\/\/agora.xtec.cat\/escolapablopicasso\/wp-json\/wp\/v2\/types\/page"}],"author":[{"embeddable":true,"href":"https:\/\/agora.xtec.cat\/escolapablopicasso\/wp-json\/wp\/v2\/users\/1"}],"replies":[{"embeddable":true,"href":"https:\/\/agora.xtec.cat\/escolapablopicasso\/wp-json\/wp\/v2\/comments?post=1709"}],"version-history":[{"count":7,"href":"https:\/\/agora.xtec.cat\/escolapablopicasso\/wp-json\/wp\/v2\/pages\/1709\/revisions"}],"predecessor-version":[{"id":8482,"href":"https:\/\/agora.xtec.cat\/escolapablopicasso\/wp-json\/wp\/v2\/pages\/1709\/revisions\/8482"}],"up":[{"embeddable":true,"href":"https:\/\/agora.xtec.cat\/escolapablopicasso\/wp-json\/wp\/v2\/pages\/22"}],"wp:attachment":[{"href":"https:\/\/agora.xtec.cat\/escolapablopicasso\/wp-json\/wp\/v2\/media?parent=1709"}],"curies":[{"name":"wp","href":"https:\/\/api.w.org\/{rel}","templated":true}]}}

<p style="text-align: left;"><img loading="lazy" decoding="async" class="aligncenter" src="https://mytcr8tiv.files.wordpress.com/2014/05/colored-pencils-pencils-22186558-1600-1200.jpg" alt="" width="270" height="203" /></p>
<p>&nbsp;</p>
<p style="text-align: left;"><strong>CURS 2025-2026</strong></p>
<table style="height: 1640px; width: 68.3421%;">
<tbody>
<tr>
<td style="width: 219.619%;" colspan="2"><a href="https://agora.xtec.cat/escolapablopicasso/lescola/qui-som/equip-directiu/"><strong>Equip directiu (dossier professional)</strong></a></td>
</tr>
<tr>
<td style="width: 29.5739%;">Directora</td>
<td style="width: 190.045%;">Olga Egea</td>
</tr>
<tr>
<td style="width: 29.5739%;">Cap d&#8217;Estudis</td>
<td style="width: 190.045%;">Mar Herrero</td>
</tr>
<tr>
<td style="width: 29.5739%;">Secretària</td>
<td style="width: 190.045%;">Yolanda Rodriguez</td>
</tr>
<tr>
<td style="width: 219.619%;" colspan="2"><strong>Educació Infantil</strong></td>
</tr>
<tr>
<td style="width: 29.5739%;">I3</td>
<td style="width: 190.045%;">Amàlia Arabia</td>
</tr>
<tr>
<td style="width: 29.5739%;">I4</td>
<td style="width: 190.045%;">Arantxa Guardiola</td>
</tr>
<tr>
<td style="width: 29.5739%;">I5</td>
<td style="width: 190.045%;">Marta Balagué</td>
</tr>
<tr>
<td style="width: 29.5739%;">TEEI (tècnica d’E.I.)</td>
<td style="width: 190.045%;">Maribel Montolio</td>
</tr>
<tr>
<td style="width: 219.619%;" colspan="2"><strong>Educació Primària</strong></td>
</tr>
<tr>
<td style="width: 29.5739%;">Cicle Inicial 1r</td>
<td style="width: 190.045%;">Montse Lorca (subst. Sonia R.)</td>
</tr>
<tr>
<td style="width: 29.5739%;">Cicle Inicial 2n</td>
<td style="width: 190.045%;">Remei Hurtado</td>
</tr>
<tr>
<td style="width: 29.5739%;">Cicle Mitjà 3r</td>
<td style="width: 190.045%;">Maribel Villagrasa</td>
</tr>
<tr>
<td style="width: 29.5739%;">Cicle Mitjà 4t</td>
<td style="width: 190.045%;">Mercè Cañada</td>
</tr>
<tr>
<td style="width: 29.5739%;">Cicle Superior 5è</td>
<td style="width: 190.045%;">Montse Rodriguez / Cristina Albella</td>
</tr>
<tr>
<td style="width: 29.5739%;">Cicle Superior 6èA</td>
<td style="width: 190.045%;">Sarai Delgado</td>
</tr>
<tr>
<td style="width: 29.5739%;">Cicle Superior 6èB</td>
<td style="width: 190.045%;">Héctor Castillo (subst. Neus G.)</td>
</tr>
<tr>
<td style="width: 219.619%;" colspan="2"><strong>Especialistes</strong></td>
</tr>
<tr>
<td style="width: 29.5739%;">Llengua Anglesa</td>
<td style="width: 190.045%;">Sarai Delgado i Àngels Moreno</td>
</tr>
<tr>
<td style="width: 29.5739%;">Educació Física</td>
<td style="width: 190.045%;">Txema Fernández</td>
</tr>
<tr>
<td style="width: 29.5739%;">Música</td>
<td style="width: 190.045%;">Dolors Luján</td>
</tr>
<tr>
<td style="width: 29.5739%;">Educació Inclusiva</td>
<td style="width: 190.045%;">Isabel Estor</td>
</tr>
</tbody>
</table>
<p><strong>Personal d’altres serveis:</strong><br />
-Psicopedagoga de l’EAP: Pilar de la Cueva</p>
<p>-Logopeda del CREDAV: Àngels de Bunes</p>
<p>-PCTEI: Esther Hernández</p>
<p>-Administrativa: Nani Retamero</p>
<p>-Consergeria: Alícia López (Rosa Llorens) i Débora Arredondo (Pepi Bravo)</p>
<p>-Vetlladora: Montse Ayllón</p>

<p>&nbsp;<br />
CURS 2025-2026</p>
<p><a href="https://agora.xtec.cat/escolapablopicasso/lescola/qui-som/equip-directiu/">Equip directiu (dossier professional)</a></p>
<p>Directora<br />
Olga Egea</p>
<p>Cap d&#8217;Estudis<br />
Mar Herrero</p>
<p>Secretària<br />
Yolanda Rodriguez</p>
<p>Educació Infantil</p>
<p>I3<br />
Amàlia Arabia</p>
<p>I4<br />
Arantxa Guardiola</p>
<p>I5<br />
Marta Balagué</p>
<p>TEEI (tècnica d’E.I.)<br />
Maribel Montolio</p>
<p>Educació Primària</p>
<p>Cicle Inicial 1r<br />
Montse Lorca (subst. Sonia R.)</p>
<p>Cicle Inicial 2n<br />
Remei Hurtado</p>
<p>Cicle Mitjà 3r<br />
Maribel Villagrasa</p>
<p>Cicle Mitjà 4t<br />
Mercè Cañada</p>
<p>Cicle Superior 5è<br />
Montse Rodriguez / Cristina Albella</p>
<p>Cicle Superior 6èA<br />
Sarai Delgado</p>
<p>Cicle Superior 6èB<br />
Héctor Castillo&hellip;  <a href="https://agora.xtec.cat/escolapablopicasso/lescola/qui-som/" title="Read Qui som">Llegeix més»</a></p>
