{"id":9459,"date":"2024-09-27T15:29:42","date_gmt":"2024-09-27T13:29:42","guid":{"rendered":"https:\/\/agora.xtec.cat\/escolaolivar\/?page_id=9459"},"modified":"2024-09-27T16:41:48","modified_gmt":"2024-09-27T14:41:48","slug":"el-raco-de-les-families","status":"publish","type":"page","link":"https:\/\/agora.xtec.cat\/escolaolivar\/projecte-educatiu\/el-raco-de-les-families\/","title":{"rendered":"El rac\u00f3 de les fam\u00edlies"},"content":{"rendered":"<p>Benvolgudes fam\u00edlies,<\/p>\n<p>aquest espai aglutina tota aquella informaci\u00f3 referent al nou curr\u00edculum de l&#8217;educaci\u00f3 b\u00e0sica DECRET 175\/2022, de 27 de setembre. Aqu\u00ed podeu consultar els documents de centre que concreten els criteris d&#8217;avaluaci\u00f3 i els sabers d&#8217;acord amb la normativa vigent.<\/p>\n<p><a href=\"https:\/\/drive.google.com\/file\/d\/1vmNELTqu3lVpUiVNFZfCCVL-KRD3RTFa\/view?usp=sharing\">Criteris d&#8217;avaluaci\u00f3 EP Llengua Catalana i Castellana<\/a><\/p>\n<p><a href=\"https:\/\/drive.google.com\/file\/d\/1sqMFI1xkdzX20s38YXLXBWynnWiAgdV2\/view?usp=sharing\">Criteris d&#8217;avaluaci\u00f3 EP Matem\u00e0tiques<\/a><\/p>\n<p><a href=\"https:\/\/drive.google.com\/file\/d\/1WfU19qECrYgLBT_Yd0e_lwkrGv02Fq_t\/view?usp=sharing\">Sabers EP Llengua Catalana i Castellana<\/a><\/p>\n<p><a href=\"https:\/\/drive.google.com\/file\/d\/1M1cE7zefoepOPAkUoLQorTIXQGf4IBCv\/view?usp=sharing\">Sabers EP Matem\u00e0tiques<\/a><\/p>\n<p><a href=\"https:\/\/drive.google.com\/drive\/folders\/1u99piTYPvWu1vp7mfMZliSVQ-ZW4-YNO?usp=sharing\">Com treballem les matem\u00e0tiques<\/a><\/p>\n","protected":false},"excerpt":{"rendered":"<p>Benvolgudes fam\u00edlies, aquest espai aglutina tota aquella informaci\u00f3 referent al nou curr\u00edculum de l&#8217;educaci\u00f3 b\u00e0sica DECRET 175\/2022, de 27 de setembre. Aqu\u00ed podeu consultar els documents de centre que concreten els criteris d&#8217;avaluaci\u00f3 i els sabers d&#8217;acord amb la normativa vigent. Criteris d&#8217;avaluaci\u00f3 EP Llengua Catalana i Castellana Criteris d&#8217;avaluaci\u00f3 EP Matem\u00e0tiques Sabers EP Llengua [&hellip;]<\/p>\n","protected":false},"author":10,"featured_media":0,"parent":64,"menu_order":0,"comment_status":"closed","ping_status":"closed","template":"","meta":{"_bbp_topic_count":0,"_bbp_reply_count":0,"_bbp_total_topic_count":0,"_bbp_total_reply_count":0,"_bbp_voice_count":0,"_bbp_anonymous_reply_count":0,"_bbp_topic_count_hidden":0,"_bbp_reply_count_hidden":0,"_bbp_forum_subforum_count":0,"site-sidebar-layout":"default","site-content-layout":"","ast-site-content-layout":"","site-content-style":"default","site-sidebar-style":"default","ast-global-header-display":"","ast-banner-title-visibility":"","ast-main-header-display":"","ast-hfb-above-header-display":"","ast-hfb-below-header-display":"","ast-hfb-mobile-header-display":"","site-post-title":"","ast-breadcrumbs-content":"","ast-featured-img":"","footer-sml-layout":"","theme-transparent-header-meta":"","adv-header-id-meta":"","stick-header-meta":"","header-above-stick-meta":"","header-main-stick-meta":"","header-below-stick-meta":"","astra-migrate-meta-layouts":"default","ast-page-background-enabled":"default","ast-page-background-meta":{"desktop":{"background-color":"var(--ast-global-color-4)","background-image":"","background-repeat":"repeat","background-position":"center center","background-size":"auto","background-attachment":"scroll","background-type":"","background-media":"","overlay-type":"","overlay-color":"","overlay-opacity":"","overlay-gradient":""},"tablet":{"background-color":"","background-image":"","background-repeat":"repeat","background-position":"center center","background-size":"auto","background-attachment":"scroll","background-type":"","background-media":"","overlay-type":"","overlay-color":"","overlay-opacity":"","overlay-gradient":""},"mobile":{"background-color":"","background-image":"","background-repeat":"repeat","background-position":"center center","background-size":"auto","background-attachment":"scroll","background-type":"","background-media":"","overlay-type":"","overlay-color":"","overlay-opacity":"","overlay-gradient":""}},"ast-content-background-meta":{"desktop":{"background-color":"var(--ast-global-color-5)","background-image":"","background-repeat":"repeat","background-position":"center center","background-size":"auto","background-attachment":"scroll","background-type":"","background-media":"","overlay-type":"","overlay-color":"","overlay-opacity":"","overlay-gradient":""},"tablet":{"background-color":"var(--ast-global-color-5)","background-image":"","background-repeat":"repeat","background-position":"center center","background-size":"auto","background-attachment":"scroll","background-type":"","background-media":"","overlay-type":"","overlay-color":"","overlay-opacity":"","overlay-gradient":""},"mobile":{"background-color":"var(--ast-global-color-5)","background-image":"","background-repeat":"repeat","background-position":"center center","background-size":"auto","background-attachment":"scroll","background-type":"","background-media":"","overlay-type":"","overlay-color":"","overlay-opacity":"","overlay-gradient":""}},"footnotes":""},"class_list":["post-9459","page","type-page","status-publish","hentry"],"post_mailing_queue_ids":[],"_links":{"self":[{"href":"https:\/\/agora.xtec.cat\/escolaolivar\/wp-json\/wp\/v2\/pages\/9459","targetHints":{"allow":["GET"]}}],"collection":[{"href":"https:\/\/agora.xtec.cat\/escolaolivar\/wp-json\/wp\/v2\/pages"}],"about":[{"href":"https:\/\/agora.xtec.cat\/escolaolivar\/wp-json\/wp\/v2\/types\/page"}],"author":[{"embeddable":true,"href":"https:\/\/agora.xtec.cat\/escolaolivar\/wp-json\/wp\/v2\/users\/10"}],"replies":[{"embeddable":true,"href":"https:\/\/agora.xtec.cat\/escolaolivar\/wp-json\/wp\/v2\/comments?post=9459"}],"version-history":[{"count":4,"href":"https:\/\/agora.xtec.cat\/escolaolivar\/wp-json\/wp\/v2\/pages\/9459\/revisions"}],"predecessor-version":[{"id":9469,"href":"https:\/\/agora.xtec.cat\/escolaolivar\/wp-json\/wp\/v2\/pages\/9459\/revisions\/9469"}],"up":[{"embeddable":true,"href":"https:\/\/agora.xtec.cat\/escolaolivar\/wp-json\/wp\/v2\/pages\/64"}],"wp:attachment":[{"href":"https:\/\/agora.xtec.cat\/escolaolivar\/wp-json\/wp\/v2\/media?parent=9459"}],"curies":[{"name":"wp","href":"https:\/\/api.w.org\/{rel}","templated":true}]}}