{"id":922,"date":"2016-02-26T17:08:20","date_gmt":"2016-02-26T16:08:20","guid":{"rendered":"http:\/\/agora.xtec.cat\/escolaolivar\/?page_id=922"},"modified":"2016-02-26T17:08:20","modified_gmt":"2016-02-26T16:08:20","slug":"documents-de-centre","status":"publish","type":"page","link":"https:\/\/agora.xtec.cat\/escolaolivar\/documents-de-centre\/","title":{"rendered":"Documents de Centre"},"content":{"rendered":"<p style=\"text-align: justify;\">\nLa Llei 12\/2009, de 10 de juliol, d\u2019educaci\u00f3 i el seu desplegament normatiu (Decret 102\/2010, de 3 d\u2019agost d\u2019autonomia dels centres educatius, Decret 155\/2010, de 2 de novembre, de la direcci\u00f3 dels centres educatius p\u00fablics i del personal directiu professional docent i el Decret 39\/2014, de 25 de mar\u00e7, pel qual es regulen els procediments per definir el perfil i la provisi\u00f3 dels llocs de treball docents) situen la presa de decisions en el centre educatiu com a element nuclear del sistema educatiu.<\/p>\n<p style=\"text-align: justify;\">\nL\u2019exercici de l\u2019autonomia per part dels centres, requereix d\u2019instruments operatius que permetin l\u2019organitzaci\u00f3 i la gesti\u00f3 del centre per assolir els objectius definits en el projecte educatiu i retre comptes davant la comunitat i l\u2019administraci\u00f3 educatives.<\/p>\n<p style=\"text-align: justify;\">\nLa legislaci\u00f3 vigent preveu que tots els centres elaborin els seus documents de gesti\u00f3 com a eines eficaces que els han de permetre un exercici responsable d\u2019autonomia reconeguda.<\/p>\n<p style=\"text-align: justify;\">\nAquests documents s\u00f3n els projecte educatiu, les normes d\u2019organitzaci\u00f3 i funcionament, el projecte de direcci\u00f3 vigent, la programaci\u00f3 general i la mem\u00f2ria anuals.<\/p>\n","protected":false},"excerpt":{"rendered":"<p>La Llei 12\/2009, de 10 de juliol, d\u2019educaci\u00f3 i el seu desplegament normatiu (Decret 102\/2010, de 3 d\u2019agost d\u2019autonomia dels centres educatius, Decret 155\/2010, de 2 de novembre, de la direcci\u00f3 dels centres educatius p\u00fablics i del personal directiu professional docent i el Decret 39\/2014, de 25 de mar\u00e7, pel qual es regulen els procediments [&hellip;]<\/p>\n","protected":false},"author":1,"featured_media":0,"parent":0,"menu_order":0,"comment_status":"closed","ping_status":"closed","template":"","meta":{"_bbp_topic_count":0,"_bbp_reply_count":0,"_bbp_total_topic_count":0,"_bbp_total_reply_count":0,"_bbp_voice_count":0,"_bbp_anonymous_reply_count":0,"_bbp_topic_count_hidden":0,"_bbp_reply_count_hidden":0,"_bbp_forum_subforum_count":0,"site-sidebar-layout":"default","site-content-layout":"","ast-site-content-layout":"","site-content-style":"default","site-sidebar-style":"default","ast-global-header-display":"","ast-banner-title-visibility":"","ast-main-header-display":"","ast-hfb-above-header-display":"","ast-hfb-below-header-display":"","ast-hfb-mobile-header-display":"","site-post-title":"","ast-breadcrumbs-content":"","ast-featured-img":"","footer-sml-layout":"","theme-transparent-header-meta":"","adv-header-id-meta":"","stick-header-meta":"","header-above-stick-meta":"","header-main-stick-meta":"","header-below-stick-meta":"","astra-migrate-meta-layouts":"default","ast-page-background-enabled":"default","ast-page-background-meta":{"desktop":{"background-color":"var(--ast-global-color-4)","background-image":"","background-repeat":"repeat","background-position":"center center","background-size":"auto","background-attachment":"scroll","background-type":"","background-media":"","overlay-type":"","overlay-color":"","overlay-opacity":"","overlay-gradient":""},"tablet":{"background-color":"","background-image":"","background-repeat":"repeat","background-position":"center center","background-size":"auto","background-attachment":"scroll","background-type":"","background-media":"","overlay-type":"","overlay-color":"","overlay-opacity":"","overlay-gradient":""},"mobile":{"background-color":"","background-image":"","background-repeat":"repeat","background-position":"center center","background-size":"auto","background-attachment":"scroll","background-type":"","background-media":"","overlay-type":"","overlay-color":"","overlay-opacity":"","overlay-gradient":""}},"ast-content-background-meta":{"desktop":{"background-color":"var(--ast-global-color-5)","background-image":"","background-repeat":"repeat","background-position":"center center","background-size":"auto","background-attachment":"scroll","background-type":"","background-media":"","overlay-type":"","overlay-color":"","overlay-opacity":"","overlay-gradient":""},"tablet":{"background-color":"var(--ast-global-color-5)","background-image":"","background-repeat":"repeat","background-position":"center center","background-size":"auto","background-attachment":"scroll","background-type":"","background-media":"","overlay-type":"","overlay-color":"","overlay-opacity":"","overlay-gradient":""},"mobile":{"background-color":"var(--ast-global-color-5)","background-image":"","background-repeat":"repeat","background-position":"center center","background-size":"auto","background-attachment":"scroll","background-type":"","background-media":"","overlay-type":"","overlay-color":"","overlay-opacity":"","overlay-gradient":""}},"footnotes":""},"class_list":["post-922","page","type-page","status-publish","hentry"],"post_mailing_queue_ids":[],"_links":{"self":[{"href":"https:\/\/agora.xtec.cat\/escolaolivar\/wp-json\/wp\/v2\/pages\/922","targetHints":{"allow":["GET"]}}],"collection":[{"href":"https:\/\/agora.xtec.cat\/escolaolivar\/wp-json\/wp\/v2\/pages"}],"about":[{"href":"https:\/\/agora.xtec.cat\/escolaolivar\/wp-json\/wp\/v2\/types\/page"}],"author":[{"embeddable":true,"href":"https:\/\/agora.xtec.cat\/escolaolivar\/wp-json\/wp\/v2\/users\/1"}],"replies":[{"embeddable":true,"href":"https:\/\/agora.xtec.cat\/escolaolivar\/wp-json\/wp\/v2\/comments?post=922"}],"version-history":[{"count":1,"href":"https:\/\/agora.xtec.cat\/escolaolivar\/wp-json\/wp\/v2\/pages\/922\/revisions"}],"predecessor-version":[{"id":923,"href":"https:\/\/agora.xtec.cat\/escolaolivar\/wp-json\/wp\/v2\/pages\/922\/revisions\/923"}],"wp:attachment":[{"href":"https:\/\/agora.xtec.cat\/escolaolivar\/wp-json\/wp\/v2\/media?parent=922"}],"curies":[{"name":"wp","href":"https:\/\/api.w.org\/{rel}","templated":true}]}}