{"id":665,"date":"2016-02-08T12:46:38","date_gmt":"2016-02-08T11:46:38","guid":{"rendered":"http:\/\/agora.xtec.cat\/escolaolivar\/?page_id=665"},"modified":"2016-02-25T13:04:38","modified_gmt":"2016-02-25T12:04:38","slug":"biblioteca","status":"publish","type":"page","link":"https:\/\/agora.xtec.cat\/escolaolivar\/serveis\/biblioteca\/","title":{"rendered":"Biblioteca"},"content":{"rendered":"<h4><\/h4>\n<h4><a href=\"http:\/\/agora.xtec.cat\/escolaolivar\/wp-content\/uploads\/usu159\/2016\/02\/BIBLIOTECA.jpg\"><img loading=\"lazy\" decoding=\"async\" class=\"  wp-image-798 alignleft\" src=\"http:\/\/agora.xtec.cat\/escolaolivar\/wp-content\/uploads\/usu159\/2016\/02\/BIBLIOTECA.jpg\" alt=\"\" width=\"254\" height=\"169\" srcset=\"https:\/\/agora.xtec.cat\/escolaolivar\/wp-content\/uploads\/usu159\/2016\/02\/BIBLIOTECA.jpg 635w, https:\/\/agora.xtec.cat\/escolaolivar\/wp-content\/uploads\/usu159\/2016\/02\/BIBLIOTECA-300x199.jpg 300w\" sizes=\"auto, (max-width: 254px) 100vw, 254px\" \/><\/a><\/h4>\n<h4>La nostra biblioteca ja t\u00e9 nom:<\/h4>\n<h4><strong>LA CAMBRA DELS SOMNIS.<\/strong><\/h4>\n<p style=\"text-align: justify;\">Aquest nom tan bonic l\u2019hem escollit entre tots els qui formem part de l\u2019escola. Volem agrair des d\u2019aqu\u00ed la gran participaci\u00f3 de totes les fam\u00edlies que heu col\u00b7laborat en la tria d\u2019aquest nom.<img loading=\"lazy\" decoding=\"async\" class=\"  wp-image-827 alignright\" src=\"http:\/\/agora.xtec.cat\/escolaolivar\/wp-content\/uploads\/usu159\/2016\/02\/atrapasomnis.jpg\" alt=\"atrapasomnis\" width=\"169\" height=\"254\" srcset=\"https:\/\/agora.xtec.cat\/escolaolivar\/wp-content\/uploads\/usu159\/2016\/02\/atrapasomnis.jpg 426w, https:\/\/agora.xtec.cat\/escolaolivar\/wp-content\/uploads\/usu159\/2016\/02\/atrapasomnis-200x300.jpg 200w\" sizes=\"auto, (max-width: 169px) 100vw, 169px\" \/><\/p>\n<p style=\"text-align: justify;\">Ara que ja tenim nom, volem decorar l\u2019espai tamb\u00e9 entre tots i que cada familia pugui aportar un element decoratiu a la nostra biblioteca. Us hem proposat de fer <strong>atrapasomnis <\/strong>per poder-los penjar del sostre i donar un ambient acollidor; aix\u00ed quan entrarem a la biblioteca, ser\u00e1\u00a0 talment com entrar dins d\u2019un somni, com ben b\u00e9 el seu nom ens diu.<\/p>\n<p style=\"text-align: justify;\">Moltes gr\u00e0cies a tots i molt aviat us convidarem a entrar a la nostra <strong>cambra dels somnis<\/strong>!!!<\/p>\n<h4><\/h4>\n<h4><span style=\"color: #ff6600;\"><strong><a style=\"color: #ff6600;\" href=\"https:\/\/aplicacions.gestioeducativa.gencat.cat\/epergam\/web\/biblioteca.jsp?codi=08063862\">Acc\u00e9s al cat\u00e0leg<\/a><\/strong><\/span><\/h4>\n<p>&nbsp;<\/p>\n<p>&nbsp;<\/p>\n","protected":false},"excerpt":{"rendered":"<p>La nostra biblioteca ja t\u00e9 nom: LA CAMBRA DELS SOMNIS. Aquest nom tan bonic l\u2019hem escollit entre tots els qui formem part de l\u2019escola. Volem agrair des d\u2019aqu\u00ed la gran participaci\u00f3 de totes les fam\u00edlies que heu col\u00b7laborat en la tria d\u2019aquest nom. Ara que ja tenim nom, volem decorar l\u2019espai tamb\u00e9 entre tots i [&hellip;]<\/p>\n","protected":false},"author":1,"featured_media":0,"parent":66,"menu_order":0,"comment_status":"closed","ping_status":"closed","template":"","meta":{"_bbp_topic_count":0,"_bbp_reply_count":0,"_bbp_total_topic_count":0,"_bbp_total_reply_count":0,"_bbp_voice_count":0,"_bbp_anonymous_reply_count":0,"_bbp_topic_count_hidden":0,"_bbp_reply_count_hidden":0,"_bbp_forum_subforum_count":0,"site-sidebar-layout":"default","site-content-layout":"","ast-site-content-layout":"","site-content-style":"default","site-sidebar-style":"default","ast-global-header-display":"","ast-banner-title-visibility":"","ast-main-header-display":"","ast-hfb-above-header-display":"","ast-hfb-below-header-display":"","ast-hfb-mobile-header-display":"","site-post-title":"","ast-breadcrumbs-content":"","ast-featured-img":"","footer-sml-layout":"","theme-transparent-header-meta":"","adv-header-id-meta":"","stick-header-meta":"","header-above-stick-meta":"","header-main-stick-meta":"","header-below-stick-meta":"","astra-migrate-meta-layouts":"default","ast-page-background-enabled":"default","ast-page-background-meta":{"desktop":{"background-color":"var(--ast-global-color-4)","background-image":"","background-repeat":"repeat","background-position":"center center","background-size":"auto","background-attachment":"scroll","background-type":"","background-media":"","overlay-type":"","overlay-color":"","overlay-opacity":"","overlay-gradient":""},"tablet":{"background-color":"","background-image":"","background-repeat":"repeat","background-position":"center center","background-size":"auto","background-attachment":"scroll","background-type":"","background-media":"","overlay-type":"","overlay-color":"","overlay-opacity":"","overlay-gradient":""},"mobile":{"background-color":"","background-image":"","background-repeat":"repeat","background-position":"center center","background-size":"auto","background-attachment":"scroll","background-type":"","background-media":"","overlay-type":"","overlay-color":"","overlay-opacity":"","overlay-gradient":""}},"ast-content-background-meta":{"desktop":{"background-color":"var(--ast-global-color-5)","background-image":"","background-repeat":"repeat","background-position":"center center","background-size":"auto","background-attachment":"scroll","background-type":"","background-media":"","overlay-type":"","overlay-color":"","overlay-opacity":"","overlay-gradient":""},"tablet":{"background-color":"var(--ast-global-color-5)","background-image":"","background-repeat":"repeat","background-position":"center center","background-size":"auto","background-attachment":"scroll","background-type":"","background-media":"","overlay-type":"","overlay-color":"","overlay-opacity":"","overlay-gradient":""},"mobile":{"background-color":"var(--ast-global-color-5)","background-image":"","background-repeat":"repeat","background-position":"center center","background-size":"auto","background-attachment":"scroll","background-type":"","background-media":"","overlay-type":"","overlay-color":"","overlay-opacity":"","overlay-gradient":""}},"footnotes":""},"class_list":["post-665","page","type-page","status-publish","hentry"],"post_mailing_queue_ids":[],"_links":{"self":[{"href":"https:\/\/agora.xtec.cat\/escolaolivar\/wp-json\/wp\/v2\/pages\/665","targetHints":{"allow":["GET"]}}],"collection":[{"href":"https:\/\/agora.xtec.cat\/escolaolivar\/wp-json\/wp\/v2\/pages"}],"about":[{"href":"https:\/\/agora.xtec.cat\/escolaolivar\/wp-json\/wp\/v2\/types\/page"}],"author":[{"embeddable":true,"href":"https:\/\/agora.xtec.cat\/escolaolivar\/wp-json\/wp\/v2\/users\/1"}],"replies":[{"embeddable":true,"href":"https:\/\/agora.xtec.cat\/escolaolivar\/wp-json\/wp\/v2\/comments?post=665"}],"version-history":[{"count":3,"href":"https:\/\/agora.xtec.cat\/escolaolivar\/wp-json\/wp\/v2\/pages\/665\/revisions"}],"predecessor-version":[{"id":829,"href":"https:\/\/agora.xtec.cat\/escolaolivar\/wp-json\/wp\/v2\/pages\/665\/revisions\/829"}],"up":[{"embeddable":true,"href":"https:\/\/agora.xtec.cat\/escolaolivar\/wp-json\/wp\/v2\/pages\/66"}],"wp:attachment":[{"href":"https:\/\/agora.xtec.cat\/escolaolivar\/wp-json\/wp\/v2\/media?parent=665"}],"curies":[{"name":"wp","href":"https:\/\/api.w.org\/{rel}","templated":true}]}}