{"id":9911,"date":"2014-12-09T21:41:50","date_gmt":"2014-12-09T21:41:50","guid":{"rendered":"http:\/\/escolanova.cat\/?page_id=9911"},"modified":"2024-11-19T12:41:01","modified_gmt":"2024-11-19T11:41:01","slug":"educacio-emocional","status":"publish","type":"page","link":"https:\/\/agora.xtec.cat\/escolanova\/educacio-emocional\/","title":{"rendered":"Educaci\u00f3 emocional"},"content":{"rendered":"<div class=\"flex_column av_one_half flex_column_div av-zero-column-padding first avia-builder-el-3 el_before_av_one_half avia-builder-el-first \">\n<section class=\"av_textblock_section \">\n<div class=\"avia_textblock \">\n<p>Mitjan\u00e7ant l\u00b4Educaci\u00f3 Emocional els nens i nenes, aprenen a recon\u00e8ixer les seves emocions, a escoltar-les, a donar un espai i a expressar-les, sense cap tipus de judici. Tamb\u00e9, aprenen a empatitzar amb les emocions dels altres.<br \/>\nEls mestres, acompanyem als alumnes en aquest proc\u00e8s. Els oferim espais de confian\u00e7a, els atenem, els escoltem i els entenem, des d\u00b4una vessant Sist\u00e8mica amb mirada amorosa que \u00e9s aquella mirada respectuosa, emp\u00e0tica, comprensiva, que no judtja.<\/p>\n<p><strong style=\"font-family: inherit; font-size: 1em;\">Una mirada que engloba tots els sistemes de l\u00b4alumne.<\/strong><\/p>\n<p><strong><a href=\"https:\/\/agora.xtec.cat\/escolanova\/wp-content\/uploads\/usu2462\/2024\/11\/213b5da6-2edb-4dab-bb82-77669e1d4e5f-2.jpg\"><img loading=\"lazy\" decoding=\"async\" class=\" wp-image-24504 alignleft\" src=\"https:\/\/agora.xtec.cat\/escolanova\/wp-content\/uploads\/usu2462\/2024\/11\/213b5da6-2edb-4dab-bb82-77669e1d4e5f-2.jpg\" alt=\"\" width=\"328\" height=\"247\" srcset=\"https:\/\/agora.xtec.cat\/escolanova\/wp-content\/uploads\/usu2462\/2024\/11\/213b5da6-2edb-4dab-bb82-77669e1d4e5f-2.jpg 499w, https:\/\/agora.xtec.cat\/escolanova\/wp-content\/uploads\/usu2462\/2024\/11\/213b5da6-2edb-4dab-bb82-77669e1d4e5f-2-300x225.jpg 300w, https:\/\/agora.xtec.cat\/escolanova\/wp-content\/uploads\/usu2462\/2024\/11\/213b5da6-2edb-4dab-bb82-77669e1d4e5f-2-200x150.jpg 200w\" sizes=\"auto, (max-width: 328px) 100vw, 328px\" \/><\/a><a href=\"https:\/\/agora.xtec.cat\/escolanova\/wp-content\/uploads\/usu2462\/2024\/11\/WhatsApp-Image-2016-11-06-at-11.10.10.jpg\"><img loading=\"lazy\" decoding=\"async\" class=\" wp-image-24505 alignright\" src=\"https:\/\/agora.xtec.cat\/escolanova\/wp-content\/uploads\/usu2462\/2024\/11\/WhatsApp-Image-2016-11-06-at-11.10.10.jpg\" alt=\"\" width=\"328\" height=\"246\" srcset=\"https:\/\/agora.xtec.cat\/escolanova\/wp-content\/uploads\/usu2462\/2024\/11\/WhatsApp-Image-2016-11-06-at-11.10.10.jpg 500w, https:\/\/agora.xtec.cat\/escolanova\/wp-content\/uploads\/usu2462\/2024\/11\/WhatsApp-Image-2016-11-06-at-11.10.10-300x225.jpg 300w, https:\/\/agora.xtec.cat\/escolanova\/wp-content\/uploads\/usu2462\/2024\/11\/WhatsApp-Image-2016-11-06-at-11.10.10-200x150.jpg 200w\" sizes=\"auto, (max-width: 328px) 100vw, 328px\" \/><\/a><\/strong><\/p>\n<\/div>\n<\/section>\n<\/div>\n<div class=\"flex_column av_one_half flex_column_div av-zero-column-padding avia-builder-el-5 el_after_av_one_half avia-builder-el-last \">\n<div class=\"avia-slideshow avia-slideshow-1 av-control-hidden avia-slideshow-no scaling av_slideshow avia-builder-el-6 avia-builder-el-no-sibling avia-fade-slider\" data-size=\"no scaling\" data-lightbox_size=\"large\" data-animation=\"fade\" data-conditional_play=\"\" data-ids=\"10890,10889\" data-video_counter=\"0\" data-autoplay=\"true\" data-bg_slider=\"false\" data-slide_height=\"\" data-handle=\"av_slideshow\" data-interval=\"2\" data-class=\" avia-builder-el-6 avia-builder-el-no-sibling \" data-el_id=\"\" data-css_id=\"\" data-scroll_down=\"\" data-control_layout=\"av-control-hidden\" data-custom_markup=\"\" data-perma_caption=\"\" data-autoplay_stopper=\"\" data-image_attachment=\"\" data-min_height=\"0px\" data-lazy_loading=\"disabled\">\n<p>&nbsp;<\/p>\n<\/div>\n<\/div>\n","protected":false},"excerpt":{"rendered":"<p>Mitjan\u00e7ant l\u00b4Educaci\u00f3 Emocional els nens i nenes, aprenen a recon\u00e8ixer les seves emocions, a escoltar-les, a donar un espai i [&hellip;]<\/p>\n","protected":false},"author":1,"featured_media":0,"parent":0,"menu_order":0,"comment_status":"open","ping_status":"open","template":"","meta":{"_bbp_topic_count":0,"_bbp_reply_count":0,"_bbp_total_topic_count":0,"_bbp_total_reply_count":0,"_bbp_voice_count":0,"_bbp_anonymous_reply_count":0,"_bbp_topic_count_hidden":0,"_bbp_reply_count_hidden":0,"_bbp_forum_subforum_count":0,"site-sidebar-layout":"default","site-content-layout":"","ast-site-content-layout":"","site-content-style":"default","site-sidebar-style":"default","ast-global-header-display":"","ast-banner-title-visibility":"","ast-main-header-display":"","ast-hfb-above-header-display":"","ast-hfb-below-header-display":"","ast-hfb-mobile-header-display":"","site-post-title":"","ast-breadcrumbs-content":"","ast-featured-img":"","footer-sml-layout":"","theme-transparent-header-meta":"","adv-header-id-meta":"","stick-header-meta":"","header-above-stick-meta":"","header-main-stick-meta":"","header-below-stick-meta":"","astra-migrate-meta-layouts":"default","ast-page-background-enabled":"default","ast-page-background-meta":{"desktop":{"background-color":"var(--ast-global-color-4)","background-image":"","background-repeat":"repeat","background-position":"center center","background-size":"auto","background-attachment":"scroll","background-type":"","background-media":"","overlay-type":"","overlay-color":"","overlay-opacity":"","overlay-gradient":""},"tablet":{"background-color":"","background-image":"","background-repeat":"repeat","background-position":"center center","background-size":"auto","background-attachment":"scroll","background-type":"","background-media":"","overlay-type":"","overlay-color":"","overlay-opacity":"","overlay-gradient":""},"mobile":{"background-color":"","background-image":"","background-repeat":"repeat","background-position":"center center","background-size":"auto","background-attachment":"scroll","background-type":"","background-media":"","overlay-type":"","overlay-color":"","overlay-opacity":"","overlay-gradient":""}},"ast-content-background-meta":{"desktop":{"background-color":"var(--ast-global-color-5)","background-image":"","background-repeat":"repeat","background-position":"center center","background-size":"auto","background-attachment":"scroll","background-type":"","background-media":"","overlay-type":"","overlay-color":"","overlay-opacity":"","overlay-gradient":""},"tablet":{"background-color":"var(--ast-global-color-5)","background-image":"","background-repeat":"repeat","background-position":"center center","background-size":"auto","background-attachment":"scroll","background-type":"","background-media":"","overlay-type":"","overlay-color":"","overlay-opacity":"","overlay-gradient":""},"mobile":{"background-color":"var(--ast-global-color-5)","background-image":"","background-repeat":"repeat","background-position":"center center","background-size":"auto","background-attachment":"scroll","background-type":"","background-media":"","overlay-type":"","overlay-color":"","overlay-opacity":"","overlay-gradient":""}},"footnotes":""},"class_list":["post-9911","page","type-page","status-publish","hentry"],"post_mailing_queue_ids":[],"_links":{"self":[{"href":"https:\/\/agora.xtec.cat\/escolanova\/wp-json\/wp\/v2\/pages\/9911","targetHints":{"allow":["GET"]}}],"collection":[{"href":"https:\/\/agora.xtec.cat\/escolanova\/wp-json\/wp\/v2\/pages"}],"about":[{"href":"https:\/\/agora.xtec.cat\/escolanova\/wp-json\/wp\/v2\/types\/page"}],"author":[{"embeddable":true,"href":"https:\/\/agora.xtec.cat\/escolanova\/wp-json\/wp\/v2\/users\/1"}],"replies":[{"embeddable":true,"href":"https:\/\/agora.xtec.cat\/escolanova\/wp-json\/wp\/v2\/comments?post=9911"}],"version-history":[{"count":5,"href":"https:\/\/agora.xtec.cat\/escolanova\/wp-json\/wp\/v2\/pages\/9911\/revisions"}],"predecessor-version":[{"id":24925,"href":"https:\/\/agora.xtec.cat\/escolanova\/wp-json\/wp\/v2\/pages\/9911\/revisions\/24925"}],"wp:attachment":[{"href":"https:\/\/agora.xtec.cat\/escolanova\/wp-json\/wp\/v2\/media?parent=9911"}],"curies":[{"name":"wp","href":"https:\/\/api.w.org\/{rel}","templated":true}]}}