{"id":9772,"date":"2013-04-05T16:38:18","date_gmt":"2013-04-05T16:38:18","guid":{"rendered":"http:\/\/www.kriesi.at\/themes\/enfold\/?page_id=1195"},"modified":"2026-04-07T10:42:49","modified_gmt":"2026-04-07T08:42:49","slug":"about-us","status":"publish","type":"page","link":"https:\/\/agora.xtec.cat\/escolanova\/about-us\/","title":{"rendered":"Sobre nosaltres"},"content":{"rendered":"<div class=\"flex_column av_one_half flex_column_div av-zero-column-padding avia-builder-el-4 el_after_av_one_half el_before_av_hr \">\n<section class=\"av_textblock_section \">\n<div class=\"avia_textblock \">\n<h2>Qui som<\/h2>\n<\/div>\n<\/section>\n<section class=\"av_textblock_section \">\n<div class=\"avia_textblock \">\n<p>L\u2019Escola Nova som una escola catalana de titularitat p\u00fablica. Som un centre de nova creaci\u00f3 d\u2019Educaci\u00f3 Infantil i Prim\u00e0ria, en funcionament des del curs 2008-09<br \/>Tenim una oferta educativa d\u2019una l\u00ednea.<br \/>Estem situats a la localitat de Cervell\u00f3, comarca del Baix Llobregat.<\/p>\n<\/div>\n<\/section>\n<section class=\"av_textblock_section \">\n<div class=\"avia_textblock \">\n<ul>\n<li><strong>CONTACTA:<\/strong><br \/><strong>TEL\u00c8FON:<\/strong> 936840257<br \/><strong>MAIL:<\/strong> a8063710@xtec.cat<\/li>\n<\/ul>\n<\/div>\n<\/section>\n<\/div>\n<section class=\"av_textblock_section \">\n<div class=\"avia_textblock \">\n<h2>Equip<\/h2>\n<\/div>\n<\/section>\n<div class=\"flex_column av_one_half flex_column_div av-zero-column-padding first avia-builder-el-11 el_after_av_hr el_before_av_one_half \">\n<section class=\"av_textblock_section \">\n<div class=\"avia_textblock \">\n<p>Aquest projecte \u00e9s de tot un equip de mestres que inclou totes les persones, sense cap excepci\u00f3, que des del primer dia fins avui han passat per l\u2019escola i hi han deixat llur empremta.<\/p>\n<p>Som un equip de mestres que entenem la nostra feina com una tasca engrescadora, i amb il\u00b7lusi\u00f3. Una tasca de gran transcend\u00e8ncia i amb unes possibilitats enormes, motor de canvi d\u2019una societat canviant. En general som un equip for\u00e7a jove i hi ha molta implicaci\u00f3 en el Projecte Educatiu de centre. Els mestres a l\u2019escola s\u00f3n acompanyants en el proc\u00e9s de creixement dels infants i saben deixar-los anar de la m\u00e0 en el moment que cal.<\/p>\n<blockquote>\n<p>Pensem que els mestres han de tenir capacitat afectiva, amb habilitats socials i ser emp\u00e0tics.<\/p>\n<\/blockquote>\n<\/div>\n<\/section>\n<\/div>\n<div class=\"flex_column av_one_half flex_column_div av-zero-column-padding avia-builder-el-13 el_after_av_one_half el_before_av_hr \">\n<section class=\"av_textblock_section \">\n<div class=\"avia_textblock \">\n<p>Per sobre de tot, els mestres, han de ser unes persones amb ganes d\u2019aprendre. A l\u2019escola l\u2019equip de mestres no donen respostes als infants si no que provoquen preguntes, donen els recursos als infants per organitzar l\u2019espai i gestionar el temps, provoquen situacions que afavoreixin l\u2019aprenentatge significatiu i l\u2019ajuden a resoldre conflictes.<\/p>\n<p>Per a nosaltres totes les persones que treballen o viuen l\u2019escola tenen un espai. Les relacions a la comunitat educativa estan basades en un bon clima i un alt nivell d\u2019implicaci\u00f3, capa\u00e7 de transformar els conflictes amb aspectes positius per a la reflexi\u00f3 de manera que permetin el creixement i el desenvolupament professional de les persones, centrat en la presa de decisions consensuada\u2026 sempre a trav\u00e9s d\u2019una actitud de respecte, d\u2019escolta i valoraci\u00f3 de les diferents creences. La coher\u00e8ncia cap als infants nom\u00e9s pot venir donada de la comunicaci\u00f3 cont\u00ednua entre mestres, fam\u00edlies, monitors de menjador, extraescolar\u2026<\/p>\n<p>\u00a0<\/p>\n<\/div>\n<\/section>\n<\/div>\n\n\n<figure class=\"wp-block-image size-large\"><a href=\"https:\/\/agora.xtec.cat\/escolanova\/wp-content\/uploads\/usu2462\/2026\/04\/Curs-25-26-1030x579-1.png\"><img loading=\"lazy\" decoding=\"async\" width=\"1024\" height=\"576\" src=\"https:\/\/agora.xtec.cat\/escolanova\/wp-content\/uploads\/usu2462\/2026\/04\/Curs-25-26-1030x579-1-1024x576.png\" alt=\"\" class=\"wp-image-24896\" srcset=\"https:\/\/agora.xtec.cat\/escolanova\/wp-content\/uploads\/usu2462\/2026\/04\/Curs-25-26-1030x579-1-1024x576.png 1024w, https:\/\/agora.xtec.cat\/escolanova\/wp-content\/uploads\/usu2462\/2026\/04\/Curs-25-26-1030x579-1-300x169.png 300w, https:\/\/agora.xtec.cat\/escolanova\/wp-content\/uploads\/usu2462\/2026\/04\/Curs-25-26-1030x579-1-768x432.png 768w, https:\/\/agora.xtec.cat\/escolanova\/wp-content\/uploads\/usu2462\/2026\/04\/Curs-25-26-1030x579-1.png 1030w\" sizes=\"auto, (max-width: 1024px) 100vw, 1024px\" \/><\/a><\/figure>\n\n\n\n<p><\/p>\n","protected":false},"excerpt":{"rendered":"<p>Qui som L\u2019Escola Nova som una escola catalana de titularitat p\u00fablica. Som un centre de nova creaci\u00f3 d\u2019Educaci\u00f3 Infantil i [&hellip;]<\/p>\n","protected":false},"author":1,"featured_media":0,"parent":0,"menu_order":0,"comment_status":"open","ping_status":"open","template":"","meta":{"_bbp_topic_count":0,"_bbp_reply_count":0,"_bbp_total_topic_count":0,"_bbp_total_reply_count":0,"_bbp_voice_count":0,"_bbp_anonymous_reply_count":0,"_bbp_topic_count_hidden":0,"_bbp_reply_count_hidden":0,"_bbp_forum_subforum_count":0,"site-sidebar-layout":"default","site-content-layout":"","ast-site-content-layout":"default","site-content-style":"default","site-sidebar-style":"default","ast-global-header-display":"","ast-banner-title-visibility":"","ast-main-header-display":"","ast-hfb-above-header-display":"","ast-hfb-below-header-display":"","ast-hfb-mobile-header-display":"","site-post-title":"","ast-breadcrumbs-content":"","ast-featured-img":"","footer-sml-layout":"","theme-transparent-header-meta":"","adv-header-id-meta":"","stick-header-meta":"","header-above-stick-meta":"","header-main-stick-meta":"","header-below-stick-meta":"","astra-migrate-meta-layouts":"set","ast-page-background-enabled":"default","ast-page-background-meta":{"desktop":{"background-color":"var(--ast-global-color-4)","background-image":"","background-repeat":"repeat","background-position":"center center","background-size":"auto","background-attachment":"scroll","background-type":"","background-media":"","overlay-type":"","overlay-color":"","overlay-opacity":"","overlay-gradient":""},"tablet":{"background-color":"","background-image":"","background-repeat":"repeat","background-position":"center center","background-size":"auto","background-attachment":"scroll","background-type":"","background-media":"","overlay-type":"","overlay-color":"","overlay-opacity":"","overlay-gradient":""},"mobile":{"background-color":"","background-image":"","background-repeat":"repeat","background-position":"center center","background-size":"auto","background-attachment":"scroll","background-type":"","background-media":"","overlay-type":"","overlay-color":"","overlay-opacity":"","overlay-gradient":""}},"ast-content-background-meta":{"desktop":{"background-color":"var(--ast-global-color-5)","background-image":"","background-repeat":"repeat","background-position":"center center","background-size":"auto","background-attachment":"scroll","background-type":"","background-media":"","overlay-type":"","overlay-color":"","overlay-opacity":"","overlay-gradient":""},"tablet":{"background-color":"var(--ast-global-color-5)","background-image":"","background-repeat":"repeat","background-position":"center center","background-size":"auto","background-attachment":"scroll","background-type":"","background-media":"","overlay-type":"","overlay-color":"","overlay-opacity":"","overlay-gradient":""},"mobile":{"background-color":"var(--ast-global-color-5)","background-image":"","background-repeat":"repeat","background-position":"center center","background-size":"auto","background-attachment":"scroll","background-type":"","background-media":"","overlay-type":"","overlay-color":"","overlay-opacity":"","overlay-gradient":""}},"footnotes":""},"class_list":["post-9772","page","type-page","status-publish","hentry"],"post_mailing_queue_ids":[],"_links":{"self":[{"href":"https:\/\/agora.xtec.cat\/escolanova\/wp-json\/wp\/v2\/pages\/9772","targetHints":{"allow":["GET"]}}],"collection":[{"href":"https:\/\/agora.xtec.cat\/escolanova\/wp-json\/wp\/v2\/pages"}],"about":[{"href":"https:\/\/agora.xtec.cat\/escolanova\/wp-json\/wp\/v2\/types\/page"}],"author":[{"embeddable":true,"href":"https:\/\/agora.xtec.cat\/escolanova\/wp-json\/wp\/v2\/users\/1"}],"replies":[{"embeddable":true,"href":"https:\/\/agora.xtec.cat\/escolanova\/wp-json\/wp\/v2\/comments?post=9772"}],"version-history":[{"count":4,"href":"https:\/\/agora.xtec.cat\/escolanova\/wp-json\/wp\/v2\/pages\/9772\/revisions"}],"predecessor-version":[{"id":24898,"href":"https:\/\/agora.xtec.cat\/escolanova\/wp-json\/wp\/v2\/pages\/9772\/revisions\/24898"}],"wp:attachment":[{"href":"https:\/\/agora.xtec.cat\/escolanova\/wp-json\/wp\/v2\/media?parent=9772"}],"curies":[{"name":"wp","href":"https:\/\/api.w.org\/{rel}","templated":true}]}}