{"id":10703,"date":"2016-11-04T13:24:10","date_gmt":"2016-11-04T12:24:10","guid":{"rendered":"http:\/\/escolanova.cat\/?page_id=10703"},"modified":"2024-11-15T12:45:36","modified_gmt":"2024-11-15T11:45:36","slug":"assemblea","status":"publish","type":"page","link":"https:\/\/agora.xtec.cat\/escolanova\/assemblea\/","title":{"rendered":"Assemblea"},"content":{"rendered":"<div class=\"av-special-heading av-special-heading-h3    avia-builder-el-3  el_before_av_hr  avia-builder-el-first  \">\n<h3 class=\"av-special-heading-tag \">L\u2019assemblea, representa un espai d\u2019aprenentatge on els pilars fonamentals s\u00f3n la conversa, el di\u00e0leg, l\u2019argumentaci\u00f3 i entendre que cada persona t\u00e9 la seva manera de mirar el m\u00f3n<\/h3>\n<div class=\"special-heading-border\">\n<div class=\"special-heading-inner-border\"><\/div>\n<\/div>\n<\/div>\n<div class=\"hr hr-invisible   avia-builder-el-4  el_after_av_heading  el_before_av_three_fifth \"><\/div>\n<div class=\"flex_column av_three_fifth  flex_column_div av-zero-column-padding first  avia-builder-el-5  el_after_av_hr  avia-builder-el-last  \">\n<section class=\"av_textblock_section \">\n<div class=\"avia_textblock  \">\n<p>A l\u00b4assemblea, que es fa un cop per setmana i sempre que les circumstancies ho requereixen, els alumnes es col\u00b7loquen formant una rotllana on tothom es pugui mirar als ulls i es tracten diferents temes, des de conflictes que cal resoldre, propostes per a un millor funcionament del centre, activitats de roll-play, debats, etc\u2026<\/p>\n<p>Sempre hi ha uns nens amb unes funcions determinades: moderador\/a i un nen\/a que recull els acords a l\u00b4acta d\u00b4aula i el delegat. La funci\u00f3 dels delegats, \u00e9s, traslladar les propostes i informacions, a la resta de delegats i d\u00b4arribar a acords que despr\u00e9s..<\/p>\n<p>Tamb\u00e9 es desenvolupen les assemblees de delegats. En cada classe (de P5 a 6\u00e8) hi haur\u00e0 un delegat que traslladar\u00e0 les propostes del seu grup a l\u2019assemblea de delegats.<\/p>\n<p>El mestre\/a acompanya el proc\u00e9s i t\u00e9 molt presents els tres pilar s de la Pedagogia sist\u00e8mica:<\/p>\n<ul>\n<li>Pertinen\u00e7a: tothom s\u00b4ha de sentir incl\u00f2s.<\/li>\n<li>Equilibri entre el donar i rebre.<\/li>\n<li>Jerarquia \u201cCada persona t\u00e9 el seu lloc\u201d.<\/li>\n<\/ul>\n<blockquote><p><strong>Sota una mirada amorosa, respectuosa i emp\u00e0tica.<\/strong><\/p><\/blockquote>\n<\/div>\n<\/section>\n<\/div>\n","protected":false},"excerpt":{"rendered":"<p>L\u2019assemblea, representa un espai d\u2019aprenentatge on els pilars fonamentals s\u00f3n la conversa, el di\u00e0leg, l\u2019argumentaci\u00f3 i entendre que cada persona [&hellip;]<\/p>\n","protected":false},"author":1,"featured_media":0,"parent":0,"menu_order":0,"comment_status":"closed","ping_status":"closed","template":"","meta":{"_bbp_topic_count":0,"_bbp_reply_count":0,"_bbp_total_topic_count":0,"_bbp_total_reply_count":0,"_bbp_voice_count":0,"_bbp_anonymous_reply_count":0,"_bbp_topic_count_hidden":0,"_bbp_reply_count_hidden":0,"_bbp_forum_subforum_count":0,"site-sidebar-layout":"default","site-content-layout":"","ast-site-content-layout":"","site-content-style":"default","site-sidebar-style":"default","ast-global-header-display":"","ast-banner-title-visibility":"","ast-main-header-display":"","ast-hfb-above-header-display":"","ast-hfb-below-header-display":"","ast-hfb-mobile-header-display":"","site-post-title":"","ast-breadcrumbs-content":"","ast-featured-img":"","footer-sml-layout":"","theme-transparent-header-meta":"","adv-header-id-meta":"","stick-header-meta":"","header-above-stick-meta":"","header-main-stick-meta":"","header-below-stick-meta":"","astra-migrate-meta-layouts":"default","ast-page-background-enabled":"default","ast-page-background-meta":{"desktop":{"background-color":"var(--ast-global-color-4)","background-image":"","background-repeat":"repeat","background-position":"center center","background-size":"auto","background-attachment":"scroll","background-type":"","background-media":"","overlay-type":"","overlay-color":"","overlay-opacity":"","overlay-gradient":""},"tablet":{"background-color":"","background-image":"","background-repeat":"repeat","background-position":"center center","background-size":"auto","background-attachment":"scroll","background-type":"","background-media":"","overlay-type":"","overlay-color":"","overlay-opacity":"","overlay-gradient":""},"mobile":{"background-color":"","background-image":"","background-repeat":"repeat","background-position":"center center","background-size":"auto","background-attachment":"scroll","background-type":"","background-media":"","overlay-type":"","overlay-color":"","overlay-opacity":"","overlay-gradient":""}},"ast-content-background-meta":{"desktop":{"background-color":"var(--ast-global-color-5)","background-image":"","background-repeat":"repeat","background-position":"center center","background-size":"auto","background-attachment":"scroll","background-type":"","background-media":"","overlay-type":"","overlay-color":"","overlay-opacity":"","overlay-gradient":""},"tablet":{"background-color":"var(--ast-global-color-5)","background-image":"","background-repeat":"repeat","background-position":"center center","background-size":"auto","background-attachment":"scroll","background-type":"","background-media":"","overlay-type":"","overlay-color":"","overlay-opacity":"","overlay-gradient":""},"mobile":{"background-color":"var(--ast-global-color-5)","background-image":"","background-repeat":"repeat","background-position":"center center","background-size":"auto","background-attachment":"scroll","background-type":"","background-media":"","overlay-type":"","overlay-color":"","overlay-opacity":"","overlay-gradient":""}},"footnotes":""},"class_list":["post-10703","page","type-page","status-publish","hentry"],"post_mailing_queue_ids":[],"_links":{"self":[{"href":"https:\/\/agora.xtec.cat\/escolanova\/wp-json\/wp\/v2\/pages\/10703","targetHints":{"allow":["GET"]}}],"collection":[{"href":"https:\/\/agora.xtec.cat\/escolanova\/wp-json\/wp\/v2\/pages"}],"about":[{"href":"https:\/\/agora.xtec.cat\/escolanova\/wp-json\/wp\/v2\/types\/page"}],"author":[{"embeddable":true,"href":"https:\/\/agora.xtec.cat\/escolanova\/wp-json\/wp\/v2\/users\/1"}],"replies":[{"embeddable":true,"href":"https:\/\/agora.xtec.cat\/escolanova\/wp-json\/wp\/v2\/comments?post=10703"}],"version-history":[{"count":2,"href":"https:\/\/agora.xtec.cat\/escolanova\/wp-json\/wp\/v2\/pages\/10703\/revisions"}],"predecessor-version":[{"id":24820,"href":"https:\/\/agora.xtec.cat\/escolanova\/wp-json\/wp\/v2\/pages\/10703\/revisions\/24820"}],"wp:attachment":[{"href":"https:\/\/agora.xtec.cat\/escolanova\/wp-json\/wp\/v2\/media?parent=10703"}],"curies":[{"name":"wp","href":"https:\/\/api.w.org\/{rel}","templated":true}]}}