{"id":12006,"date":"2026-01-23T15:29:37","date_gmt":"2026-01-23T14:29:37","guid":{"rendered":"https:\/\/agora.xtec.cat\/escolanouclave\/?page_id=12006"},"modified":"2026-01-23T15:44:33","modified_gmt":"2026-01-23T14:44:33","slug":"proteccio-de-dades","status":"publish","type":"page","link":"https:\/\/agora.xtec.cat\/escolanouclave\/proteccio-de-dades\/","title":{"rendered":"Informaci\u00f3 completa sobre protecci\u00f3 de dades"},"content":{"rendered":"\n<p class=\"has-white-color has-text-color has-background has-link-color wp-elements-7c12fbf0db9c303999e9dd44a516dc1b\" style=\"background-color:#6aa2a7\"><strong><strong>TITULAR DEL DOMINI WEB<\/strong><\/strong><\/p>\n\n\n\n<p>NOU CLAV\u00c9 SCCL, domiciliada al carrer de Berenguer III n. 146 de Mollet del Vall\u00e8s (08100) i amb CIF n\u00ba F-22709265.<\/p>\n\n\n\n<p>Les dades de contacte del responsable de tractament son les seg\u00fcents:<\/p>\n\n\n\n<p style=\"padding-top:0;padding-bottom:0\"><strong>Tel\u00e8fon:<\/strong> 935704641 \/<strong> Correu electr\u00f2nic: <\/strong>consellrector@nouclave.cat \/ <strong>P\u00e0gina web:<\/strong> <a href=\"https:\/\/agora.xtec.cat\/escolanouclave\/\">www.nouclave.cat<\/a> \/ <a href=\"https:\/\/agora.xtec.cat\/escolanouclave\/\">https:\/\/agora.xtec.cat\/escolanouclave\/<\/a><\/p>\n\n\n\n<p class=\"has-white-color has-text-color has-background has-link-color wp-elements-d6949d128b96c1028b8cd08f9a7b30c2\" style=\"background-color:#6aa2a7\"><strong><strong>RESPONSABLE<\/strong><\/strong><\/p>\n\n\n\n<p>El Responsable del Tractament de les dades ser\u00e0 el mateix que el Titular del Domini Web i podr\u00e0 ser contactat mitjan\u00e7ant les dades de localitzaci\u00f3 proporcionades en l\u2019apartat anterior.<\/p>\n\n\n\n<p class=\"has-white-color has-text-color has-background has-link-color wp-elements-a1d14a162ca45a3dcadea9c21a574c78\" style=\"background-color:#6aa2a7\"><strong>FINALITAT DEL TRACTAMENT<\/strong><\/p>\n\n\n\n<p>Totes les dades que siguin proporcionades a l\u2019Escola amb motiu de consulta mitjan\u00e7ant l\u2019\u00fas del formulari de contacte del lloc web, i en general totes les comunicacions rebudes que s\u2019hagin tingut amb el responsable del tractament de dades, seran recollides per l\u2019Escola. Tamb\u00e9 es dur\u00e0 a terme el tractament d\u2019imatges, v\u00eddeos o altres materials en espais de difusi\u00f3, sempre que la finalitat dels mateixos es delimiti a la difusi\u00f3 al web de l\u2019Escola o b\u00e9 en altres canals, com ara la premsa o les xarxes socials, i que la seva funci\u00f3 no tingui car\u00e0cter comercial.  Les imatges recollides per les c\u00e0meres instal\u00b7lades a l\u2019Escola (en cas que n\u2019hi hagi) no s\u00f3n emmagatzemades per l\u2019Escola. En el cas que l\u2019Escola volgu\u00e9s o hagu\u00e9s de fer \u00fas de les dades proporcionades per a altres finalitats que no guardin relaci\u00f3 amb all\u00f2 exposat en els par\u00e0grafs anteriors, l\u2019Escola es compromet a demanar novament el consentiment expl\u00edcit per a les finalitats que ho requereixin.<\/p>\n\n\n\n<p class=\"has-white-color has-text-color has-background has-link-color wp-elements-db0168ba81b5c0526e442c560d6e2c99\" style=\"background-color:#6aa2a7\"><strong><strong>LEGITIMACI\u00d3<\/strong><\/strong><\/p>\n\n\n\n<p>Consentiment expl\u00edcit dels interessats (o els seus legals representants), abans de dur a terme qualsevol acci\u00f3\/comunicaci\u00f3.<\/p>\n\n\n\n<p class=\"has-white-color has-text-color has-background has-link-color wp-elements-735fab8473d85ddcf0783a56841c4a63\" style=\"background-color:#6aa2a7\"><strong><strong>DESTINATARIS<\/strong><\/strong><\/p>\n\n\n\n<p>Els destinataris que tindran acc\u00e9s a les dades proporcionades ser\u00e0 tot el personal de l\u2019Escola degudament autoritzat per a tal fi (sigui intern o extern) i tota societat o entitat p\u00fablica que dintre de l\u2019\u00e0mbit de les seves compet\u00e8ncies requereixi leg\u00edtimament l\u2019acc\u00e9s a les mateixes.<\/p>\n\n\n\n<p class=\"has-white-color has-text-color has-background has-link-color wp-elements-ded488e366e6ec4da4b762455b118854\" style=\"background-color:#6aa2a7\"><strong><strong>DRETS DELS INTERESSATS<\/strong><\/strong><\/p>\n\n\n\n<p>Acc\u00e9s, rectificaci\u00f3, supressi\u00f3, portabilitat, limitaci\u00f3 i oposici\u00f3 al tractament.<\/p>\n\n\n\n<p>Qualsevol persona t\u00e9 dret a obtenir confirmaci\u00f3 sobre si l\u2019Escola est\u00e0 tractant dades personals que la concerneixin. Els titulars de les dades personals tenen dret a accedir a les seves dades personals, a sol\u00b7licitar la rectificaci\u00f3 de les dades inexactes o, si escau, la seva supressi\u00f3 quan, entre altres motius, les dades ja no siguin necess\u00e0ries per a les finalitats per a les quals van ser recollides.<\/p>\n\n\n\n<p>En determinades circumst\u00e0ncies, els interessats podran sol\u00b7licitar la limitaci\u00f3 del tractament de les seves dades, i en aquest cas l\u2019Escola nom\u00e9s les conservar\u00e0 per a l\u2019exercici o la defensa de reclamacions. Tamb\u00e9, en alguns sup\u00f2sits i per motius relacionats amb la seva situaci\u00f3 particular, els usuaris i titulars de les dades podran oposar-se al tractament de les mateixes. En aquest cas, es deixaran de tractar les dades, excepte per motius leg\u00edtims o per a l\u2019exercici o la defensa de possibles reclamacions.<\/p>\n\n\n\n<p>Tots aquests drets es podran exercir davant el responsable del tractament de les dades a trav\u00e9s de les diverses formes de contacte escrites establertes m\u00e9s amunt. Aix\u00ed mateix, els usuaris podran, en determinades circumst\u00e0ncies, presentar una reclamaci\u00f3 davant l\u2019autoritat de control competent en mat\u00e8ria de protecci\u00f3 de dades, i podran informar-se a <a href=\"http:\/\/www.agpd.es\">www.agpd.es<\/a>.<\/p>\n\n\n\n<p class=\"has-white-color has-text-color has-background has-link-color wp-elements-e59ec2cb6d7374a00c4a76ff6263f908\" style=\"background-color:#6aa2a7\"><strong><strong>PROCED\u00c8NCIA<\/strong><\/strong><\/p>\n\n\n\n<p>El propi usuari (o el seus legals representants), amb les seves dades i amb l&#8217;acceptaci\u00f3 de les cookies en navegar pel lloc web abans indicat. Els usuaris subministradors de les dades s\u00f3n responsables de la veracitat de les dades facilitades.<\/p>\n\n\n\n<p class=\"has-white-color has-text-color has-background has-link-color wp-elements-46c2e4393d7971d2bfa8344603fc8077\" style=\"background-color:#6aa2a7\"><strong><strong>LEGISLACI\u00d3 APLICABLE<\/strong><\/strong><\/p>\n\n\n\n<p>Tot l\u2019anterior est\u00e0 exposat d\u2019acord amb la legislaci\u00f3 vigent, que compr\u00e8n principalment el Reglament (UE) 2016\/679 i la Llei org\u00e0nica espanyola 3\/2018, de 5 de desembre.<\/p>\n\n\n\n<p><\/p>\n","protected":false},"excerpt":{"rendered":"<p>TITULAR DEL DOMINI WEB NOU CLAV\u00c9 SCCL, domiciliada al carrer de Berenguer III n. 146 de Mollet del Vall\u00e8s (08100) i amb CIF n\u00ba F-22709265. Les dades de contacte del responsable de tractament son les seg\u00fcents: Tel\u00e8fon: 935704641 \/ Correu electr\u00f2nic: consellrector@nouclave.cat \/ P\u00e0gina web: www.nouclave.cat \/ https:\/\/agora.xtec.cat\/escolanouclave\/ RESPONSABLE El Responsable del Tractament de les [&hellip;]<\/p>\n","protected":false},"author":1,"featured_media":0,"parent":0,"menu_order":0,"comment_status":"closed","ping_status":"close","template":"","meta":{"_bbp_topic_count":0,"_bbp_reply_count":0,"_bbp_total_topic_count":0,"_bbp_total_reply_count":0,"_bbp_voice_count":0,"_bbp_anonymous_reply_count":0,"_bbp_topic_count_hidden":0,"_bbp_reply_count_hidden":0,"_bbp_forum_subforum_count":0,"site-sidebar-layout":"default","site-content-layout":"","ast-site-content-layout":"default","site-content-style":"default","site-sidebar-style":"default","ast-global-header-display":"","ast-banner-title-visibility":"","ast-main-header-display":"","ast-hfb-above-header-display":"","ast-hfb-below-header-display":"","ast-hfb-mobile-header-display":"","site-post-title":"","ast-breadcrumbs-content":"","ast-featured-img":"","footer-sml-layout":"","theme-transparent-header-meta":"","adv-header-id-meta":"","stick-header-meta":"","header-above-stick-meta":"","header-main-stick-meta":"","header-below-stick-meta":"","astra-migrate-meta-layouts":"set","ast-page-background-enabled":"default","ast-page-background-meta":{"desktop":{"background-color":"var(--ast-global-color-4)","background-image":"","background-repeat":"repeat","background-position":"center center","background-size":"auto","background-attachment":"scroll","background-type":"","background-media":"","overlay-type":"","overlay-color":"","overlay-opacity":"","overlay-gradient":""},"tablet":{"background-color":"","background-image":"","background-repeat":"repeat","background-position":"center center","background-size":"auto","background-attachment":"scroll","background-type":"","background-media":"","overlay-type":"","overlay-color":"","overlay-opacity":"","overlay-gradient":""},"mobile":{"background-color":"","background-image":"","background-repeat":"repeat","background-position":"center center","background-size":"auto","background-attachment":"scroll","background-type":"","background-media":"","overlay-type":"","overlay-color":"","overlay-opacity":"","overlay-gradient":""}},"ast-content-background-meta":{"desktop":{"background-color":"var(--ast-global-color-5)","background-image":"","background-repeat":"repeat","background-position":"center center","background-size":"auto","background-attachment":"scroll","background-type":"","background-media":"","overlay-type":"","overlay-color":"","overlay-opacity":"","overlay-gradient":""},"tablet":{"background-color":"var(--ast-global-color-5)","background-image":"","background-repeat":"repeat","background-position":"center center","background-size":"auto","background-attachment":"scroll","background-type":"","background-media":"","overlay-type":"","overlay-color":"","overlay-opacity":"","overlay-gradient":""},"mobile":{"background-color":"var(--ast-global-color-5)","background-image":"","background-repeat":"repeat","background-position":"center center","background-size":"auto","background-attachment":"scroll","background-type":"","background-media":"","overlay-type":"","overlay-color":"","overlay-opacity":"","overlay-gradient":""}},"footnotes":""},"class_list":["post-12006","page","type-page","status-publish","hentry"],"post_mailing_queue_ids":[],"_links":{"self":[{"href":"https:\/\/agora.xtec.cat\/escolanouclave\/wp-json\/wp\/v2\/pages\/12006","targetHints":{"allow":["GET"]}}],"collection":[{"href":"https:\/\/agora.xtec.cat\/escolanouclave\/wp-json\/wp\/v2\/pages"}],"about":[{"href":"https:\/\/agora.xtec.cat\/escolanouclave\/wp-json\/wp\/v2\/types\/page"}],"author":[{"embeddable":true,"href":"https:\/\/agora.xtec.cat\/escolanouclave\/wp-json\/wp\/v2\/users\/1"}],"replies":[{"embeddable":true,"href":"https:\/\/agora.xtec.cat\/escolanouclave\/wp-json\/wp\/v2\/comments?post=12006"}],"version-history":[{"count":5,"href":"https:\/\/agora.xtec.cat\/escolanouclave\/wp-json\/wp\/v2\/pages\/12006\/revisions"}],"predecessor-version":[{"id":12018,"href":"https:\/\/agora.xtec.cat\/escolanouclave\/wp-json\/wp\/v2\/pages\/12006\/revisions\/12018"}],"wp:attachment":[{"href":"https:\/\/agora.xtec.cat\/escolanouclave\/wp-json\/wp\/v2\/media?parent=12006"}],"curies":[{"name":"wp","href":"https:\/\/api.w.org\/{rel}","templated":true}]}}

Informació completa sobre protecció de dades

<p class="has-white-color has-text-color has-background has-link-color wp-elements-7c12fbf0db9c303999e9dd44a516dc1b" style="background-color:#6aa2a7"><strong><strong>TITULAR DEL DOMINI WEB</strong></strong></p>



<p>NOU CLAVÉ SCCL, domiciliada al carrer de Berenguer III n. 146 de Mollet del Vallès (08100) i amb CIF nº F-22709265.</p>



<p>Les dades de contacte del responsable de tractament son les següents:</p>



<p style="padding-top:0;padding-bottom:0"><strong>Telèfon:</strong> 935704641 /<strong> Correu electrònic: </strong>consellrector@nouclave.cat / <strong>Pàgina web:</strong> <a href="https://agora.xtec.cat/escolanouclave/">www.nouclave.cat</a> / <a href="https://agora.xtec.cat/escolanouclave/">https://agora.xtec.cat/escolanouclave/</a></p>



<p class="has-white-color has-text-color has-background has-link-color wp-elements-d6949d128b96c1028b8cd08f9a7b30c2" style="background-color:#6aa2a7"><strong><strong>RESPONSABLE</strong></strong></p>



<p>El Responsable del Tractament de les dades serà el mateix que el Titular del Domini Web i podrà ser contactat mitjançant les dades de localització proporcionades en l’apartat anterior.</p>



<p class="has-white-color has-text-color has-background has-link-color wp-elements-a1d14a162ca45a3dcadea9c21a574c78" style="background-color:#6aa2a7"><strong>FINALITAT DEL TRACTAMENT</strong></p>



<p>Totes les dades que siguin proporcionades a l’Escola amb motiu de consulta mitjançant l’ús del formulari de contacte del lloc web, i en general totes les comunicacions rebudes que s’hagin tingut amb el responsable del tractament de dades, seran recollides per l’Escola. També es durà a terme el tractament d’imatges, vídeos o altres materials en espais de difusió, sempre que la finalitat dels mateixos es delimiti a la difusió al web de l’Escola o bé en altres canals, com ara la premsa o les xarxes socials, i que la seva funció no tingui caràcter comercial.  Les imatges recollides per les càmeres instal·lades a l’Escola (en cas que n’hi hagi) no són emmagatzemades per l’Escola. En el cas que l’Escola volgués o hagués de fer ús de les dades proporcionades per a altres finalitats que no guardin relació amb allò exposat en els paràgrafs anteriors, l’Escola es compromet a demanar novament el consentiment explícit per a les finalitats que ho requereixin.</p>



<p class="has-white-color has-text-color has-background has-link-color wp-elements-db0168ba81b5c0526e442c560d6e2c99" style="background-color:#6aa2a7"><strong><strong>LEGITIMACIÓ</strong></strong></p>



<p>Consentiment explícit dels interessats (o els seus legals representants), abans de dur a terme qualsevol acció/comunicació.</p>



<p class="has-white-color has-text-color has-background has-link-color wp-elements-735fab8473d85ddcf0783a56841c4a63" style="background-color:#6aa2a7"><strong><strong>DESTINATARIS</strong></strong></p>



<p>Els destinataris que tindran accés a les dades proporcionades serà tot el personal de l’Escola degudament autoritzat per a tal fi (sigui intern o extern) i tota societat o entitat pública que dintre de l’àmbit de les seves competències requereixi legítimament l’accés a les mateixes.</p>



<p class="has-white-color has-text-color has-background has-link-color wp-elements-ded488e366e6ec4da4b762455b118854" style="background-color:#6aa2a7"><strong><strong>DRETS DELS INTERESSATS</strong></strong></p>



<p>Accés, rectificació, supressió, portabilitat, limitació i oposició al tractament.</p>



<p>Qualsevol persona té dret a obtenir confirmació sobre si l’Escola està tractant dades personals que la concerneixin. Els titulars de les dades personals tenen dret a accedir a les seves dades personals, a sol·licitar la rectificació de les dades inexactes o, si escau, la seva supressió quan, entre altres motius, les dades ja no siguin necessàries per a les finalitats per a les quals van ser recollides.</p>



<p>En determinades circumstàncies, els interessats podran sol·licitar la limitació del tractament de les seves dades, i en aquest cas l’Escola només les conservarà per a l’exercici o la defensa de reclamacions. També, en alguns supòsits i per motius relacionats amb la seva situació particular, els usuaris i titulars de les dades podran oposar-se al tractament de les mateixes. En aquest cas, es deixaran de tractar les dades, excepte per motius legítims o per a l’exercici o la defensa de possibles reclamacions.</p>



<p>Tots aquests drets es podran exercir davant el responsable del tractament de les dades a través de les diverses formes de contacte escrites establertes més amunt. Així mateix, els usuaris podran, en determinades circumstàncies, presentar una reclamació davant l’autoritat de control competent en matèria de protecció de dades, i podran informar-se a <a href="http://www.agpd.es">www.agpd.es</a>.</p>



<p class="has-white-color has-text-color has-background has-link-color wp-elements-e59ec2cb6d7374a00c4a76ff6263f908" style="background-color:#6aa2a7"><strong><strong>PROCEDÈNCIA</strong></strong></p>



<p>El propi usuari (o el seus legals representants), amb les seves dades i amb l&#8217;acceptació de les cookies en navegar pel lloc web abans indicat. Els usuaris subministradors de les dades són responsables de la veracitat de les dades facilitades.</p>



<p class="has-white-color has-text-color has-background has-link-color wp-elements-46c2e4393d7971d2bfa8344603fc8077" style="background-color:#6aa2a7"><strong><strong>LEGISLACIÓ APLICABLE</strong></strong></p>



<p>Tot l’anterior està exposat d’acord amb la legislació vigent, que comprèn principalment el Reglament (UE) 2016/679 i la Llei orgànica espanyola 3/2018, de 5 de desembre.</p>



<p></p>

<p>TITULAR DEL DOMINI WEB NOU CLAVÉ SCCL, domiciliada al carrer de Berenguer III n. 146 de Mollet del Vallès (08100) i amb CIF nº F-22709265. Les dades de contacte del responsable de tractament son les següents: Telèfon: 935704641 / Correu electrònic: consellrector@nouclave.cat / Pàgina web: www.nouclave.cat / https://agora.xtec.cat/escolanouclave/ RESPONSABLE El Responsable del Tractament de les [&hellip;]</p>
