{"id":11786,"date":"2025-09-15T12:43:18","date_gmt":"2025-09-15T10:43:18","guid":{"rendered":"https:\/\/agora.xtec.cat\/escolanouclave\/?page_id=11786"},"modified":"2026-01-26T08:53:54","modified_gmt":"2026-01-26T07:53:54","slug":"hemeroteca","status":"publish","type":"page","link":"https:\/\/agora.xtec.cat\/escolanouclave\/hemeroteca\/","title":{"rendered":"Hemeroteca"},"content":{"rendered":"\n<p class=\"has-white-color has-text-color has-background has-link-color wp-elements-d71abe9b72264d4796e008e572c79685\" style=\"background-color:#209898\"><a href=\"https:\/\/diarieducacio.cat\/tres-mesos-que-ho-han-canviat-tot-el-renaixement-de-la-nostra-escola-com-a-cooperativa\/\"><strong>26\/01\/2026. EL DIARI DE L&#8217;EDUCACI\u00d3 <\/strong>: &#8220;Tres mesos que ho han canviat tot: el renaixement de la nostra escola com a cooperativa&#8221;<\/a><\/p>\n\n\n\n<p class=\"has-white-color has-text-color has-background has-link-color wp-elements-aee1dd8ae51219021e2165bbf21b4242\" style=\"background-color:#209898\"><a href=\"https:\/\/www.jornal.cat\/opinio\/39464\/escola-cooperativa-nouclave\"><strong>14\/01\/2026. EL JORNAL <\/strong>: &#8220;Tres mesos que ho han canviat tot: el renaixement de la nostra escola com a cooperativa&#8221;<\/a><\/p>\n\n\n\n<p class=\"has-white-color has-text-color has-background has-link-color wp-elements-dc9ce892fdae3a957cc69bb054708a34\" style=\"background-color:#209898\"><a href=\"https:\/\/www.elperiodico.cat\/ca\/societat\/20260114\/curriculum-primaria-l-125656388\"><strong>14\/01\/2026. EL PERI\u00d3DICO <\/strong>: &#8220;Al curr\u00edculum de prim\u00e0ria i l\u2019ESO&#8221;<\/a><\/p>\n\n\n\n<p class=\"has-white-color has-text-color has-background has-link-color wp-elements-07b49bd88d2e8660a9c78eae60b9abbc\" style=\"background-color:#209898\"><a href=\"https:\/\/www.sommollet.cat\/noticia\/109235\/els-premis-joan-aliguer-reconeixen-la-poesia-de-dos-estudiants-molletans\"><strong>17\/12\/2025. SOM MOLLET <\/strong>: &#8220;Els Premis Joan Aliguer reconeixen la poesia de dos estudiants molletans&#8221;<\/a><\/p>\n\n\n\n<p class=\"has-white-color has-text-color has-background has-link-color wp-elements-d73ad86bc0772ca200cb11a1e910e21e\" style=\"background-color:#209898\"><a href=\"https:\/\/molletviu.com\/2025\/12\/16\/exit-de-participacio-i-consolidacio-del-premi-de-poesia-joan-aliguer-a-mollet-del-valles\/\"><strong>16\/12\/2025.  MOLLET VIU <\/strong>: &#8220;\u00c8xit de participaci\u00f3 i consolidaci\u00f3 del Premi de Poesia Joan Aliguer a Mollet del Vall\u00e8s&#8221;<\/a><\/p>\n\n\n\n<p class=\"has-white-color has-text-color has-background has-link-color wp-elements-130e718d527ac5e6cab7f0658c5ebab7\" style=\"background-color:#209898\"><a href=\"https:\/\/www.radiomollet.com\/news\/id\/radiomollet_news_3625\"><strong>15\/12\/2025. R\u00c0DIO MOLLET <\/strong>: &#8220;J\u00falia \u00c1lvarez i Haoyu Ji guanyen la primera edici\u00f3 del Premi Petit Aliguer&#8221;<\/a><\/p>\n\n\n\n<p class=\"has-white-color has-text-color has-background has-link-color wp-elements-e66f5f494041dc73c3389d17e2a08eba\" style=\"background-color:#209898\"><a href=\"https:\/\/www.vallesvisio.cat\/2025\/11\/05\/el-cem-amplia-els-guardons-per-fomentar-la-recerca-sobre-mollet-i-el-baix-valles\/\"><strong>7\/11\/2025. VALL\u00c8S VISI\u00d3 <\/strong>: &#8220;El CEM amplia els guardons per fomentar la recerca sobre Mollet i el Baix Vall\u00e8s&#8221;<\/a><\/p>\n\n\n\n<p class=\"has-white-color has-text-color has-background has-link-color wp-elements-e1f40838294b3b35866601485828e9bc\" style=\"background-color:#209898\"><a href=\"https:\/\/www.sommollet.cat\/noticia\/108183\/lajuntament-i-el-centre-destudis-molletans-premien-la-recerca-molletana\"><strong>7\/11\/2025. Som MOLLET<\/strong>: &#8220;Les Beques de Recerca Vicen\u00e7 Plantada premien un treball sobre els refugiats de la Guerra Civil a Mollet&#8221;<\/a><\/p>\n\n\n\n<p class=\"has-white-color has-text-color has-background has-link-color wp-elements-d3f0c97754de3b0631f9abcd06014bad\" style=\"background-color:#209898\"><a href=\"https:\/\/www.molletvalles.cat\/ca\/actualitat\/noticies\/el-xxvi-premi-juvenil-vicenc-plantada-reconeix-tres-treballs-d2019estudiants-del-municipi\"><strong>6\/11\/2025. AJUNTAMENT DE MOLLET<\/strong>: &#8220;El XXVI Premi Juvenil Vicen\u00e7 Plantada reconeix tres treballs d\u2019estudiants del municipi&#8221;<\/a><\/p>\n\n\n\n<p class=\"has-white-color has-text-color has-background has-link-color wp-elements-0164495bdc4cc21020041ecbc6d39639\" style=\"background-color:#209898\"><a href=\"https:\/\/https:\/\/www.radiomollet.com\/programs\/posalespiles\/radiomollet_podcast_32729\"><strong>29\/10\/2025. R\u00c0DIO MOLLET<\/strong>: &#8220;L\u2019alumnat de 1r d\u2019ESO visita R\u00e0dio Mollet i participa al programa \u201cPosa\u2019t les piles\u201d&#8221;<\/a><\/p>\n\n\n\n<p class=\"has-white-color has-text-color has-background has-link-color wp-elements-5965de71c067abf547697160e94e6c86\" style=\"background-color:#209898\"><a href=\"https:\/\/www.jornal.cat\/noticia\/39338\/nou-clave-cooperativa\"><strong>24\/10\/2025. EL JORNAL<\/strong>: &#8220;Nou Clav\u00e9, l\u2019escola de Mollet del Vall\u00e8s que abans era concertada i que ha esdevingut cooperativa&#8221;<\/a><\/p>\n\n\n\n<p class=\"has-white-color has-text-color has-background has-link-color wp-elements-02f10bde27c0f7f4a6f980bdeb8356a0\" style=\"background-color:#209898\"><a href=\"https:\/\/www.vallesvisio.cat\/2025\/10\/26\/les-escoles-de-mollet-participen-en-la-setmana-bio-amb-tallers-sobre-produccio-ecologica\/\"><strong>27\/10\/2025. VALL\u00c8S VISI\u00d3<\/strong>: &#8220;Les escoles de Mollet participen en la Setmana Bio amb tallers sobre producci\u00f3 ecol\u00f2gica&#8221;<\/a><\/p>\n\n\n\n<p class=\"has-white-color has-text-color has-background has-link-color wp-elements-34187fb96d762467b185b1b54ffaf449\" style=\"background-color:#209898\"><a href=\"htps:\/\/cadenaser.com\/cataluna\/2025\/09\/12\/lescola-salvada-per-families-i-professors-es-quedaven-sense-escolaritzar-300-alumnes-sercat\"><strong>12\/09\/2025. SER<\/strong>: &#8220;L&#8217;escola salvada per fam\u00edlies i professors: Es quedaven sense escolaritzar 300 alumnes&#8221;<\/a><\/p>\n\n\n\n<p class=\"has-white-color has-text-color has-background has-link-color wp-elements-5037caeffe3927ec64ce1679b3cd9210\" style=\"background-color:#209898\"><a href=\"https:\/\/www.3cat.cat\/324\/reobre-lescola-de-mollet-en-fallida-i-es-converteix-en-cooperativa\/noticia-amp\/3369183\"><strong>11\/09\/2025. 3CAT<\/strong>: &#8220;Reobre l&#8217;escola de Mollet en fallida i es converteix en cooperativa&#8221;<\/a><\/p>\n\n\n\n<p class=\"has-white-color has-text-color has-background has-link-color wp-elements-8d0ebea95fd82ad0bd362389d788e3d0\" style=\"background-color:#209898\"><a href=\"https:\/\/www.lavanguardia.com\/economia\/20250909\/11042160\/cooperativa-profesores-salva-escuela-anselm-clave-mollet-valles.html\"><strong>10\/09\/2025. LA VANGUARDIA<\/strong>: &#8220;Una cooperativa de profesores salva la escuela Anselm Clav\u00e9 de Mollet del Vall\u00e8s&#8221;<\/a><\/p>\n\n\n\n<p class=\"has-white-color has-text-color has-background has-link-color wp-elements-f224eb2d9b77b11d536b115ad09bcfe7\" style=\"background-color:#209898\"><a href=\"https:\/\/el9nou.cat\/valles-oriental\/actualitat\/lescola-anselm-clave-de-mollet-reneix-com-a-nou-clave\"><strong>07\/09\/2025. EL 9 NOU<\/strong>: &#8220;L\u2019escola Anselm Clav\u00e9 de Mollet reneix com a Nou Clav\u00e9&#8221;<\/a><\/p>\n\n\n\n<p class=\"has-white-color has-text-color has-background has-link-color wp-elements-21a320c344d216d334d671325257d48a\" style=\"background-color:#209898\"><a href=\"https:\/\/www.somvalles.cat\/noticia\/106725\/el-jutge-concedeix-als-mestres-la-propietat-de-lescola-anselm-clave-i-es-constitueix-com-a\"><strong>06\/09\/2025. somMOLLET<\/strong>: &#8220;L&#8217;escola Anselm Clav\u00e9 de Mollet es constitueix com a cooperativa per garantir la continu\u00eftat&#8221;<\/a><\/p>\n\n\n\n<p class=\"has-white-color has-text-color has-background has-link-color wp-elements-05aca027710587c78c8136c2a2138e91\" style=\"background-color:#209898\"><a href=\"https:\/\/www.radiomollet.com\/news\/id\/radiomollet_news_3514\"><strong>02\/09\/2025. 96.3. R\u00c0DIO MOLLET<\/strong>: &#8220;El Nou Clav\u00e9 Cooperativa, el projecte que assegura la continu\u00eftat de l\u2019escola&#8221;<\/a><\/p>\n\n\n\n<p><\/p>\n","protected":false},"excerpt":{"rendered":"<p>26\/01\/2026. EL DIARI DE L&#8217;EDUCACI\u00d3 : &#8220;Tres mesos que ho han canviat tot: el renaixement de la nostra escola com a cooperativa&#8221; 14\/01\/2026. EL JORNAL : &#8220;Tres mesos que ho han canviat tot: el renaixement de la nostra escola com a cooperativa&#8221; 14\/01\/2026. EL PERI\u00d3DICO : &#8220;Al curr\u00edculum de prim\u00e0ria i l\u2019ESO&#8221; 17\/12\/2025. SOM MOLLET [&hellip;]<\/p>\n","protected":false},"author":1,"featured_media":0,"parent":0,"menu_order":0,"comment_status":"closed","ping_status":"close","template":"","meta":{"_bbp_topic_count":0,"_bbp_reply_count":0,"_bbp_total_topic_count":0,"_bbp_total_reply_count":0,"_bbp_voice_count":0,"_bbp_anonymous_reply_count":0,"_bbp_topic_count_hidden":0,"_bbp_reply_count_hidden":0,"_bbp_forum_subforum_count":0,"site-sidebar-layout":"default","site-content-layout":"","ast-site-content-layout":"default","site-content-style":"default","site-sidebar-style":"default","ast-global-header-display":"","ast-banner-title-visibility":"","ast-main-header-display":"","ast-hfb-above-header-display":"","ast-hfb-below-header-display":"","ast-hfb-mobile-header-display":"","site-post-title":"","ast-breadcrumbs-content":"","ast-featured-img":"","footer-sml-layout":"","theme-transparent-header-meta":"","adv-header-id-meta":"","stick-header-meta":"","header-above-stick-meta":"","header-main-stick-meta":"","header-below-stick-meta":"","astra-migrate-meta-layouts":"set","ast-page-background-enabled":"default","ast-page-background-meta":{"desktop":{"background-color":"var(--ast-global-color-4)","background-image":"","background-repeat":"repeat","background-position":"center center","background-size":"auto","background-attachment":"scroll","background-type":"","background-media":"","overlay-type":"","overlay-color":"","overlay-opacity":"","overlay-gradient":""},"tablet":{"background-color":"","background-image":"","background-repeat":"repeat","background-position":"center center","background-size":"auto","background-attachment":"scroll","background-type":"","background-media":"","overlay-type":"","overlay-color":"","overlay-opacity":"","overlay-gradient":""},"mobile":{"background-color":"","background-image":"","background-repeat":"repeat","background-position":"center center","background-size":"auto","background-attachment":"scroll","background-type":"","background-media":"","overlay-type":"","overlay-color":"","overlay-opacity":"","overlay-gradient":""}},"ast-content-background-meta":{"desktop":{"background-color":"var(--ast-global-color-5)","background-image":"","background-repeat":"repeat","background-position":"center center","background-size":"auto","background-attachment":"scroll","background-type":"","background-media":"","overlay-type":"","overlay-color":"","overlay-opacity":"","overlay-gradient":""},"tablet":{"background-color":"var(--ast-global-color-5)","background-image":"","background-repeat":"repeat","background-position":"center center","background-size":"auto","background-attachment":"scroll","background-type":"","background-media":"","overlay-type":"","overlay-color":"","overlay-opacity":"","overlay-gradient":""},"mobile":{"background-color":"var(--ast-global-color-5)","background-image":"","background-repeat":"repeat","background-position":"center center","background-size":"auto","background-attachment":"scroll","background-type":"","background-media":"","overlay-type":"","overlay-color":"","overlay-opacity":"","overlay-gradient":""}},"footnotes":""},"class_list":["post-11786","page","type-page","status-publish","hentry"],"post_mailing_queue_ids":[],"_links":{"self":[{"href":"https:\/\/agora.xtec.cat\/escolanouclave\/wp-json\/wp\/v2\/pages\/11786","targetHints":{"allow":["GET"]}}],"collection":[{"href":"https:\/\/agora.xtec.cat\/escolanouclave\/wp-json\/wp\/v2\/pages"}],"about":[{"href":"https:\/\/agora.xtec.cat\/escolanouclave\/wp-json\/wp\/v2\/types\/page"}],"author":[{"embeddable":true,"href":"https:\/\/agora.xtec.cat\/escolanouclave\/wp-json\/wp\/v2\/users\/1"}],"replies":[{"embeddable":true,"href":"https:\/\/agora.xtec.cat\/escolanouclave\/wp-json\/wp\/v2\/comments?post=11786"}],"version-history":[{"count":6,"href":"https:\/\/agora.xtec.cat\/escolanouclave\/wp-json\/wp\/v2\/pages\/11786\/revisions"}],"predecessor-version":[{"id":12042,"href":"https:\/\/agora.xtec.cat\/escolanouclave\/wp-json\/wp\/v2\/pages\/11786\/revisions\/12042"}],"wp:attachment":[{"href":"https:\/\/agora.xtec.cat\/escolanouclave\/wp-json\/wp\/v2\/media?parent=11786"}],"curies":[{"name":"wp","href":"https:\/\/api.w.org\/{rel}","templated":true}]}}

<p class="has-white-color has-text-color has-background has-link-color wp-elements-d71abe9b72264d4796e008e572c79685" style="background-color:#209898"><a href="https://diarieducacio.cat/tres-mesos-que-ho-han-canviat-tot-el-renaixement-de-la-nostra-escola-com-a-cooperativa/"><strong>26/01/2026. EL DIARI DE L&#8217;EDUCACIÓ </strong>: &#8220;Tres mesos que ho han canviat tot: el renaixement de la nostra escola com a cooperativa&#8221;</a></p>



<p class="has-white-color has-text-color has-background has-link-color wp-elements-aee1dd8ae51219021e2165bbf21b4242" style="background-color:#209898"><a href="https://www.jornal.cat/opinio/39464/escola-cooperativa-nouclave"><strong>14/01/2026. EL JORNAL </strong>: &#8220;Tres mesos que ho han canviat tot: el renaixement de la nostra escola com a cooperativa&#8221;</a></p>



<p class="has-white-color has-text-color has-background has-link-color wp-elements-dc9ce892fdae3a957cc69bb054708a34" style="background-color:#209898"><a href="https://www.elperiodico.cat/ca/societat/20260114/curriculum-primaria-l-125656388"><strong>14/01/2026. EL PERIÓDICO </strong>: &#8220;Al currículum de primària i l’ESO&#8221;</a></p>



<p class="has-white-color has-text-color has-background has-link-color wp-elements-07b49bd88d2e8660a9c78eae60b9abbc" style="background-color:#209898"><a href="https://www.sommollet.cat/noticia/109235/els-premis-joan-aliguer-reconeixen-la-poesia-de-dos-estudiants-molletans"><strong>17/12/2025. SOM MOLLET </strong>: &#8220;Els Premis Joan Aliguer reconeixen la poesia de dos estudiants molletans&#8221;</a></p>



<p class="has-white-color has-text-color has-background has-link-color wp-elements-d73ad86bc0772ca200cb11a1e910e21e" style="background-color:#209898"><a href="https://molletviu.com/2025/12/16/exit-de-participacio-i-consolidacio-del-premi-de-poesia-joan-aliguer-a-mollet-del-valles/"><strong>16/12/2025.  MOLLET VIU </strong>: &#8220;Èxit de participació i consolidació del Premi de Poesia Joan Aliguer a Mollet del Vallès&#8221;</a></p>



<p class="has-white-color has-text-color has-background has-link-color wp-elements-130e718d527ac5e6cab7f0658c5ebab7" style="background-color:#209898"><a href="https://www.radiomollet.com/news/id/radiomollet_news_3625"><strong>15/12/2025. RÀDIO MOLLET </strong>: &#8220;Júlia Álvarez i Haoyu Ji guanyen la primera edició del Premi Petit Aliguer&#8221;</a></p>



<p class="has-white-color has-text-color has-background has-link-color wp-elements-e66f5f494041dc73c3389d17e2a08eba" style="background-color:#209898"><a href="https://www.vallesvisio.cat/2025/11/05/el-cem-amplia-els-guardons-per-fomentar-la-recerca-sobre-mollet-i-el-baix-valles/"><strong>7/11/2025. VALLÈS VISIÓ </strong>: &#8220;El CEM amplia els guardons per fomentar la recerca sobre Mollet i el Baix Vallès&#8221;</a></p>



<p class="has-white-color has-text-color has-background has-link-color wp-elements-e1f40838294b3b35866601485828e9bc" style="background-color:#209898"><a href="https://www.sommollet.cat/noticia/108183/lajuntament-i-el-centre-destudis-molletans-premien-la-recerca-molletana"><strong>7/11/2025. Som MOLLET</strong>: &#8220;Les Beques de Recerca Vicenç Plantada premien un treball sobre els refugiats de la Guerra Civil a Mollet&#8221;</a></p>



<p class="has-white-color has-text-color has-background has-link-color wp-elements-d3f0c97754de3b0631f9abcd06014bad" style="background-color:#209898"><a href="https://www.molletvalles.cat/ca/actualitat/noticies/el-xxvi-premi-juvenil-vicenc-plantada-reconeix-tres-treballs-d2019estudiants-del-municipi"><strong>6/11/2025. AJUNTAMENT DE MOLLET</strong>: &#8220;El XXVI Premi Juvenil Vicenç Plantada reconeix tres treballs d’estudiants del municipi&#8221;</a></p>



<p class="has-white-color has-text-color has-background has-link-color wp-elements-0164495bdc4cc21020041ecbc6d39639" style="background-color:#209898"><a href="https://https://www.radiomollet.com/programs/posalespiles/radiomollet_podcast_32729"><strong>29/10/2025. RÀDIO MOLLET</strong>: &#8220;L’alumnat de 1r d’ESO visita Ràdio Mollet i participa al programa “Posa’t les piles”&#8221;</a></p>



<p class="has-white-color has-text-color has-background has-link-color wp-elements-5965de71c067abf547697160e94e6c86" style="background-color:#209898"><a href="https://www.jornal.cat/noticia/39338/nou-clave-cooperativa"><strong>24/10/2025. EL JORNAL</strong>: &#8220;Nou Clavé, l’escola de Mollet del Vallès que abans era concertada i que ha esdevingut cooperativa&#8221;</a></p>



<p class="has-white-color has-text-color has-background has-link-color wp-elements-02f10bde27c0f7f4a6f980bdeb8356a0" style="background-color:#209898"><a href="https://www.vallesvisio.cat/2025/10/26/les-escoles-de-mollet-participen-en-la-setmana-bio-amb-tallers-sobre-produccio-ecologica/"><strong>27/10/2025. VALLÈS VISIÓ</strong>: &#8220;Les escoles de Mollet participen en la Setmana Bio amb tallers sobre producció ecològica&#8221;</a></p>



<p class="has-white-color has-text-color has-background has-link-color wp-elements-34187fb96d762467b185b1b54ffaf449" style="background-color:#209898"><a href="htps://cadenaser.com/cataluna/2025/09/12/lescola-salvada-per-families-i-professors-es-quedaven-sense-escolaritzar-300-alumnes-sercat"><strong>12/09/2025. SER</strong>: &#8220;L&#8217;escola salvada per famílies i professors: Es quedaven sense escolaritzar 300 alumnes&#8221;</a></p>



<p class="has-white-color has-text-color has-background has-link-color wp-elements-5037caeffe3927ec64ce1679b3cd9210" style="background-color:#209898"><a href="https://www.3cat.cat/324/reobre-lescola-de-mollet-en-fallida-i-es-converteix-en-cooperativa/noticia-amp/3369183"><strong>11/09/2025. 3CAT</strong>: &#8220;Reobre l&#8217;escola de Mollet en fallida i es converteix en cooperativa&#8221;</a></p>



<p class="has-white-color has-text-color has-background has-link-color wp-elements-8d0ebea95fd82ad0bd362389d788e3d0" style="background-color:#209898"><a href="https://www.lavanguardia.com/economia/20250909/11042160/cooperativa-profesores-salva-escuela-anselm-clave-mollet-valles.html"><strong>10/09/2025. LA VANGUARDIA</strong>: &#8220;Una cooperativa de profesores salva la escuela Anselm Clavé de Mollet del Vallès&#8221;</a></p>



<p class="has-white-color has-text-color has-background has-link-color wp-elements-f224eb2d9b77b11d536b115ad09bcfe7" style="background-color:#209898"><a href="https://el9nou.cat/valles-oriental/actualitat/lescola-anselm-clave-de-mollet-reneix-com-a-nou-clave"><strong>07/09/2025. EL 9 NOU</strong>: &#8220;L’escola Anselm Clavé de Mollet reneix com a Nou Clavé&#8221;</a></p>



<p class="has-white-color has-text-color has-background has-link-color wp-elements-21a320c344d216d334d671325257d48a" style="background-color:#209898"><a href="https://www.somvalles.cat/noticia/106725/el-jutge-concedeix-als-mestres-la-propietat-de-lescola-anselm-clave-i-es-constitueix-com-a"><strong>06/09/2025. somMOLLET</strong>: &#8220;L&#8217;escola Anselm Clavé de Mollet es constitueix com a cooperativa per garantir la continuïtat&#8221;</a></p>



<p class="has-white-color has-text-color has-background has-link-color wp-elements-05aca027710587c78c8136c2a2138e91" style="background-color:#209898"><a href="https://www.radiomollet.com/news/id/radiomollet_news_3514"><strong>02/09/2025. 96.3. RÀDIO MOLLET</strong>: &#8220;El Nou Clavé Cooperativa, el projecte que assegura la continuïtat de l’escola&#8221;</a></p>



<p></p>

<p>26/01/2026. EL DIARI DE L&#8217;EDUCACIÓ : &#8220;Tres mesos que ho han canviat tot: el renaixement de la nostra escola com a cooperativa&#8221; 14/01/2026. EL JORNAL : &#8220;Tres mesos que ho han canviat tot: el renaixement de la nostra escola com a cooperativa&#8221; 14/01/2026. EL PERIÓDICO : &#8220;Al currículum de primària i l’ESO&#8221; 17/12/2025. SOM MOLLET [&hellip;]</p>
