{"id":11647,"date":"2025-07-13T10:24:55","date_gmt":"2025-07-13T08:24:55","guid":{"rendered":"https:\/\/agora.xtec.cat\/escolanouclave\/?page_id=11647"},"modified":"2025-09-24T19:46:29","modified_gmt":"2025-09-24T17:46:29","slug":"calendari-curs-2025-2026","status":"publish","type":"page","link":"https:\/\/agora.xtec.cat\/escolanouclave\/calendari-curs-2025-2026\/","title":{"rendered":"Calendari curs 2025 &#8211; 2026"},"content":{"rendered":"\n<figure class=\"wp-block-image size-large\"><a href=\"https:\/\/agora.xtec.cat\/escolanouclave\/wp-content\/uploads\/usu1363\/2025\/09\/1000019110.jpg\"><img loading=\"lazy\" decoding=\"async\" width=\"724\" height=\"1024\" src=\"https:\/\/agora.xtec.cat\/escolanouclave\/wp-content\/uploads\/usu1363\/2025\/09\/1000019110-724x1024.jpg\" alt=\"\" class=\"wp-image-11803\" srcset=\"https:\/\/agora.xtec.cat\/escolanouclave\/wp-content\/uploads\/usu1363\/2025\/09\/1000019110-724x1024.jpg 724w, https:\/\/agora.xtec.cat\/escolanouclave\/wp-content\/uploads\/usu1363\/2025\/09\/1000019110-212x300.jpg 212w, https:\/\/agora.xtec.cat\/escolanouclave\/wp-content\/uploads\/usu1363\/2025\/09\/1000019110-768x1086.jpg 768w, https:\/\/agora.xtec.cat\/escolanouclave\/wp-content\/uploads\/usu1363\/2025\/09\/1000019110-1086x1536.jpg 1086w, https:\/\/agora.xtec.cat\/escolanouclave\/wp-content\/uploads\/usu1363\/2025\/09\/1000019110-1448x2048.jpg 1448w, https:\/\/agora.xtec.cat\/escolanouclave\/wp-content\/uploads\/usu1363\/2025\/09\/1000019110.jpg 1587w\" sizes=\"auto, (max-width: 724px) 100vw, 724px\" \/><\/a><\/figure>\n\n\n\n\n\n<p class=\"has-medium-font-size\"><strong>Inici de curs<\/strong><br><\/p>\n\n\n\n<p>8 de setembre de 2025: Comen\u00e7a el curs per a Educaci\u00f3 Infantil (segon cicle, 3\u20116\u202fanys), Prim\u00e0ria i ESO.<\/p>\n\n\n\n<p class=\"has-medium-font-size\"><strong>Vacances escolars<\/strong><br><\/p>\n\n\n\n<p class=\"has-medium-font-size\">Nadal: del 20 de desembre de 2025 al 7 de gener de 2026, ambd\u00f3s inclosos.<\/p>\n\n\n\n<p class=\"has-medium-font-size\">Setmana Santa: del 28 de mar\u00e7 al 6 d\u2019abril de 2026, ambd\u00f3s inclosos.<\/p>\n\n\n\n<p><\/p>\n\n\n\n<p class=\"has-medium-font-size\"><strong>Final del curs<\/strong><\/p>\n\n\n\n<p class=\"has-medium-font-size\">19 de juny de 2026: \u00daltim dia de classe per a Infantil (3\u20116\u202fanys), Prim\u00e0ria i ESO.<\/p>\n\n\n\n<p><\/p>\n\n\n\n<h4 class=\"wp-block-heading has-medium-font-size\"><strong>Dies festius locals, nacionals i de lliure disposici\u00f3 de centre:<\/strong><\/h4>\n\n\n\n<p><strong>\u202211 de setembre de 2025<\/strong> (Festiu : Diada de Catalunya)<\/p>\n\n\n\n<p><strong>\u202231 d<\/strong>&#8216;<strong>octubre de 2025 <\/strong>(Festiu: Lliure disposici\u00f3 de centre)<\/p>\n\n\n\n<p><strong>\u20221 de novembre de 2025 <\/strong>(Festiu: Tots Sants)<\/p>\n\n\n\n<p><strong>\u20225 de desembre de 2025<\/strong>&nbsp;(Festiu: Lliure disposici\u00f3 de centre)<\/p>\n\n\n\n<p><strong>\u20226 de desembre de 2025<\/strong>&nbsp;(Festiu: Constituci\u00f3)<\/p>\n\n\n\n<p><strong>\u20228 de desembre de 2025<\/strong>&nbsp;(Festiu: Immaculada Concepci\u00f3)<\/p>\n\n\n\n<p><strong>\u202222 de gener de 2026 <\/strong>(Festiu: Sant Vicen\u00e7)<\/p>\n\n\n\n<p><strong>\u202216 de febrer de 2026 <\/strong>(Festiu: Lliure disposici\u00f3 de centre)<\/p>\n\n\n\n<p><strong>\u20221 de maig de 2026<\/strong>&nbsp;(Festiu: Dia del Treballador)<\/p>\n\n\n\n<p><strong>\u20224 de maig de 2026<\/strong>&nbsp;(Festiu: Lliure disposici\u00f3 de centre)<\/p>\n\n\n\n<p><strong>\u202225 de maig de 2026<\/strong>&nbsp;(Festiu: Lliure disposici\u00f3 de centre)<\/p>\n\n\n\n<p><\/p>\n\n\n\n<p><\/p>\n\n\n\n<p>L\u2019<strong>horari lectiu<\/strong> del centre \u00e9s de 8 a 13h i de 15h a 17h (ESO) i de 9 a 13h i de 15h a 17h (Educaci\u00f3 Infantil i Prim\u00e0ria).<\/p>\n","protected":false},"excerpt":{"rendered":"<p>Inici de curs 8 de setembre de 2025: Comen\u00e7a el curs per a Educaci\u00f3 Infantil (segon cicle, 3\u20116\u202fanys), Prim\u00e0ria i ESO. Vacances escolars Nadal: del 20 de desembre de 2025 al 7 de gener de 2026, ambd\u00f3s inclosos. Setmana Santa: del 28 de mar\u00e7 al 6 d\u2019abril de 2026, ambd\u00f3s inclosos. Final del curs 19 [&hellip;]<\/p>\n","protected":false},"author":1,"featured_media":0,"parent":0,"menu_order":0,"comment_status":"closed","ping_status":"close","template":"","meta":{"_bbp_topic_count":0,"_bbp_reply_count":0,"_bbp_total_topic_count":0,"_bbp_total_reply_count":0,"_bbp_voice_count":0,"_bbp_anonymous_reply_count":0,"_bbp_topic_count_hidden":0,"_bbp_reply_count_hidden":0,"_bbp_forum_subforum_count":0,"site-sidebar-layout":"default","site-content-layout":"","ast-site-content-layout":"default","site-content-style":"default","site-sidebar-style":"default","ast-global-header-display":"","ast-banner-title-visibility":"","ast-main-header-display":"","ast-hfb-above-header-display":"","ast-hfb-below-header-display":"","ast-hfb-mobile-header-display":"","site-post-title":"","ast-breadcrumbs-content":"","ast-featured-img":"","footer-sml-layout":"","theme-transparent-header-meta":"","adv-header-id-meta":"","stick-header-meta":"","header-above-stick-meta":"","header-main-stick-meta":"","header-below-stick-meta":"","astra-migrate-meta-layouts":"set","ast-page-background-enabled":"default","ast-page-background-meta":{"desktop":{"background-color":"var(--ast-global-color-4)","background-image":"","background-repeat":"repeat","background-position":"center center","background-size":"auto","background-attachment":"scroll","background-type":"","background-media":"","overlay-type":"","overlay-color":"","overlay-opacity":"","overlay-gradient":""},"tablet":{"background-color":"","background-image":"","background-repeat":"repeat","background-position":"center center","background-size":"auto","background-attachment":"scroll","background-type":"","background-media":"","overlay-type":"","overlay-color":"","overlay-opacity":"","overlay-gradient":""},"mobile":{"background-color":"","background-image":"","background-repeat":"repeat","background-position":"center center","background-size":"auto","background-attachment":"scroll","background-type":"","background-media":"","overlay-type":"","overlay-color":"","overlay-opacity":"","overlay-gradient":""}},"ast-content-background-meta":{"desktop":{"background-color":"var(--ast-global-color-5)","background-image":"","background-repeat":"repeat","background-position":"center center","background-size":"auto","background-attachment":"scroll","background-type":"","background-media":"","overlay-type":"","overlay-color":"","overlay-opacity":"","overlay-gradient":""},"tablet":{"background-color":"var(--ast-global-color-5)","background-image":"","background-repeat":"repeat","background-position":"center center","background-size":"auto","background-attachment":"scroll","background-type":"","background-media":"","overlay-type":"","overlay-color":"","overlay-opacity":"","overlay-gradient":""},"mobile":{"background-color":"var(--ast-global-color-5)","background-image":"","background-repeat":"repeat","background-position":"center center","background-size":"auto","background-attachment":"scroll","background-type":"","background-media":"","overlay-type":"","overlay-color":"","overlay-opacity":"","overlay-gradient":""}},"footnotes":""},"class_list":["post-11647","page","type-page","status-publish","hentry"],"post_mailing_queue_ids":[],"_links":{"self":[{"href":"https:\/\/agora.xtec.cat\/escolanouclave\/wp-json\/wp\/v2\/pages\/11647","targetHints":{"allow":["GET"]}}],"collection":[{"href":"https:\/\/agora.xtec.cat\/escolanouclave\/wp-json\/wp\/v2\/pages"}],"about":[{"href":"https:\/\/agora.xtec.cat\/escolanouclave\/wp-json\/wp\/v2\/types\/page"}],"author":[{"embeddable":true,"href":"https:\/\/agora.xtec.cat\/escolanouclave\/wp-json\/wp\/v2\/users\/1"}],"replies":[{"embeddable":true,"href":"https:\/\/agora.xtec.cat\/escolanouclave\/wp-json\/wp\/v2\/comments?post=11647"}],"version-history":[{"count":6,"href":"https:\/\/agora.xtec.cat\/escolanouclave\/wp-json\/wp\/v2\/pages\/11647\/revisions"}],"predecessor-version":[{"id":11807,"href":"https:\/\/agora.xtec.cat\/escolanouclave\/wp-json\/wp\/v2\/pages\/11647\/revisions\/11807"}],"wp:attachment":[{"href":"https:\/\/agora.xtec.cat\/escolanouclave\/wp-json\/wp\/v2\/media?parent=11647"}],"curies":[{"name":"wp","href":"https:\/\/api.w.org\/{rel}","templated":true}]}}

<figure class="wp-block-image size-large"><a href="https://agora.xtec.cat/escolanouclave/wp-content/uploads/usu1363/2025/09/1000019110.jpg"><img loading="lazy" decoding="async" width="724" height="1024" src="https://agora.xtec.cat/escolanouclave/wp-content/uploads/usu1363/2025/09/1000019110-724x1024.jpg" alt="" class="wp-image-11803" srcset="https://agora.xtec.cat/escolanouclave/wp-content/uploads/usu1363/2025/09/1000019110-724x1024.jpg 724w, https://agora.xtec.cat/escolanouclave/wp-content/uploads/usu1363/2025/09/1000019110-212x300.jpg 212w, https://agora.xtec.cat/escolanouclave/wp-content/uploads/usu1363/2025/09/1000019110-768x1086.jpg 768w, https://agora.xtec.cat/escolanouclave/wp-content/uploads/usu1363/2025/09/1000019110-1086x1536.jpg 1086w, https://agora.xtec.cat/escolanouclave/wp-content/uploads/usu1363/2025/09/1000019110-1448x2048.jpg 1448w, https://agora.xtec.cat/escolanouclave/wp-content/uploads/usu1363/2025/09/1000019110.jpg 1587w" sizes="auto, (max-width: 724px) 100vw, 724px" /></a></figure>





<p class="has-medium-font-size"><strong>Inici de curs</strong><br></p>



<p>8 de setembre de 2025: Comença el curs per a Educació Infantil (segon cicle, 3‑6 anys), Primària i ESO.</p>



<p class="has-medium-font-size"><strong>Vacances escolars</strong><br></p>



<p class="has-medium-font-size">Nadal: del 20 de desembre de 2025 al 7 de gener de 2026, ambdós inclosos.</p>



<p class="has-medium-font-size">Setmana Santa: del 28 de març al 6 d’abril de 2026, ambdós inclosos.</p>



<p></p>



<p class="has-medium-font-size"><strong>Final del curs</strong></p>



<p class="has-medium-font-size">19 de juny de 2026: Últim dia de classe per a Infantil (3‑6 anys), Primària i ESO.</p>



<p></p>



<h4 class="wp-block-heading has-medium-font-size"><strong>Dies festius locals, nacionals i de lliure disposició de centre:</strong></h4>



<p><strong>•11 de setembre de 2025</strong> (Festiu : Diada de Catalunya)</p>



<p><strong>•31 d</strong>&#8216;<strong>octubre de 2025 </strong>(Festiu: Lliure disposició de centre)</p>



<p><strong>•1 de novembre de 2025 </strong>(Festiu: Tots Sants)</p>



<p><strong>•5 de desembre de 2025</strong>&nbsp;(Festiu: Lliure disposició de centre)</p>



<p><strong>•6 de desembre de 2025</strong>&nbsp;(Festiu: Constitució)</p>



<p><strong>•8 de desembre de 2025</strong>&nbsp;(Festiu: Immaculada Concepció)</p>



<p><strong>•22 de gener de 2026 </strong>(Festiu: Sant Vicenç)</p>



<p><strong>•16 de febrer de 2026 </strong>(Festiu: Lliure disposició de centre)</p>



<p><strong>•1 de maig de 2026</strong>&nbsp;(Festiu: Dia del Treballador)</p>



<p><strong>•4 de maig de 2026</strong>&nbsp;(Festiu: Lliure disposició de centre)</p>



<p><strong>•25 de maig de 2026</strong>&nbsp;(Festiu: Lliure disposició de centre)</p>



<p></p>



<p></p>



<p>L’<strong>horari lectiu</strong> del centre és de 8 a 13h i de 15h a 17h (ESO) i de 9 a 13h i de 15h a 17h (Educació Infantil i Primària).</p>

<p>Inici de curs 8 de setembre de 2025: Comença el curs per a Educació Infantil (segon cicle, 3‑6 anys), Primària i ESO. Vacances escolars Nadal: del 20 de desembre de 2025 al 7 de gener de 2026, ambdós inclosos. Setmana Santa: del 28 de març al 6 d’abril de 2026, ambdós inclosos. Final del curs 19 [&hellip;]</p>
