{"id":11634,"date":"2025-07-10T12:49:56","date_gmt":"2025-07-10T10:49:56","guid":{"rendered":"https:\/\/agora.xtec.cat\/escolanouclave\/?page_id=11634"},"modified":"2026-01-26T08:58:25","modified_gmt":"2026-01-26T07:58:25","slug":"organigrama","status":"publish","type":"page","link":"https:\/\/agora.xtec.cat\/escolanouclave\/organigrama\/","title":{"rendered":"Organigrama"},"content":{"rendered":"\n<p class=\"has-white-color has-text-color has-background has-link-color has-medium-font-size wp-elements-d08f728ffb6695b28d2327119338e0f2\" style=\"background-color:#3b8283\"><strong>EQUIP DIRECTIU<\/strong><\/p>\n\n\n\n<p><strong>DIRECCI\u00d3 PEDAG\u00d2GICA: <\/strong>Juan Carlos Reigosa<\/p>\n\n\n\n<p><strong>CAP D&#8217;ESTUDIS I COORDINACI\u00d3 D&#8217;ESO:<\/strong> Mar\u00eda Jurado<\/p>\n\n\n\n<p><strong>COORDINACI\u00d3 D&#8217;EDUCACI\u00d3 PRIM\u00c0RIA: <\/strong>Anna Canals<\/p>\n\n\n\n<p><strong>COORDINACI\u00d3 D&#8217;EDUCACI\u00d3 INFANTIL:<\/strong> Laura Aranda<\/p>\n\n\n\n<p><\/p>\n\n\n\n<p class=\"has-white-color has-text-color has-background has-link-color has-medium-font-size wp-elements-8a2732ab7a1adb18960df895a7a625cf\" style=\"background-color:#3b8283\"><strong>CONSELL RECTOR<\/strong><\/p>\n\n\n\n<p><strong>PRESIDENT<\/strong>: Miquel Rico<\/p>\n\n\n\n<p><strong>SECRETARI:<\/strong> Adri\u00e0 del Val <\/p>\n\n\n\n<p><strong>VOCALS:<\/strong> Esther P\u00e1ez i Soledad P\u00e9rez de Burgos<\/p>\n\n\n\n<p class=\"has-white-color has-text-color has-background has-link-color has-medium-font-size wp-elements-8012ecb5c7c87c1fce7547aaf9b8caaa\" style=\"background-color:#6aa2a7\"><strong>EQUIP PSICOPEDAG\u00d2GIC<\/strong><\/p>\n\n\n\n<p>M. Carmen Vargas, Laura Aranda i Georgina Eixarch<\/p>\n\n\n\n<p class=\"has-white-color has-ast-global-color-0-background-color has-text-color has-background has-link-color has-medium-font-size wp-elements-f112629473183e38e212ff5a3b392663\"><strong>TUTORIES<\/strong><\/p>\n\n\n\n<div class=\"wp-block-columns is-layout-flex wp-container-core-columns-is-layout-1 wp-block-columns-is-layout-flex\" style=\"padding-top:0;padding-bottom:0\">\n<div class=\"wp-block-column is-layout-flow wp-block-column-is-layout-flow\" style=\"padding-top:var(--wp--preset--spacing--50);padding-bottom:var(--wp--preset--spacing--50)\">\n<p><strong>EDUCACI\u00d3 INFANTIL<\/strong><\/p>\n\n\n\n<p><strong><strong>I3<\/strong>: <\/strong>Nat\u00e0lia D\u00edaz<\/p>\n\n\n\n<p><strong>I4<\/strong>: Gl\u00f2ria Guzm\u00e1n<\/p>\n\n\n\n<p><strong>I5<\/strong>: Marta Garcia<\/p>\n<\/div>\n\n\n\n<div class=\"wp-block-column is-layout-flow wp-block-column-is-layout-flow\" style=\"padding-top:var(--wp--preset--spacing--50);padding-bottom:var(--wp--preset--spacing--50)\">\n<p><strong>EDUCACI\u00d3 PRIM\u00c0RIA<\/strong><\/p>\n\n\n\n<p><strong>1r<\/strong>: Teresa Ban\u00fas<\/p>\n\n\n\n<p><strong>2n<\/strong>: Gisela Eixarch<\/p>\n\n\n\n<p><strong>3r<\/strong>: Ignasi Vallesp\u00ed<\/p>\n\n\n\n<p><strong>4t: <\/strong>Mireia Ferr\u00e9s<\/p>\n\n\n\n<p><strong>5\u00e8<\/strong>: Esther P\u00e1ez<\/p>\n\n\n\n<p><strong>6\u00e8<\/strong>: Georgina Eixarch<\/p>\n<\/div>\n\n\n\n<div class=\"wp-block-column is-layout-flow wp-block-column-is-layout-flow\" style=\"padding-top:var(--wp--preset--spacing--50);padding-bottom:var(--wp--preset--spacing--50)\">\n<p><strong>EDUCACI\u00d3 SECUND\u00c0RIA<\/strong><\/p>\n\n\n\n<p><strong>1r d&#8217;ESO:<\/strong> Gerard Canals<\/p>\n\n\n\n<p><strong>2n d&#8217;ESO<\/strong>: Merc\u00e8 Esteban<\/p>\n\n\n\n<p><strong>3r d&#8217;ESO<\/strong>: Adri\u00e0 del Val<\/p>\n\n\n\n<p><strong>4t d&#8217;ESO<\/strong>: Miquel Rico<\/p>\n<\/div>\n<\/div>\n\n\n\n<p class=\"has-white-color has-text-color has-background has-link-color wp-elements-325714f02e9b5b1be67d154a8d5980cf\" style=\"background-color:#40bdba\"><strong>ESPECIALISTES<\/strong><\/p>\n\n\n\n<p><strong>LLENG\u00dcES:<\/strong> Merc\u00e8 Esteban, Juan Carlos Reigosa, Janet Pinedo i Soledad P\u00e9rez de Burgos<\/p>\n\n\n\n<p><strong>LLENG\u00dcES ESTRANGERES:<\/strong> S\u00f2nia Huerva, Marta Garc\u00eda, Merc\u00e8 Esteban, Rut Mart\u00ednez i Elena Kostyuk<\/p>\n\n\n\n<p><strong>M\u00daSICA:<\/strong> Anna Canals i Esther P\u00e1ez<\/p>\n\n\n\n<p><strong>EDUCACI\u00d3 F\u00cdSICA:<\/strong> Gl\u00f2ria Guzm\u00e1n, Gisela Eixarch, Ignasi Vallesp\u00ed i Merc\u00e8 Esteban<\/p>\n\n\n\n<p><strong>CI\u00c8NCIES DE LA NATURALESA: <\/strong>Adri\u00e0 del Val<\/p>\n\n\n\n<p><strong>MATEM\u00c0TIQUES:<\/strong> Mar\u00eda Jurado<\/p>\n\n\n\n<p><strong>CI\u00c8NCIES SOCIALS I HUMANES:<\/strong> Miquel Rico<\/p>\n\n\n\n<p><strong>TECNOLOGIA: <\/strong>Gerard Canals<\/p>\n\n\n\n<p><strong>COMPET\u00c8NCIA DIGITAL:<\/strong> Gerard Canals, Anna Canals, Miquel Rico i Ignasi Vallesp\u00ed<\/p>\n\n\n\n<p><strong>AULA D&#8217;ACOLLIDA:<\/strong> Sandra Torrent<\/p>\n\n\n\n<p><strong>SECRETARIA:<\/strong> Lidia Ganduxer i Janet Pinedo<\/p>\n\n\n\n<figure class=\"wp-block-image size-large\"><a href=\"https:\/\/agora.xtec.cat\/escolanouclave\/wp-content\/uploads\/usu1363\/2025\/09\/Presentacio-NOU-CLAVE.png\"><img loading=\"lazy\" decoding=\"async\" width=\"1024\" height=\"576\" src=\"https:\/\/agora.xtec.cat\/escolanouclave\/wp-content\/uploads\/usu1363\/2025\/09\/Presentacio-NOU-CLAVE-1024x576.png\" alt=\"\" class=\"wp-image-11767\" srcset=\"https:\/\/agora.xtec.cat\/escolanouclave\/wp-content\/uploads\/usu1363\/2025\/09\/Presentacio-NOU-CLAVE-1024x576.png 1024w, https:\/\/agora.xtec.cat\/escolanouclave\/wp-content\/uploads\/usu1363\/2025\/09\/Presentacio-NOU-CLAVE-300x169.png 300w, https:\/\/agora.xtec.cat\/escolanouclave\/wp-content\/uploads\/usu1363\/2025\/09\/Presentacio-NOU-CLAVE-768x432.png 768w, https:\/\/agora.xtec.cat\/escolanouclave\/wp-content\/uploads\/usu1363\/2025\/09\/Presentacio-NOU-CLAVE-1536x864.png 1536w, https:\/\/agora.xtec.cat\/escolanouclave\/wp-content\/uploads\/usu1363\/2025\/09\/Presentacio-NOU-CLAVE.png 1920w\" sizes=\"auto, (max-width: 1024px) 100vw, 1024px\" \/><\/a><\/figure>\n","protected":false},"excerpt":{"rendered":"<p>EQUIP DIRECTIU DIRECCI\u00d3 PEDAG\u00d2GICA: Juan Carlos Reigosa CAP D&#8217;ESTUDIS I COORDINACI\u00d3 D&#8217;ESO: Mar\u00eda Jurado COORDINACI\u00d3 D&#8217;EDUCACI\u00d3 PRIM\u00c0RIA: Anna Canals COORDINACI\u00d3 D&#8217;EDUCACI\u00d3 INFANTIL: Laura Aranda CONSELL RECTOR PRESIDENT: Miquel Rico SECRETARI: Adri\u00e0 del Val VOCALS: Esther P\u00e1ez i Soledad P\u00e9rez de Burgos EQUIP PSICOPEDAG\u00d2GIC M. Carmen Vargas, Laura Aranda i Georgina Eixarch TUTORIES EDUCACI\u00d3 INFANTIL I3: [&hellip;]<\/p>\n","protected":false},"author":1,"featured_media":0,"parent":0,"menu_order":0,"comment_status":"closed","ping_status":"close","template":"","meta":{"_bbp_topic_count":0,"_bbp_reply_count":0,"_bbp_total_topic_count":0,"_bbp_total_reply_count":0,"_bbp_voice_count":0,"_bbp_anonymous_reply_count":0,"_bbp_topic_count_hidden":0,"_bbp_reply_count_hidden":0,"_bbp_forum_subforum_count":0,"site-sidebar-layout":"default","site-content-layout":"","ast-site-content-layout":"default","site-content-style":"default","site-sidebar-style":"default","ast-global-header-display":"","ast-banner-title-visibility":"","ast-main-header-display":"","ast-hfb-above-header-display":"","ast-hfb-below-header-display":"","ast-hfb-mobile-header-display":"","site-post-title":"","ast-breadcrumbs-content":"","ast-featured-img":"","footer-sml-layout":"","theme-transparent-header-meta":"","adv-header-id-meta":"","stick-header-meta":"","header-above-stick-meta":"","header-main-stick-meta":"","header-below-stick-meta":"","astra-migrate-meta-layouts":"set","ast-page-background-enabled":"default","ast-page-background-meta":{"desktop":{"background-color":"var(--ast-global-color-4)","background-image":"","background-repeat":"repeat","background-position":"center center","background-size":"auto","background-attachment":"scroll","background-type":"","background-media":"","overlay-type":"","overlay-color":"","overlay-opacity":"","overlay-gradient":""},"tablet":{"background-color":"","background-image":"","background-repeat":"repeat","background-position":"center center","background-size":"auto","background-attachment":"scroll","background-type":"","background-media":"","overlay-type":"","overlay-color":"","overlay-opacity":"","overlay-gradient":""},"mobile":{"background-color":"","background-image":"","background-repeat":"repeat","background-position":"center center","background-size":"auto","background-attachment":"scroll","background-type":"","background-media":"","overlay-type":"","overlay-color":"","overlay-opacity":"","overlay-gradient":""}},"ast-content-background-meta":{"desktop":{"background-color":"var(--ast-global-color-5)","background-image":"","background-repeat":"repeat","background-position":"center center","background-size":"auto","background-attachment":"scroll","background-type":"","background-media":"","overlay-type":"","overlay-color":"","overlay-opacity":"","overlay-gradient":""},"tablet":{"background-color":"var(--ast-global-color-5)","background-image":"","background-repeat":"repeat","background-position":"center center","background-size":"auto","background-attachment":"scroll","background-type":"","background-media":"","overlay-type":"","overlay-color":"","overlay-opacity":"","overlay-gradient":""},"mobile":{"background-color":"var(--ast-global-color-5)","background-image":"","background-repeat":"repeat","background-position":"center center","background-size":"auto","background-attachment":"scroll","background-type":"","background-media":"","overlay-type":"","overlay-color":"","overlay-opacity":"","overlay-gradient":""}},"footnotes":""},"class_list":["post-11634","page","type-page","status-publish","hentry"],"post_mailing_queue_ids":[],"_links":{"self":[{"href":"https:\/\/agora.xtec.cat\/escolanouclave\/wp-json\/wp\/v2\/pages\/11634","targetHints":{"allow":["GET"]}}],"collection":[{"href":"https:\/\/agora.xtec.cat\/escolanouclave\/wp-json\/wp\/v2\/pages"}],"about":[{"href":"https:\/\/agora.xtec.cat\/escolanouclave\/wp-json\/wp\/v2\/types\/page"}],"author":[{"embeddable":true,"href":"https:\/\/agora.xtec.cat\/escolanouclave\/wp-json\/wp\/v2\/users\/1"}],"replies":[{"embeddable":true,"href":"https:\/\/agora.xtec.cat\/escolanouclave\/wp-json\/wp\/v2\/comments?post=11634"}],"version-history":[{"count":6,"href":"https:\/\/agora.xtec.cat\/escolanouclave\/wp-json\/wp\/v2\/pages\/11634\/revisions"}],"predecessor-version":[{"id":12044,"href":"https:\/\/agora.xtec.cat\/escolanouclave\/wp-json\/wp\/v2\/pages\/11634\/revisions\/12044"}],"wp:attachment":[{"href":"https:\/\/agora.xtec.cat\/escolanouclave\/wp-json\/wp\/v2\/media?parent=11634"}],"curies":[{"name":"wp","href":"https:\/\/api.w.org\/{rel}","templated":true}]}}

<p class="has-white-color has-text-color has-background has-link-color has-medium-font-size wp-elements-d08f728ffb6695b28d2327119338e0f2" style="background-color:#3b8283"><strong>EQUIP DIRECTIU</strong></p>



<p><strong>DIRECCIÓ PEDAGÒGICA: </strong>Juan Carlos Reigosa</p>



<p><strong>CAP D&#8217;ESTUDIS I COORDINACIÓ D&#8217;ESO:</strong> María Jurado</p>



<p><strong>COORDINACIÓ D&#8217;EDUCACIÓ PRIMÀRIA: </strong>Anna Canals</p>



<p><strong>COORDINACIÓ D&#8217;EDUCACIÓ INFANTIL:</strong> Laura Aranda</p>



<p></p>



<p class="has-white-color has-text-color has-background has-link-color has-medium-font-size wp-elements-8a2732ab7a1adb18960df895a7a625cf" style="background-color:#3b8283"><strong>CONSELL RECTOR</strong></p>



<p><strong>PRESIDENT</strong>: Miquel Rico</p>



<p><strong>SECRETARI:</strong> Adrià del Val </p>



<p><strong>VOCALS:</strong> Esther Páez i Soledad Pérez de Burgos</p>



<p class="has-white-color has-text-color has-background has-link-color has-medium-font-size wp-elements-8012ecb5c7c87c1fce7547aaf9b8caaa" style="background-color:#6aa2a7"><strong>EQUIP PSICOPEDAGÒGIC</strong></p>



<p>M. Carmen Vargas, Laura Aranda i Georgina Eixarch</p>



<p class="has-white-color has-ast-global-color-0-background-color has-text-color has-background has-link-color has-medium-font-size wp-elements-f112629473183e38e212ff5a3b392663"><strong>TUTORIES</strong></p>



<div class="wp-block-columns is-layout-flex wp-container-core-columns-is-layout-1 wp-block-columns-is-layout-flex" style="padding-top:0;padding-bottom:0">
<div class="wp-block-column is-layout-flow wp-block-column-is-layout-flow" style="padding-top:var(--wp--preset--spacing--50);padding-bottom:var(--wp--preset--spacing--50)">
<p><strong>EDUCACIÓ INFANTIL</strong></p>



<p><strong><strong>I3</strong>: </strong>Natàlia Díaz</p>



<p><strong>I4</strong>: Glòria Guzmán</p>



<p><strong>I5</strong>: Marta Garcia</p>
</div>



<div class="wp-block-column is-layout-flow wp-block-column-is-layout-flow" style="padding-top:var(--wp--preset--spacing--50);padding-bottom:var(--wp--preset--spacing--50)">
<p><strong>EDUCACIÓ PRIMÀRIA</strong></p>



<p><strong>1r</strong>: Teresa Banús</p>



<p><strong>2n</strong>: Gisela Eixarch</p>



<p><strong>3r</strong>: Ignasi Vallespí</p>



<p><strong>4t: </strong>Mireia Ferrés</p>



<p><strong>5è</strong>: Esther Páez</p>



<p><strong>6è</strong>: Georgina Eixarch</p>
</div>



<div class="wp-block-column is-layout-flow wp-block-column-is-layout-flow" style="padding-top:var(--wp--preset--spacing--50);padding-bottom:var(--wp--preset--spacing--50)">
<p><strong>EDUCACIÓ SECUNDÀRIA</strong></p>



<p><strong>1r d&#8217;ESO:</strong> Gerard Canals</p>



<p><strong>2n d&#8217;ESO</strong>: Mercè Esteban</p>



<p><strong>3r d&#8217;ESO</strong>: Adrià del Val</p>



<p><strong>4t d&#8217;ESO</strong>: Miquel Rico</p>
</div>
</div>



<p class="has-white-color has-text-color has-background has-link-color wp-elements-325714f02e9b5b1be67d154a8d5980cf" style="background-color:#40bdba"><strong>ESPECIALISTES</strong></p>



<p><strong>LLENGÜES:</strong> Mercè Esteban, Juan Carlos Reigosa, Janet Pinedo i Soledad Pérez de Burgos</p>



<p><strong>LLENGÜES ESTRANGERES:</strong> Sònia Huerva, Marta García, Mercè Esteban, Rut Martínez i Elena Kostyuk</p>



<p><strong>MÚSICA:</strong> Anna Canals i Esther Páez</p>



<p><strong>EDUCACIÓ FÍSICA:</strong> Glòria Guzmán, Gisela Eixarch, Ignasi Vallespí i Mercè Esteban</p>



<p><strong>CIÈNCIES DE LA NATURALESA: </strong>Adrià del Val</p>



<p><strong>MATEMÀTIQUES:</strong> María Jurado</p>



<p><strong>CIÈNCIES SOCIALS I HUMANES:</strong> Miquel Rico</p>



<p><strong>TECNOLOGIA: </strong>Gerard Canals</p>



<p><strong>COMPETÈNCIA DIGITAL:</strong> Gerard Canals, Anna Canals, Miquel Rico i Ignasi Vallespí</p>



<p><strong>AULA D&#8217;ACOLLIDA:</strong> Sandra Torrent</p>



<p><strong>SECRETARIA:</strong> Lidia Ganduxer i Janet Pinedo</p>



<figure class="wp-block-image size-large"><a href="https://agora.xtec.cat/escolanouclave/wp-content/uploads/usu1363/2025/09/Presentacio-NOU-CLAVE.png"><img loading="lazy" decoding="async" width="1024" height="576" src="https://agora.xtec.cat/escolanouclave/wp-content/uploads/usu1363/2025/09/Presentacio-NOU-CLAVE-1024x576.png" alt="" class="wp-image-11767" srcset="https://agora.xtec.cat/escolanouclave/wp-content/uploads/usu1363/2025/09/Presentacio-NOU-CLAVE-1024x576.png 1024w, https://agora.xtec.cat/escolanouclave/wp-content/uploads/usu1363/2025/09/Presentacio-NOU-CLAVE-300x169.png 300w, https://agora.xtec.cat/escolanouclave/wp-content/uploads/usu1363/2025/09/Presentacio-NOU-CLAVE-768x432.png 768w, https://agora.xtec.cat/escolanouclave/wp-content/uploads/usu1363/2025/09/Presentacio-NOU-CLAVE-1536x864.png 1536w, https://agora.xtec.cat/escolanouclave/wp-content/uploads/usu1363/2025/09/Presentacio-NOU-CLAVE.png 1920w" sizes="auto, (max-width: 1024px) 100vw, 1024px" /></a></figure>

<p>EQUIP DIRECTIU DIRECCIÓ PEDAGÒGICA: Juan Carlos Reigosa CAP D&#8217;ESTUDIS I COORDINACIÓ D&#8217;ESO: María Jurado COORDINACIÓ D&#8217;EDUCACIÓ PRIMÀRIA: Anna Canals COORDINACIÓ D&#8217;EDUCACIÓ INFANTIL: Laura Aranda CONSELL RECTOR PRESIDENT: Miquel Rico SECRETARI: Adrià del Val VOCALS: Esther Páez i Soledad Pérez de Burgos EQUIP PSICOPEDAGÒGIC M. Carmen Vargas, Laura Aranda i Georgina Eixarch TUTORIES EDUCACIÓ INFANTIL I3: [&hellip;]</p>
