{"id":11601,"date":"2025-07-10T12:01:46","date_gmt":"2025-07-10T10:01:46","guid":{"rendered":"https:\/\/agora.xtec.cat\/escolanouclave\/?page_id=11601"},"modified":"2025-09-01T16:58:49","modified_gmt":"2025-09-01T14:58:49","slug":"educacio-secundaria","status":"publish","type":"page","link":"https:\/\/agora.xtec.cat\/escolanouclave\/educacio-secundaria\/","title":{"rendered":"Educaci\u00f3 Secund\u00e0ria"},"content":{"rendered":"\n<p>L\u2019etapa de l\u2019educaci\u00f3 secund\u00e0ria a l\u2019Escola Nou Clav\u00e9 \u00e9s molt m\u00e9s que una continuaci\u00f3 dels aprenentatges: \u00e9s un moment clau per cr\u00e9ixer com a persones cr\u00edtiques, aut\u00f2nomes i compromeses amb el m\u00f3n que les envolta.<\/p>\n\n\n\n<p>Acompanyem l\u2019alumnat en el seu desenvolupament personal, emocional i acad\u00e8mic, oferint una educaci\u00f3 que posa al centre <strong>la igualtat d\u2019oportunitats, la just\u00edcia social, el respecte a la diversitat i la defensa dels drets humans<\/strong>. Promovem una conviv\u00e8ncia basada en el respecte, la col\u00b7laboraci\u00f3 i la resoluci\u00f3 pac\u00edfica de conflictes.<\/p>\n\n\n\n<p>El nostre projecte educatiu integra <strong>el respecte pel medi ambient i la consci\u00e8ncia ecol\u00f2gica<\/strong>, amb accions concretes que connecten l\u2019aprenentatge amb la sostenibilitat i el comprom\u00eds amb el planeta. Tamb\u00e9 donem valor a la <strong>preservaci\u00f3 del patrimoni cultural i natural<\/strong> del nostre entorn, perqu\u00e8 entenem que con\u00e8ixer-lo i estimar-lo \u00e9s la millor manera de protegir-lo.<\/p>\n\n\n\n<p>Apostem per metodologies actives i situacions d\u2019aprenentatge que connecten amb la realitat, fomentant el pensament cr\u00edtic, la creativitat i el treball cooperatiu. Volem que els i les joves siguin protagonistes del seu aprenentatge i que se sentin preparats per afrontar els reptes del futur amb confian\u00e7a i responsabilitat.<\/p>\n\n\n\n<p><\/p>\n","protected":false},"excerpt":{"rendered":"<p>L\u2019etapa de l\u2019educaci\u00f3 secund\u00e0ria a l\u2019Escola Nou Clav\u00e9 \u00e9s molt m\u00e9s que una continuaci\u00f3 dels aprenentatges: \u00e9s un moment clau per cr\u00e9ixer com a persones cr\u00edtiques, aut\u00f2nomes i compromeses amb el m\u00f3n que les envolta. Acompanyem l\u2019alumnat en el seu desenvolupament personal, emocional i acad\u00e8mic, oferint una educaci\u00f3 que posa al centre la igualtat d\u2019oportunitats, [&hellip;]<\/p>\n","protected":false},"author":1,"featured_media":0,"parent":0,"menu_order":0,"comment_status":"closed","ping_status":"close","template":"","meta":{"_bbp_topic_count":0,"_bbp_reply_count":0,"_bbp_total_topic_count":0,"_bbp_total_reply_count":0,"_bbp_voice_count":0,"_bbp_anonymous_reply_count":0,"_bbp_topic_count_hidden":0,"_bbp_reply_count_hidden":0,"_bbp_forum_subforum_count":0,"site-sidebar-layout":"default","site-content-layout":"","ast-site-content-layout":"default","site-content-style":"default","site-sidebar-style":"default","ast-global-header-display":"","ast-banner-title-visibility":"","ast-main-header-display":"","ast-hfb-above-header-display":"","ast-hfb-below-header-display":"","ast-hfb-mobile-header-display":"","site-post-title":"","ast-breadcrumbs-content":"","ast-featured-img":"","footer-sml-layout":"","theme-transparent-header-meta":"","adv-header-id-meta":"","stick-header-meta":"","header-above-stick-meta":"","header-main-stick-meta":"","header-below-stick-meta":"","astra-migrate-meta-layouts":"set","ast-page-background-enabled":"default","ast-page-background-meta":{"desktop":{"background-color":"var(--ast-global-color-4)","background-image":"","background-repeat":"repeat","background-position":"center center","background-size":"auto","background-attachment":"scroll","background-type":"","background-media":"","overlay-type":"","overlay-color":"","overlay-opacity":"","overlay-gradient":""},"tablet":{"background-color":"","background-image":"","background-repeat":"repeat","background-position":"center center","background-size":"auto","background-attachment":"scroll","background-type":"","background-media":"","overlay-type":"","overlay-color":"","overlay-opacity":"","overlay-gradient":""},"mobile":{"background-color":"","background-image":"","background-repeat":"repeat","background-position":"center center","background-size":"auto","background-attachment":"scroll","background-type":"","background-media":"","overlay-type":"","overlay-color":"","overlay-opacity":"","overlay-gradient":""}},"ast-content-background-meta":{"desktop":{"background-color":"var(--ast-global-color-5)","background-image":"","background-repeat":"repeat","background-position":"center center","background-size":"auto","background-attachment":"scroll","background-type":"","background-media":"","overlay-type":"","overlay-color":"","overlay-opacity":"","overlay-gradient":""},"tablet":{"background-color":"var(--ast-global-color-5)","background-image":"","background-repeat":"repeat","background-position":"center center","background-size":"auto","background-attachment":"scroll","background-type":"","background-media":"","overlay-type":"","overlay-color":"","overlay-opacity":"","overlay-gradient":""},"mobile":{"background-color":"var(--ast-global-color-5)","background-image":"","background-repeat":"repeat","background-position":"center center","background-size":"auto","background-attachment":"scroll","background-type":"","background-media":"","overlay-type":"","overlay-color":"","overlay-opacity":"","overlay-gradient":""}},"footnotes":""},"class_list":["post-11601","page","type-page","status-publish","hentry"],"post_mailing_queue_ids":[],"_links":{"self":[{"href":"https:\/\/agora.xtec.cat\/escolanouclave\/wp-json\/wp\/v2\/pages\/11601","targetHints":{"allow":["GET"]}}],"collection":[{"href":"https:\/\/agora.xtec.cat\/escolanouclave\/wp-json\/wp\/v2\/pages"}],"about":[{"href":"https:\/\/agora.xtec.cat\/escolanouclave\/wp-json\/wp\/v2\/types\/page"}],"author":[{"embeddable":true,"href":"https:\/\/agora.xtec.cat\/escolanouclave\/wp-json\/wp\/v2\/users\/1"}],"replies":[{"embeddable":true,"href":"https:\/\/agora.xtec.cat\/escolanouclave\/wp-json\/wp\/v2\/comments?post=11601"}],"version-history":[{"count":3,"href":"https:\/\/agora.xtec.cat\/escolanouclave\/wp-json\/wp\/v2\/pages\/11601\/revisions"}],"predecessor-version":[{"id":11743,"href":"https:\/\/agora.xtec.cat\/escolanouclave\/wp-json\/wp\/v2\/pages\/11601\/revisions\/11743"}],"wp:attachment":[{"href":"https:\/\/agora.xtec.cat\/escolanouclave\/wp-json\/wp\/v2\/media?parent=11601"}],"curies":[{"name":"wp","href":"https:\/\/api.w.org\/{rel}","templated":true}]}}

Educació Secundària

<p>L’etapa de l’educació secundària a l’Escola Nou Clavé és molt més que una continuació dels aprenentatges: és un moment clau per créixer com a persones crítiques, autònomes i compromeses amb el món que les envolta.</p>



<p>Acompanyem l’alumnat en el seu desenvolupament personal, emocional i acadèmic, oferint una educació que posa al centre <strong>la igualtat d’oportunitats, la justícia social, el respecte a la diversitat i la defensa dels drets humans</strong>. Promovem una convivència basada en el respecte, la col·laboració i la resolució pacífica de conflictes.</p>



<p>El nostre projecte educatiu integra <strong>el respecte pel medi ambient i la consciència ecològica</strong>, amb accions concretes que connecten l’aprenentatge amb la sostenibilitat i el compromís amb el planeta. També donem valor a la <strong>preservació del patrimoni cultural i natural</strong> del nostre entorn, perquè entenem que conèixer-lo i estimar-lo és la millor manera de protegir-lo.</p>



<p>Apostem per metodologies actives i situacions d’aprenentatge que connecten amb la realitat, fomentant el pensament crític, la creativitat i el treball cooperatiu. Volem que els i les joves siguin protagonistes del seu aprenentatge i que se sentin preparats per afrontar els reptes del futur amb confiança i responsabilitat.</p>



<p></p>

<p>L’etapa de l’educació secundària a l’Escola Nou Clavé és molt més que una continuació dels aprenentatges: és un moment clau per créixer com a persones crítiques, autònomes i compromeses amb el món que les envolta. Acompanyem l’alumnat en el seu desenvolupament personal, emocional i acadèmic, oferint una educació que posa al centre la igualtat d’oportunitats, [&hellip;]</p>
