{"id":11586,"date":"2025-07-10T11:42:52","date_gmt":"2025-07-10T09:42:52","guid":{"rendered":"https:\/\/agora.xtec.cat\/escolanouclave\/?page_id=11586"},"modified":"2026-01-23T16:19:41","modified_gmt":"2026-01-23T15:19:41","slug":"educacio-infantil","status":"publish","type":"page","link":"https:\/\/agora.xtec.cat\/escolanouclave\/educacio-infantil\/","title":{"rendered":"Educaci\u00f3 Infantil"},"content":{"rendered":"<p data-start=\"217\" data-end=\"562\">A l\u2019etapa d\u2019Educaci\u00f3 Infantil (de 3 a 6 anys), oferim un entorn acollidor, estimulant i segur on cada infant se sent escoltat, valorat i acompanyat en els seus primers anys d\u2019escolaritzaci\u00f3. Entenem que aquesta etapa \u00e9s clau per al desenvolupament emocional, social, motriu i cognitiu dels infants, i per aix\u00f2 posem molta cura en tot el que fem.<\/p>\n<p data-start=\"564\" data-end=\"911\">El nostre dia a dia es construeix a partir del joc, l\u2019experimentaci\u00f3, la descoberta i les relacions afectives. A trav\u00e9s d\u2019activitats vivencials i significatives, afavorim l\u2019aprenentatge actiu i l\u2019autonomia personal. Ens agrada veure com cada nen i cada nena creix al seu ritme, desenvolupant les seves capacitats i guanyant confian\u00e7a en si mateix.<\/p>\n<p data-start=\"913\" data-end=\"1197\">Treballem en un ambient ric en est\u00edmuls, amb espais pensats per aprendre jugant: ambients d\u2019aprenentatge, racons, tallers, projectes, m\u00fasica, psicomotricitat, llenguatge oral i pl\u00e0stic, entre d\u2019altres. Donem molta import\u00e0ncia a les emocions, a la conviv\u00e8ncia i a l\u2019educaci\u00f3 en valors.<\/p>\n<p data-start=\"1199\" data-end=\"1367\">Fam\u00edlia i escola anem de la m\u00e0: mantenim una comunicaci\u00f3 fluida i participativa, perqu\u00e8 compartim el mateix objectiu: el benestar i el bon desenvolupament dels infants.<\/p>\n<p data-start=\"1369\" data-end=\"1529\">A l\u2019Escola Nou Clav\u00e9, eduquem amb tendresa, respecte i il\u00b7lusi\u00f3 perqu\u00e8 cada nen i cada nena visqui l\u2019escola com un lloc on se sent estimat, escoltat i feli\u00e7.<\/p>\n<p data-start=\"1531\" data-end=\"1560\"><strong data-start=\"1531\" data-end=\"1560\">Comencem a cr\u00e9ixer junts!<\/strong><\/p>\n\n\n<div class=\"wp-block-getwid-images-slider has-arrows-inside has-dots-inside has-images-center\"><div class=\"wp-block-getwid-images-slider__wrapper\" data-effect=\"slide\" data-slides-show=\"1\" data-slides-show-laptop=\"1\" data-slides-show-tablet=\"1\" data-slides-show-mobile=\"1\" data-slides-scroll=\"1\" data-autoplay=\"false\" data-pause-hover=\"false\" data-autoplay-speed=\"6000\" data-infinite=\"true\" data-animation-speed=\"800\" data-center-mode=\"false\" data-variable-width=\"false\" data-arrows=\"inside\" data-dots=\"inside\" data-spacing=\"none\"><div class=\"wp-block-getwid-images-slider__item\"><figure><img loading=\"lazy\" decoding=\"async\" width=\"1024\" height=\"773\" src=\"https:\/\/agora.xtec.cat\/escolanouclave\/wp-content\/uploads\/usu1363\/2026\/01\/IMG_1260-1-2-scaled-e1769181508793-1024x773.jpg\" alt=\"\" data-id=\"12028\" data-link=\"https:\/\/agora.xtec.cat\/escolanouclave\/educacio-infantil\/attachment\/img_1260-1-2\/\" data-original-link=\"https:\/\/agora.xtec.cat\/escolanouclave\/wp-content\/uploads\/usu1363\/2026\/01\/IMG_1260-1-2-scaled-e1769181508793.jpg\" class=\"wp-block-getwid-images-slider__image wp-image-12028\" srcset=\"https:\/\/agora.xtec.cat\/escolanouclave\/wp-content\/uploads\/usu1363\/2026\/01\/IMG_1260-1-2-scaled-e1769181508793-1024x773.jpg 1024w, https:\/\/agora.xtec.cat\/escolanouclave\/wp-content\/uploads\/usu1363\/2026\/01\/IMG_1260-1-2-scaled-e1769181508793-300x227.jpg 300w, https:\/\/agora.xtec.cat\/escolanouclave\/wp-content\/uploads\/usu1363\/2026\/01\/IMG_1260-1-2-scaled-e1769181508793-768x580.jpg 768w, https:\/\/agora.xtec.cat\/escolanouclave\/wp-content\/uploads\/usu1363\/2026\/01\/IMG_1260-1-2-scaled-e1769181508793-1536x1160.jpg 1536w, https:\/\/agora.xtec.cat\/escolanouclave\/wp-content\/uploads\/usu1363\/2026\/01\/IMG_1260-1-2-scaled-e1769181508793.jpg 1920w\" sizes=\"auto, (max-width: 1024px) 100vw, 1024px\" \/><\/figure><\/div><div class=\"wp-block-getwid-images-slider__item\"><figure><img loading=\"lazy\" decoding=\"async\" width=\"1024\" height=\"768\" src=\"https:\/\/agora.xtec.cat\/escolanouclave\/wp-content\/uploads\/usu1363\/2026\/01\/IMG_1295-1024x768.jpg\" alt=\"\" data-id=\"12020\" data-link=\"https:\/\/agora.xtec.cat\/escolanouclave\/educacio-infantil\/attachment\/img_1295\/\" data-original-link=\"https:\/\/agora.xtec.cat\/escolanouclave\/wp-content\/uploads\/usu1363\/2026\/01\/IMG_1295-scaled.jpg\" class=\"wp-block-getwid-images-slider__image wp-image-12020\" srcset=\"https:\/\/agora.xtec.cat\/escolanouclave\/wp-content\/uploads\/usu1363\/2026\/01\/IMG_1295-1024x768.jpg 1024w, https:\/\/agora.xtec.cat\/escolanouclave\/wp-content\/uploads\/usu1363\/2026\/01\/IMG_1295-300x225.jpg 300w, https:\/\/agora.xtec.cat\/escolanouclave\/wp-content\/uploads\/usu1363\/2026\/01\/IMG_1295-768x576.jpg 768w, https:\/\/agora.xtec.cat\/escolanouclave\/wp-content\/uploads\/usu1363\/2026\/01\/IMG_1295-1536x1152.jpg 1536w, https:\/\/agora.xtec.cat\/escolanouclave\/wp-content\/uploads\/usu1363\/2026\/01\/IMG_1295-2048x1536.jpg 2048w\" sizes=\"auto, (max-width: 1024px) 100vw, 1024px\" \/><\/figure><\/div><div class=\"wp-block-getwid-images-slider__item\"><figure><img loading=\"lazy\" decoding=\"async\" width=\"1024\" height=\"768\" src=\"https:\/\/agora.xtec.cat\/escolanouclave\/wp-content\/uploads\/usu1363\/2026\/01\/IMG_1229-1024x768.jpg\" alt=\"\" data-id=\"12021\" data-link=\"https:\/\/agora.xtec.cat\/escolanouclave\/educacio-infantil\/attachment\/img_1229\/\" data-original-link=\"https:\/\/agora.xtec.cat\/escolanouclave\/wp-content\/uploads\/usu1363\/2026\/01\/IMG_1229-scaled.jpg\" class=\"wp-block-getwid-images-slider__image wp-image-12021\" srcset=\"https:\/\/agora.xtec.cat\/escolanouclave\/wp-content\/uploads\/usu1363\/2026\/01\/IMG_1229-1024x768.jpg 1024w, https:\/\/agora.xtec.cat\/escolanouclave\/wp-content\/uploads\/usu1363\/2026\/01\/IMG_1229-300x225.jpg 300w, https:\/\/agora.xtec.cat\/escolanouclave\/wp-content\/uploads\/usu1363\/2026\/01\/IMG_1229-768x576.jpg 768w, https:\/\/agora.xtec.cat\/escolanouclave\/wp-content\/uploads\/usu1363\/2026\/01\/IMG_1229-1536x1152.jpg 1536w, https:\/\/agora.xtec.cat\/escolanouclave\/wp-content\/uploads\/usu1363\/2026\/01\/IMG_1229-2048x1536.jpg 2048w\" sizes=\"auto, (max-width: 1024px) 100vw, 1024px\" \/><\/figure><\/div><div class=\"wp-block-getwid-images-slider__item\"><figure><img loading=\"lazy\" decoding=\"async\" width=\"1024\" height=\"768\" src=\"https:\/\/agora.xtec.cat\/escolanouclave\/wp-content\/uploads\/usu1363\/2026\/01\/IMG_1339-1024x768.jpg\" alt=\"\" data-id=\"12022\" data-link=\"https:\/\/agora.xtec.cat\/escolanouclave\/educacio-infantil\/attachment\/img_1339\/\" data-original-link=\"https:\/\/agora.xtec.cat\/escolanouclave\/wp-content\/uploads\/usu1363\/2026\/01\/IMG_1339-scaled.jpg\" class=\"wp-block-getwid-images-slider__image wp-image-12022\" srcset=\"https:\/\/agora.xtec.cat\/escolanouclave\/wp-content\/uploads\/usu1363\/2026\/01\/IMG_1339-1024x768.jpg 1024w, https:\/\/agora.xtec.cat\/escolanouclave\/wp-content\/uploads\/usu1363\/2026\/01\/IMG_1339-300x225.jpg 300w, https:\/\/agora.xtec.cat\/escolanouclave\/wp-content\/uploads\/usu1363\/2026\/01\/IMG_1339-768x576.jpg 768w, https:\/\/agora.xtec.cat\/escolanouclave\/wp-content\/uploads\/usu1363\/2026\/01\/IMG_1339-1536x1152.jpg 1536w, https:\/\/agora.xtec.cat\/escolanouclave\/wp-content\/uploads\/usu1363\/2026\/01\/IMG_1339-2048x1536.jpg 2048w\" sizes=\"auto, (max-width: 1024px) 100vw, 1024px\" \/><\/figure><\/div><div class=\"wp-block-getwid-images-slider__item\"><figure><img loading=\"lazy\" decoding=\"async\" width=\"1024\" height=\"828\" src=\"https:\/\/agora.xtec.cat\/escolanouclave\/wp-content\/uploads\/usu1363\/2026\/01\/IMG_1618-scaled-e1769181406737-1024x828.jpg\" alt=\"\" data-id=\"12023\" data-link=\"https:\/\/agora.xtec.cat\/escolanouclave\/educacio-infantil\/attachment\/img_1618\/\" data-original-link=\"https:\/\/agora.xtec.cat\/escolanouclave\/wp-content\/uploads\/usu1363\/2026\/01\/IMG_1618-scaled-e1769181406737.jpg\" class=\"wp-block-getwid-images-slider__image wp-image-12023\" srcset=\"https:\/\/agora.xtec.cat\/escolanouclave\/wp-content\/uploads\/usu1363\/2026\/01\/IMG_1618-scaled-e1769181406737-1024x828.jpg 1024w, https:\/\/agora.xtec.cat\/escolanouclave\/wp-content\/uploads\/usu1363\/2026\/01\/IMG_1618-scaled-e1769181406737-300x243.jpg 300w, https:\/\/agora.xtec.cat\/escolanouclave\/wp-content\/uploads\/usu1363\/2026\/01\/IMG_1618-scaled-e1769181406737-768x621.jpg 768w, https:\/\/agora.xtec.cat\/escolanouclave\/wp-content\/uploads\/usu1363\/2026\/01\/IMG_1618-scaled-e1769181406737-1536x1242.jpg 1536w, https:\/\/agora.xtec.cat\/escolanouclave\/wp-content\/uploads\/usu1363\/2026\/01\/IMG_1618-scaled-e1769181406737.jpg 1920w\" sizes=\"auto, (max-width: 1024px) 100vw, 1024px\" \/><\/figure><\/div><div class=\"wp-block-getwid-images-slider__item\"><figure><img loading=\"lazy\" decoding=\"async\" width=\"1024\" height=\"768\" src=\"https:\/\/agora.xtec.cat\/escolanouclave\/wp-content\/uploads\/usu1363\/2026\/01\/IMG_1606-1024x768.jpg\" alt=\"\" data-id=\"12024\" data-link=\"https:\/\/agora.xtec.cat\/escolanouclave\/educacio-infantil\/attachment\/img_1606\/\" data-original-link=\"https:\/\/agora.xtec.cat\/escolanouclave\/wp-content\/uploads\/usu1363\/2026\/01\/IMG_1606-scaled.jpg\" class=\"wp-block-getwid-images-slider__image wp-image-12024\" srcset=\"https:\/\/agora.xtec.cat\/escolanouclave\/wp-content\/uploads\/usu1363\/2026\/01\/IMG_1606-1024x768.jpg 1024w, https:\/\/agora.xtec.cat\/escolanouclave\/wp-content\/uploads\/usu1363\/2026\/01\/IMG_1606-300x225.jpg 300w, https:\/\/agora.xtec.cat\/escolanouclave\/wp-content\/uploads\/usu1363\/2026\/01\/IMG_1606-768x576.jpg 768w, https:\/\/agora.xtec.cat\/escolanouclave\/wp-content\/uploads\/usu1363\/2026\/01\/IMG_1606-1536x1152.jpg 1536w, https:\/\/agora.xtec.cat\/escolanouclave\/wp-content\/uploads\/usu1363\/2026\/01\/IMG_1606-2048x1536.jpg 2048w\" sizes=\"auto, (max-width: 1024px) 100vw, 1024px\" \/><\/figure><\/div><div class=\"wp-block-getwid-images-slider__item\"><figure><img loading=\"lazy\" decoding=\"async\" width=\"1024\" height=\"753\" src=\"https:\/\/agora.xtec.cat\/escolanouclave\/wp-content\/uploads\/usu1363\/2026\/01\/IMG_1263-scaled-e1769181362491-1024x753.jpg\" alt=\"\" data-id=\"12025\" data-link=\"https:\/\/agora.xtec.cat\/escolanouclave\/educacio-infantil\/attachment\/img_1263\/\" data-original-link=\"https:\/\/agora.xtec.cat\/escolanouclave\/wp-content\/uploads\/usu1363\/2026\/01\/IMG_1263-scaled-e1769181362491.jpg\" class=\"wp-block-getwid-images-slider__image wp-image-12025\" srcset=\"https:\/\/agora.xtec.cat\/escolanouclave\/wp-content\/uploads\/usu1363\/2026\/01\/IMG_1263-scaled-e1769181362491-1024x753.jpg 1024w, https:\/\/agora.xtec.cat\/escolanouclave\/wp-content\/uploads\/usu1363\/2026\/01\/IMG_1263-scaled-e1769181362491-300x220.jpg 300w, https:\/\/agora.xtec.cat\/escolanouclave\/wp-content\/uploads\/usu1363\/2026\/01\/IMG_1263-scaled-e1769181362491-768x564.jpg 768w, https:\/\/agora.xtec.cat\/escolanouclave\/wp-content\/uploads\/usu1363\/2026\/01\/IMG_1263-scaled-e1769181362491-1536x1129.jpg 1536w, https:\/\/agora.xtec.cat\/escolanouclave\/wp-content\/uploads\/usu1363\/2026\/01\/IMG_1263-scaled-e1769181362491-2048x1505.jpg 2048w\" sizes=\"auto, (max-width: 1024px) 100vw, 1024px\" \/><\/figure><\/div><\/div><\/div>\n","protected":false},"excerpt":{"rendered":"<p>A l\u2019etapa d\u2019Educaci\u00f3 Infantil (de 3 a 6 anys), oferim un entorn acollidor, estimulant i segur on cada infant se sent escoltat, valorat i acompanyat en els seus primers anys d\u2019escolaritzaci\u00f3. Entenem que aquesta etapa \u00e9s clau per al desenvolupament emocional, social, motriu i cognitiu dels infants, i per aix\u00f2 posem molta cura en tot [&hellip;]<\/p>\n","protected":false},"author":1,"featured_media":0,"parent":0,"menu_order":0,"comment_status":"closed","ping_status":"closed","template":"","meta":{"_bbp_topic_count":0,"_bbp_reply_count":0,"_bbp_total_topic_count":0,"_bbp_total_reply_count":0,"_bbp_voice_count":0,"_bbp_anonymous_reply_count":0,"_bbp_topic_count_hidden":0,"_bbp_reply_count_hidden":0,"_bbp_forum_subforum_count":0,"site-sidebar-layout":"default","site-content-layout":"","ast-site-content-layout":"default","site-content-style":"default","site-sidebar-style":"default","ast-global-header-display":"","ast-banner-title-visibility":"","ast-main-header-display":"","ast-hfb-above-header-display":"","ast-hfb-below-header-display":"","ast-hfb-mobile-header-display":"","site-post-title":"","ast-breadcrumbs-content":"","ast-featured-img":"","footer-sml-layout":"","theme-transparent-header-meta":"default","adv-header-id-meta":"","stick-header-meta":"","header-above-stick-meta":"","header-main-stick-meta":"","header-below-stick-meta":"","astra-migrate-meta-layouts":"set","ast-page-background-enabled":"default","ast-page-background-meta":{"desktop":{"background-color":"var(--ast-global-color-4)","background-image":"","background-repeat":"repeat","background-position":"center center","background-size":"auto","background-attachment":"scroll","background-type":"","background-media":"","overlay-type":"","overlay-color":"","overlay-opacity":"","overlay-gradient":""},"tablet":{"background-color":"","background-image":"","background-repeat":"repeat","background-position":"center center","background-size":"auto","background-attachment":"scroll","background-type":"","background-media":"","overlay-type":"","overlay-color":"","overlay-opacity":"","overlay-gradient":""},"mobile":{"background-color":"","background-image":"","background-repeat":"repeat","background-position":"center center","background-size":"auto","background-attachment":"scroll","background-type":"","background-media":"","overlay-type":"","overlay-color":"","overlay-opacity":"","overlay-gradient":""}},"ast-content-background-meta":{"desktop":{"background-color":"var(--ast-global-color-5)","background-image":"","background-repeat":"repeat","background-position":"center center","background-size":"auto","background-attachment":"scroll","background-type":"","background-media":"","overlay-type":"","overlay-color":"","overlay-opacity":"","overlay-gradient":""},"tablet":{"background-color":"var(--ast-global-color-5)","background-image":"","background-repeat":"repeat","background-position":"center center","background-size":"auto","background-attachment":"scroll","background-type":"","background-media":"","overlay-type":"","overlay-color":"","overlay-opacity":"","overlay-gradient":""},"mobile":{"background-color":"var(--ast-global-color-5)","background-image":"","background-repeat":"repeat","background-position":"center center","background-size":"auto","background-attachment":"scroll","background-type":"","background-media":"","overlay-type":"","overlay-color":"","overlay-opacity":"","overlay-gradient":""}},"footnotes":""},"class_list":["post-11586","page","type-page","status-publish","hentry"],"post_mailing_queue_ids":[],"_links":{"self":[{"href":"https:\/\/agora.xtec.cat\/escolanouclave\/wp-json\/wp\/v2\/pages\/11586","targetHints":{"allow":["GET"]}}],"collection":[{"href":"https:\/\/agora.xtec.cat\/escolanouclave\/wp-json\/wp\/v2\/pages"}],"about":[{"href":"https:\/\/agora.xtec.cat\/escolanouclave\/wp-json\/wp\/v2\/types\/page"}],"author":[{"embeddable":true,"href":"https:\/\/agora.xtec.cat\/escolanouclave\/wp-json\/wp\/v2\/users\/1"}],"replies":[{"embeddable":true,"href":"https:\/\/agora.xtec.cat\/escolanouclave\/wp-json\/wp\/v2\/comments?post=11586"}],"version-history":[{"count":6,"href":"https:\/\/agora.xtec.cat\/escolanouclave\/wp-json\/wp\/v2\/pages\/11586\/revisions"}],"predecessor-version":[{"id":12029,"href":"https:\/\/agora.xtec.cat\/escolanouclave\/wp-json\/wp\/v2\/pages\/11586\/revisions\/12029"}],"wp:attachment":[{"href":"https:\/\/agora.xtec.cat\/escolanouclave\/wp-json\/wp\/v2\/media?parent=11586"}],"curies":[{"name":"wp","href":"https:\/\/api.w.org\/{rel}","templated":true}]}}