{"id":11574,"date":"2025-07-10T11:15:46","date_gmt":"2025-07-10T09:15:46","guid":{"rendered":"https:\/\/agora.xtec.cat\/escolanouclave\/?page_id=11574"},"modified":"2025-09-01T12:40:15","modified_gmt":"2025-09-01T10:40:15","slug":"lescola-2","status":"publish","type":"page","link":"https:\/\/agora.xtec.cat\/escolanouclave\/lescola-2\/","title":{"rendered":"L&#8217;escola"},"content":{"rendered":"<p>A l\u2019Escola Nou Clav\u00e9 som una comunitat educativa compromesa amb l\u2019educaci\u00f3 integral dels infants, amb m\u00e9s de 40 anys d\u2019hist\u00f2ria al servei de les fam\u00edlies de Mollet del Vall\u00e8s. Som una escola concertada, catalana, inclusiva i arrelada al nostre entorn.<\/p>\n<p>Creiem en una educaci\u00f3 que posa l\u2019infant al centre, que fomenta valors com el respecte, la cooperaci\u00f3, l\u2019autonomia i la creativitat. Treballem perqu\u00e8 els nostres alumnes esdevinguin persones competents, cr\u00edtiques i compromeses amb la societat.<\/p>\n<p>El nostre projecte educatiu aposta per metodologies actives, el treball per projectes, la coeducaci\u00f3, la inclusi\u00f3 i l\u2019\u00fas responsable de les noves tecnologies. A m\u00e9s, promovem la conviv\u00e8ncia, la participaci\u00f3 de les fam\u00edlies i el treball en equip entre mestres, alumnes i comunitat.<\/p>\n<p>L\u2019escola disposa d\u2019un entorn acollidor i segur, amb espais adaptats per aprendre, jugar i cr\u00e9ixer. Acompanyem cada infant en el seu proc\u00e9s d\u2019aprenentatge, respectant els seus ritmes i potenciant les seves capacitats.<\/p>\n<p>Us convidem a con\u00e8ixer-nos millor, visitar el nostre centre i formar part d\u2019aquesta gran fam\u00edlia que \u00e9s l\u2019Escola Nou Clav\u00e9.<\/p>\n<p>Educant amb il\u00b7lusi\u00f3, creixent amb valors.<\/p>\n","protected":false},"excerpt":{"rendered":"<p>A l\u2019Escola Nou Clav\u00e9 som una comunitat educativa compromesa amb l\u2019educaci\u00f3 integral dels infants, amb m\u00e9s de 40 anys d\u2019hist\u00f2ria al servei de les fam\u00edlies de Mollet del Vall\u00e8s. Som una escola concertada, catalana, inclusiva i arrelada al nostre entorn. Creiem en una educaci\u00f3 que posa l\u2019infant al centre, que fomenta valors com el respecte, [&hellip;]<\/p>\n","protected":false},"author":1,"featured_media":0,"parent":0,"menu_order":0,"comment_status":"closed","ping_status":"closed","template":"","meta":{"_bbp_topic_count":0,"_bbp_reply_count":0,"_bbp_total_topic_count":0,"_bbp_total_reply_count":0,"_bbp_voice_count":0,"_bbp_anonymous_reply_count":0,"_bbp_topic_count_hidden":0,"_bbp_reply_count_hidden":0,"_bbp_forum_subforum_count":0,"site-sidebar-layout":"default","site-content-layout":"","ast-site-content-layout":"default","site-content-style":"default","site-sidebar-style":"default","ast-global-header-display":"","ast-banner-title-visibility":"","ast-main-header-display":"","ast-hfb-above-header-display":"","ast-hfb-below-header-display":"","ast-hfb-mobile-header-display":"","site-post-title":"","ast-breadcrumbs-content":"","ast-featured-img":"","footer-sml-layout":"","theme-transparent-header-meta":"default","adv-header-id-meta":"","stick-header-meta":"","header-above-stick-meta":"","header-main-stick-meta":"","header-below-stick-meta":"","astra-migrate-meta-layouts":"set","ast-page-background-enabled":"default","ast-page-background-meta":{"desktop":{"background-color":"var(--ast-global-color-4)","background-image":"","background-repeat":"repeat","background-position":"center center","background-size":"auto","background-attachment":"scroll","background-type":"","background-media":"","overlay-type":"","overlay-color":"","overlay-opacity":"","overlay-gradient":""},"tablet":{"background-color":"","background-image":"","background-repeat":"repeat","background-position":"center center","background-size":"auto","background-attachment":"scroll","background-type":"","background-media":"","overlay-type":"","overlay-color":"","overlay-opacity":"","overlay-gradient":""},"mobile":{"background-color":"","background-image":"","background-repeat":"repeat","background-position":"center center","background-size":"auto","background-attachment":"scroll","background-type":"","background-media":"","overlay-type":"","overlay-color":"","overlay-opacity":"","overlay-gradient":""}},"ast-content-background-meta":{"desktop":{"background-color":"var(--ast-global-color-5)","background-image":"","background-repeat":"repeat","background-position":"center center","background-size":"auto","background-attachment":"scroll","background-type":"","background-media":"","overlay-type":"","overlay-color":"","overlay-opacity":"","overlay-gradient":""},"tablet":{"background-color":"var(--ast-global-color-5)","background-image":"","background-repeat":"repeat","background-position":"center center","background-size":"auto","background-attachment":"scroll","background-type":"","background-media":"","overlay-type":"","overlay-color":"","overlay-opacity":"","overlay-gradient":""},"mobile":{"background-color":"var(--ast-global-color-5)","background-image":"","background-repeat":"repeat","background-position":"center center","background-size":"auto","background-attachment":"scroll","background-type":"","background-media":"","overlay-type":"","overlay-color":"","overlay-opacity":"","overlay-gradient":""}},"footnotes":""},"class_list":["post-11574","page","type-page","status-publish","hentry"],"post_mailing_queue_ids":[],"_links":{"self":[{"href":"https:\/\/agora.xtec.cat\/escolanouclave\/wp-json\/wp\/v2\/pages\/11574","targetHints":{"allow":["GET"]}}],"collection":[{"href":"https:\/\/agora.xtec.cat\/escolanouclave\/wp-json\/wp\/v2\/pages"}],"about":[{"href":"https:\/\/agora.xtec.cat\/escolanouclave\/wp-json\/wp\/v2\/types\/page"}],"author":[{"embeddable":true,"href":"https:\/\/agora.xtec.cat\/escolanouclave\/wp-json\/wp\/v2\/users\/1"}],"replies":[{"embeddable":true,"href":"https:\/\/agora.xtec.cat\/escolanouclave\/wp-json\/wp\/v2\/comments?post=11574"}],"version-history":[{"count":6,"href":"https:\/\/agora.xtec.cat\/escolanouclave\/wp-json\/wp\/v2\/pages\/11574\/revisions"}],"predecessor-version":[{"id":11724,"href":"https:\/\/agora.xtec.cat\/escolanouclave\/wp-json\/wp\/v2\/pages\/11574\/revisions\/11724"}],"wp:attachment":[{"href":"https:\/\/agora.xtec.cat\/escolanouclave\/wp-json\/wp\/v2\/media?parent=11574"}],"curies":[{"name":"wp","href":"https:\/\/api.w.org\/{rel}","templated":true}]}}

<p>A l’Escola Nou Clavé som una comunitat educativa compromesa amb l’educació integral dels infants, amb més de 40 anys d’història al servei de les famílies de Mollet del Vallès. Som una escola concertada, catalana, inclusiva i arrelada al nostre entorn.</p>
<p>Creiem en una educació que posa l’infant al centre, que fomenta valors com el respecte, la cooperació, l’autonomia i la creativitat. Treballem perquè els nostres alumnes esdevinguin persones competents, crítiques i compromeses amb la societat.</p>
<p>El nostre projecte educatiu aposta per metodologies actives, el treball per projectes, la coeducació, la inclusió i l’ús responsable de les noves tecnologies. A més, promovem la convivència, la participació de les famílies i el treball en equip entre mestres, alumnes i comunitat.</p>
<p>L’escola disposa d’un entorn acollidor i segur, amb espais adaptats per aprendre, jugar i créixer. Acompanyem cada infant en el seu procés d’aprenentatge, respectant els seus ritmes i potenciant les seves capacitats.</p>
<p>Us convidem a conèixer-nos millor, visitar el nostre centre i formar part d’aquesta gran família que és l’Escola Nou Clavé.</p>
<p>Educant amb il·lusió, creixent amb valors.</p>

<p>A l’Escola Nou Clavé som una comunitat educativa compromesa amb l’educació integral dels infants, amb més de 40 anys d’història al servei de les famílies de Mollet del Vallès. Som una escola concertada, catalana, inclusiva i arrelada al nostre entorn. Creiem en una educació que posa l’infant al centre, que fomenta valors com el respecte, [&hellip;]</p>
