{"id":77,"date":"2014-09-18T14:05:08","date_gmt":"2014-09-18T13:05:08","guid":{"rendered":"http:\/\/agora.xtec.cat\/ceip-nabi\/?page_id=77"},"modified":"2022-02-02T18:32:01","modified_gmt":"2022-02-02T17:32:01","slug":"acollida","status":"publish","type":"page","link":"https:\/\/agora.xtec.cat\/escolanabi\/afa\/acollida\/","title":{"rendered":"Acollida"},"content":{"rendered":"<h2>Qu\u00e8 \u00e9s el servei d\u2019acollida matinal?<\/h2>\n<p>Per tal de facilitar la conciliaci\u00f3 de la vida laboral amb els horaris escolars, l\u2019AFA posa a la vostra disposici\u00f3 un servei d\u2019acollida matinal previ a l\u2019inici de les classes, de de les 8.00 h fins a les 9.00 h, durant tots els dies lectius.<\/p>\n<p>Aquest servei est\u00e0 pensat per a les fam\u00edlies on els pares i mares comencen a treballar molt d\u2019hora al mat\u00ed i necessiten que els nens i les nenes estiguin atesos mentre no comencen les classes, oferint un espai agradable i l\u00fadic. Tamb\u00e9 est\u00e0 pensat per a les fam\u00edlies que necessiten utilitzar aquest servei d\u2019una manera espor\u00e0dica i puntual.<\/p>\n<h2>Com funciona el servei?<\/h2>\n<p>L\u2019entrada al servei d\u2019acollida es fa per la porta de la biblioteca. L\u2019espai destinat per utilitzar el servei \u00e9s la biblioteca de l\u2019escola, un lloc tranquil i agradable on els nens i les nenes poden realitzar les activitats proposades. Per als infants m\u00e9s petits les activitats poden ser jocs de taula, puzles, encaixos contes\u2026 Per als m\u00e9s grans, els escacs, pintura de mandales, llegir, estudiar o fer qualsevol consulta al fons de la biblioteca\u2026<\/p>\n<p><strong>\u2013&gt; Durant el curs 2020-2021, excepcionalment, el servei es realitzar\u00e0 al gimn\u00e0s i l\u2019acc\u00e9s ser\u00e0 per la porta d\u2019emerg\u00e8ncia (al costat del Punt Verd).<\/strong><\/p>\n<p>Les persones responsables d\u2019aquest espai s\u00f3n l\u2019\u00c0ngel i la Lourdes, que tamb\u00e9 s\u00f3n monitors del servei de menjador i extraescolars.<\/p>\n<p>Per fer \u00fas del servei d\u2019acollida, nom\u00e9s cal adre\u00e7ar-se directament. Es pot contractar el servei de forma mensual, o b\u00e9 adquirir un abonament. Tamb\u00e9 \u00e9s possible anar dies espor\u00e0dics, sense inscripci\u00f3 pr\u00e8via.<\/p>\n<p><strong>Els preus del servei d\u2019acollida per al curs 2020-2021 s\u00f3n els seg\u00fcents:<\/strong><\/p>\n<p>Quotes mensuals per als alumnes fixos<br \/>\n\u2022 3 dies (o m\u00e9s)\/setmana: 23\u20ac (1 infant) \/ 37\u20ac (2 infants) \/ 56\u20ac (3 infants)<br \/>\n\u2022 2 dies\/setmana: 18\u20ac (1 infant) \/ 29\u20ac (2 infants) \/ 43\u20ac(3 infants)<br \/>\n\u2022 1 dia\/setmana: 11\u20ac (1 infant) \/ 18\u20ac (2 infants) \/ 27\u20ac (3 infants)<\/p>\n<p>Els infants que fan servir el servei de manera fixa faran el pagament mitjan\u00e7ant el rebut mensual de l\u2019AFA.<\/p>\n<p><strong>Preus des serveis espor\u00e0dics:<\/strong><\/p>\n<p>\u2022 Abonament 25 serveis: 58,90\u20ac<br \/>\n\u2022 Abonament 10 serveis: 30,00\u20ac<br \/>\n\u2022 1 dia espor\u00e0dic: 5,00\u20ac<\/p>\n<p>Per a m\u00e9s informaci\u00f3 podeu contactar amb la Secretaria de l\u2019AFA (<a href=\"mailto:afa@nabi.cat\">afa@nabi.cat<\/a>).<\/p>\n","protected":false},"excerpt":{"rendered":"<p>Qu\u00e8 \u00e9s el servei d\u2019acollida matinal?<br \/>\nPer tal de facilitar la conciliaci\u00f3 de la vida laboral amb els horaris escolars, l\u2019AFA posa a la vostra disposici\u00f3 un servei d\u2019acollida matinal previ a l\u2019inici de les classes, de de les 8.00 h fins a les 9.00 h,&hellip;  <a href=\"https:\/\/agora.xtec.cat\/escolanabi\/afa\/acollida\/\" title=\"Read Acollida\">Llegeix m\u00e9s\u00bb<\/a><\/p>\n","protected":false},"author":1,"featured_media":0,"parent":489800,"menu_order":20,"comment_status":"closed","ping_status":"closed","template":"","meta":{"_bbp_topic_count":0,"_bbp_reply_count":0,"_bbp_total_topic_count":0,"_bbp_total_reply_count":0,"_bbp_voice_count":0,"_bbp_anonymous_reply_count":0,"_bbp_topic_count_hidden":0,"_bbp_reply_count_hidden":0,"_bbp_forum_subforum_count":0,"footnotes":""},"class_list":["post-77","page","type-page","status-publish","hentry"],"post_mailing_queue_ids":[],"_links":{"self":[{"href":"https:\/\/agora.xtec.cat\/escolanabi\/wp-json\/wp\/v2\/pages\/77","targetHints":{"allow":["GET"]}}],"collection":[{"href":"https:\/\/agora.xtec.cat\/escolanabi\/wp-json\/wp\/v2\/pages"}],"about":[{"href":"https:\/\/agora.xtec.cat\/escolanabi\/wp-json\/wp\/v2\/types\/page"}],"author":[{"embeddable":true,"href":"https:\/\/agora.xtec.cat\/escolanabi\/wp-json\/wp\/v2\/users\/1"}],"replies":[{"embeddable":true,"href":"https:\/\/agora.xtec.cat\/escolanabi\/wp-json\/wp\/v2\/comments?post=77"}],"version-history":[{"count":3,"href":"https:\/\/agora.xtec.cat\/escolanabi\/wp-json\/wp\/v2\/pages\/77\/revisions"}],"predecessor-version":[{"id":490268,"href":"https:\/\/agora.xtec.cat\/escolanabi\/wp-json\/wp\/v2\/pages\/77\/revisions\/490268"}],"up":[{"embeddable":true,"href":"https:\/\/agora.xtec.cat\/escolanabi\/wp-json\/wp\/v2\/pages\/489800"}],"wp:attachment":[{"href":"https:\/\/agora.xtec.cat\/escolanabi\/wp-json\/wp\/v2\/media?parent=77"}],"curies":[{"name":"wp","href":"https:\/\/api.w.org\/{rel}","templated":true}]}}