{"id":81,"date":"2020-06-05T10:00:05","date_gmt":"2020-06-05T08:00:05","guid":{"rendered":"http:\/\/agora.xtec.cat\/escolamusicalinyola\/?page_id=81"},"modified":"2020-06-05T12:20:43","modified_gmt":"2020-06-05T10:20:43","slug":"secretaria","status":"publish","type":"page","link":"https:\/\/agora.xtec.cat\/escolamusicalinyola\/secretaria\/","title":{"rendered":"Secretaria"},"content":{"rendered":"<p>En aquesta secci\u00f3 podreu consultar els articles que facin refer\u00e8ncia a tr\u00e0mits administratius tals com la preinscripci\u00f3 i matr\u00edcula al centre, entre d&#8217;altres.<\/p>\n<p>&nbsp;<\/p>\n","protected":false},"excerpt":{"rendered":"<p>En aquesta secci\u00f3 podreu consultar els articles que facin refer\u00e8ncia a tr\u00e0mits administratius tals com la preinscripci\u00f3 i matr\u00edcula al centre, entre d&#8217;altres.<br \/>\n&nbsp;<\/p>\n","protected":false},"author":1,"featured_media":0,"parent":0,"menu_order":0,"comment_status":"closed","ping_status":"closed","template":"page-templates\/side-menu.php","meta":{"_bbp_topic_count":0,"_bbp_reply_count":0,"_bbp_total_topic_count":0,"_bbp_total_reply_count":0,"_bbp_voice_count":0,"_bbp_anonymous_reply_count":0,"_bbp_topic_count_hidden":0,"_bbp_reply_count_hidden":0,"_bbp_forum_subforum_count":0,"footnotes":""},"class_list":["post-81","page","type-page","status-publish","hentry"],"post_mailing_queue_ids":[],"_links":{"self":[{"href":"https:\/\/agora.xtec.cat\/escolamusicalinyola\/wp-json\/wp\/v2\/pages\/81","targetHints":{"allow":["GET"]}}],"collection":[{"href":"https:\/\/agora.xtec.cat\/escolamusicalinyola\/wp-json\/wp\/v2\/pages"}],"about":[{"href":"https:\/\/agora.xtec.cat\/escolamusicalinyola\/wp-json\/wp\/v2\/types\/page"}],"author":[{"embeddable":true,"href":"https:\/\/agora.xtec.cat\/escolamusicalinyola\/wp-json\/wp\/v2\/users\/1"}],"replies":[{"embeddable":true,"href":"https:\/\/agora.xtec.cat\/escolamusicalinyola\/wp-json\/wp\/v2\/comments?post=81"}],"version-history":[{"count":2,"href":"https:\/\/agora.xtec.cat\/escolamusicalinyola\/wp-json\/wp\/v2\/pages\/81\/revisions"}],"predecessor-version":[{"id":718,"href":"https:\/\/agora.xtec.cat\/escolamusicalinyola\/wp-json\/wp\/v2\/pages\/81\/revisions\/718"}],"wp:attachment":[{"href":"https:\/\/agora.xtec.cat\/escolamusicalinyola\/wp-json\/wp\/v2\/media?parent=81"}],"curies":[{"name":"wp","href":"https:\/\/api.w.org\/{rel}","templated":true}]}}