{"id":195,"date":"2020-06-05T10:00:39","date_gmt":"2020-06-05T08:00:39","guid":{"rendered":"http:\/\/agora.xtec.cat\/escolamusicalinyola\/?page_id=195"},"modified":"2025-10-25T11:14:17","modified_gmt":"2025-10-25T09:14:17","slug":"estudis","status":"publish","type":"page","link":"https:\/\/agora.xtec.cat\/escolamusicalinyola\/estudis\/","title":{"rendered":"Estudis"},"content":{"rendered":"<p data-start=\"232\" data-end=\"576\">A l\u2019Escola de M\u00fasica oferim una formaci\u00f3 <strong data-start=\"273\" data-end=\"316\">significativa i adaptada a cada persona<\/strong>, pensada per gaudir i viure la m\u00fasica des de les primeres edats fins a l\u2019adultesa. Els nostres programes no nom\u00e9s introdueixen i desenvolupen habilitats musicals, sin\u00f3 que tamb\u00e9 afavoreixen la creativitat, la pr\u00e0ctica col\u00b7lectiva i l\u2019expressi\u00f3 personal.<\/p>\n<p data-start=\"232\" data-end=\"576\">Els estudis que es puguin cursar en una escola de m\u00fasica no estan reglats i, per tant, no comporten l&#8217;obtenci\u00f3 de t\u00edtols acad\u00e8mics o professionals. Tanmateix, s\u00ed que estan regulats internament i estructurats en nivells i cursos d&#8217;acord amb un pla d&#8217;estudis, i poden contribuir a l&#8217;acc\u00e9s a ensenyaments oficials que s\u00ed que condueixen a un t\u00edtol acad\u00e8mic, el <em>T\u00edtol professional de m\u00fasica impartit en conservatoris.<\/em><\/p>\n<p data-start=\"852\" data-end=\"1112\">A m\u00e9s, les persones que cursen ESO o batxillerat i estudien m\u00fasica amb nosaltres poden sol\u00b7licitar reduccions d\u2019hores lectives a l\u2019institut (m\u00e9s informaci\u00f3 a l\u2019apartat de convalidacions), combinant aix\u00ed la formaci\u00f3 acad\u00e8mica i musical de manera flexible.<\/p>\n","protected":false},"excerpt":{"rendered":"<p>A l\u2019Escola de M\u00fasica oferim una formaci\u00f3 significativa i adaptada a cada persona, pensada per gaudir i viure la m\u00fasica des de les primeres edats fins a l\u2019adultesa. Els nostres programes no nom\u00e9s introdueixen i desenvolupen habilitats musicals, sin\u00f3 que tamb\u00e9 afavoreixen la creativitat, la&hellip;  <a href=\"https:\/\/agora.xtec.cat\/escolamusicalinyola\/estudis\/\" title=\"Read Estudis\">Llegeix m\u00e9s\u00bb<\/a><\/p>\n","protected":false},"author":1,"featured_media":0,"parent":0,"menu_order":0,"comment_status":"closed","ping_status":"closed","template":"page-templates\/side-menu.php","meta":{"_bbp_topic_count":0,"_bbp_reply_count":0,"_bbp_total_topic_count":0,"_bbp_total_reply_count":0,"_bbp_voice_count":0,"_bbp_anonymous_reply_count":0,"_bbp_topic_count_hidden":0,"_bbp_reply_count_hidden":0,"_bbp_forum_subforum_count":0,"footnotes":""},"class_list":["post-195","page","type-page","status-publish","hentry"],"post_mailing_queue_ids":[],"_links":{"self":[{"href":"https:\/\/agora.xtec.cat\/escolamusicalinyola\/wp-json\/wp\/v2\/pages\/195","targetHints":{"allow":["GET"]}}],"collection":[{"href":"https:\/\/agora.xtec.cat\/escolamusicalinyola\/wp-json\/wp\/v2\/pages"}],"about":[{"href":"https:\/\/agora.xtec.cat\/escolamusicalinyola\/wp-json\/wp\/v2\/types\/page"}],"author":[{"embeddable":true,"href":"https:\/\/agora.xtec.cat\/escolamusicalinyola\/wp-json\/wp\/v2\/users\/1"}],"replies":[{"embeddable":true,"href":"https:\/\/agora.xtec.cat\/escolamusicalinyola\/wp-json\/wp\/v2\/comments?post=195"}],"version-history":[{"count":5,"href":"https:\/\/agora.xtec.cat\/escolamusicalinyola\/wp-json\/wp\/v2\/pages\/195\/revisions"}],"predecessor-version":[{"id":2769,"href":"https:\/\/agora.xtec.cat\/escolamusicalinyola\/wp-json\/wp\/v2\/pages\/195\/revisions\/2769"}],"wp:attachment":[{"href":"https:\/\/agora.xtec.cat\/escolamusicalinyola\/wp-json\/wp\/v2\/media?parent=195"}],"curies":[{"name":"wp","href":"https:\/\/api.w.org\/{rel}","templated":true}]}}