{"id":1206,"date":"2021-06-19T13:45:04","date_gmt":"2021-06-19T11:45:04","guid":{"rendered":"https:\/\/agora.xtec.cat\/escolamusicalinyola\/?page_id=1206"},"modified":"2025-10-25T11:32:43","modified_gmt":"2025-10-25T09:32:43","slug":"convalidacions","status":"publish","type":"page","link":"https:\/\/agora.xtec.cat\/escolamusicalinyola\/secretaria\/convalidacions\/","title":{"rendered":"Convalidacions a l&#8217;institut"},"content":{"rendered":"<p>L&#8217;alumnat que cursa ESO i, simult\u00e0niament, estudis en aquesta escola de m\u00fasica pot demanar les seg\u00fcents reduccions d&#8217;hores lectives a l&#8217;institut:<\/p>\n<ul>\n<li><strong style=\"font-family: inherit; font-size: 1em;\"><span class=\"fontstyle0\">Situaci\u00f3 1<\/span><\/strong><span class=\"fontstyle2\" style=\"font-family: inherit; font-size: 1em;\">. Alumnes amb una dedicaci\u00f3 hor\u00e0ria a l&#8217;escola de m\u00fasica <span style=\"text-decoration: underline;\">d&#8217;entre 3 i 4 hores setmanals<\/span>. Se&#8217;ls poden recon\u00e8ixer les mat\u00e8ries seg\u00fcents:<\/span>\n<ul>\n<li><span class=\"fontstyle2\">Les mat\u00e8ries optatives de primer a tercer curs d&#8217;ESO (2 hores setmanals)<\/span><\/li>\n<li>Una mat\u00e8ria optativa de quart curs d&#8217;ESO (fins a un m\u00e0xim de 2 hores setmanals)<\/li>\n<\/ul>\n<\/li>\n<\/ul>\n<p>No es poden recon\u00e8ixer les mat\u00e8ries de <em>Religi\u00f3<\/em> ni el <em>Treball de S\u00edntesi<\/em> (de primer a tercer) ni <em>Educaci\u00f3 en Valors C\u00edvics i \u00c8tics<\/em> ni el <em>Projecte de Recerca<\/em> de quart curs.<\/p>\n<ul>\n<li><strong><span class=\"fontstyle0\">Situaci\u00f3 2<\/span><\/strong><span class=\"fontstyle2\">. Alumnes amb una dedicaci\u00f3 hor\u00e0ria a l&#8217;escola de m\u00fasica <span style=\"text-decoration: underline;\">de m\u00e9s de 4 hores setmanals<\/span>. Se&#8217;ls poden recon\u00e8ixer les mat\u00e8ries seg\u00fcents:<\/span>\n<ul>\n<li><span class=\"fontstyle2\">M\u00fasica (la mat\u00e8ria comuna de primer a tercer curs d&#8217;ESO)<\/span><\/li>\n<li><span class=\"fontstyle2\">Les mat\u00e8ries optatives de primer a tercer curs d&#8217;ESO (2 hores setmanals)<\/span><\/li>\n<li><span class=\"fontstyle2\">Una mat\u00e8ria optativa de quart curs d&#8217;ESO (fins a un m\u00e0xim de 4 hores setmanals)<\/span><\/li>\n<\/ul>\n<\/li>\n<\/ul>\n<p>No es poden recon\u00e8ixer les mat\u00e8ries de <em>Religi\u00f3<\/em> ni el <em>Treball de S\u00edntesi<\/em> (de primer a tercer) ni <em>Educaci\u00f3 en Valors C\u00edvics i \u00c8tics<\/em> ni el <em>Projecte de Recerca<\/em> de quart curs.<\/p>\n<hr \/>\n<p>L&#8217;alumnat que cursa batxillerat i, simult\u00e0niament, estudis en aquesta escola de m\u00fasica, pot demanar la reducci\u00f3 d&#8217;algunes hores lectives a l&#8217;institut sempre que compleixi els seg\u00fcents requisits:<\/p>\n<ol style=\"list-style-type: lower-alpha;\">\n<li>Cursar ensenyaments en alguna de les escoles de m\u00fasica autoritzades, com l&#8217;EMML.<\/li>\n<li><span class=\"fontstyle0\">Haver superat la prova d&#8217;acc\u00e9s als ensenyaments de grau professional de m\u00fasica en un conservatori o en un centre professional.<\/span><\/li>\n<li><span class=\"fontstyle0\">Cursar estudis de m\u00fasica que inclouen, com a m\u00ednim: Llenguatge Musical o Harmonia, Instrument i Pr\u00e0ctica Instrumental en Grup.<\/span><\/li>\n<li><span class=\"fontstyle0\">Una dedicaci\u00f3 hor\u00e0ria a l&#8217;escola de m\u00fasica de 4 hores setmanals o m\u00e9s.<\/span><\/li>\n<\/ol>\n<p>Les mat\u00e8ries que es poden recon\u00e8ixer s\u00f3n les de la franja d&#8217;optatives fins a un m\u00e0xim de 6 hores setmanals a primer de batxillerat (que poden ser de qualsevol de les tres franges optatives i que tenen car\u00e0cter anual) i fins a un m\u00e0xim de 4 hores setmanals a segon de batxillerat.<\/p>\n","protected":false},"excerpt":{"rendered":"<p>L&#8217;alumnat que cursa ESO i, simult\u00e0niament, estudis en aquesta escola de m\u00fasica pot demanar les seg\u00fcents reduccions d&#8217;hores lectives a l&#8217;institut:<\/p>\n<ul>\n<li>Situaci\u00f3 1. Alumnes amb una dedicaci\u00f3 hor\u00e0ria a l&#8217;escola de m\u00fasica d&#8217;entre 3 i 4 hores setmanals. Se&#8217;ls poden recon\u00e8ixer les mat\u00e8ries seg\u00fcents:\n<ul>\n<li>Les mat\u00e8ries optatives&hellip;  <a href=\"https:\/\/agora.xtec.cat\/escolamusicalinyola\/secretaria\/convalidacions\/\" title=\"Read Convalidacions a l&#8217;institut\">Llegeix m\u00e9s\u00bb<\/a><br \/>\n","protected":false},"author":1,"featured_media":0,"parent":81,"menu_order":30,"comment_status":"closed","ping_status":"closed","template":"page-templates\/side-menu.php","meta":{"_bbp_topic_count":0,"_bbp_reply_count":0,"_bbp_total_topic_count":0,"_bbp_total_reply_count":0,"_bbp_voice_count":0,"_bbp_anonymous_reply_count":0,"_bbp_topic_count_hidden":0,"_bbp_reply_count_hidden":0,"_bbp_forum_subforum_count":0,"footnotes":""},"class_list":["post-1206","page","type-page","status-publish","hentry"],"post_mailing_queue_ids":[],"_links":{"self":[{"href":"https:\/\/agora.xtec.cat\/escolamusicalinyola\/wp-json\/wp\/v2\/pages\/1206","targetHints":{"allow":["GET"]}}],"collection":[{"href":"https:\/\/agora.xtec.cat\/escolamusicalinyola\/wp-json\/wp\/v2\/pages"}],"about":[{"href":"https:\/\/agora.xtec.cat\/escolamusicalinyola\/wp-json\/wp\/v2\/types\/page"}],"author":[{"embeddable":true,"href":"https:\/\/agora.xtec.cat\/escolamusicalinyola\/wp-json\/wp\/v2\/users\/1"}],"replies":[{"embeddable":true,"href":"https:\/\/agora.xtec.cat\/escolamusicalinyola\/wp-json\/wp\/v2\/comments?post=1206"}],"version-history":[{"count":5,"href":"https:\/\/agora.xtec.cat\/escolamusicalinyola\/wp-json\/wp\/v2\/pages\/1206\/revisions"}],"predecessor-version":[{"id":2773,"href":"https:\/\/agora.xtec.cat\/escolamusicalinyola\/wp-json\/wp\/v2\/pages\/1206\/revisions\/2773"}],"up":[{"embeddable":true,"href":"https:\/\/agora.xtec.cat\/escolamusicalinyola\/wp-json\/wp\/v2\/pages\/81"}],"wp:attachment":[{"href":"https:\/\/agora.xtec.cat\/escolamusicalinyola\/wp-json\/wp\/v2\/media?parent=1206"}],"curies":[{"name":"wp","href":"https:\/\/api.w.org\/{rel}","templated":true}]}}